000
CXUS56 KBOI 221002
CF6BKE
PRELIMINARY LOCAL CLIMATOLOGICAL DATA (WS FORM: F-6)

                                          STATION:   BAKER OR
                                          MONTH:     SEPTEMBER
                                          YEAR:      2017
                                          LATITUDE:   44 50 N
                                          LONGITUDE: 117 49 W

  TEMPERATURE IN F:       :PCPN:    SNOW:  WIND      :SUNSHINE: SKY     :PK WND
================================================================================
1   2   3   4   5  6A  6B    7    8   9   10  11  12  13   14  15   16   17  18
                                     12Z  AVG MX 2MIN
DY MAX MIN AVG DEP HDD CDD  WTR  SNW DPTH SPD SPD DIR MIN PSBL S-S WX    SPD DR
================================================================================

 1  91  44  68   7   0   3 0.00    M    M  3.1  8 270   M    M   0 8       9 270
 2 102  47  75  15   0  10 0.00    M    M  3.4 13  90   M    M   0        18 100
 3 101  49  75  15   0  10 0.00    M    M  4.6 17 320   M    M   0        24 320
 4  93  50  72  12   0   7 0.00    M    M  3.0  9 280   M    M   0 8      12 290
 5  92  49  71  12   0   6 0.00    M    M  2.1  7 270   M    M   0 8       9 270
 6  88  48  68   9   0   3 0.00    M    M  1.8  7 250   M    M   5 18      7 250
 7  89  49  69  10   0   4    T    M    M  4.4 22 320   M    M  10 138    29 310
 8  88  52  70  12   0   5    T    M    M  4.6 18 280   M    M   5 138    23 290
 9  88  50  69  11   0   4 0.00    M    M  6.1 26 330   M    M   0 18     33 330
10  83  48  66   8   0   1 0.00    M    M  6.4 16 320   M    M   0        22 320
11  91  39  65   8   0   0 0.00    M    M  2.4  9 180   M    M   0         9 200
12  85  44  65   8   0   0    T    M    M  4.5 17 250   M    M   1        23 260
13  85  45  65   8   0   0 0.00    M    M  5.9 18 320   M    M   0 8      27 320
14  64  45  55  -1  10   0    T    M    M 12.1 31 310   M    M   4        39 320
15  68  38  53  -3  12   0 0.00    M    M 15.3 35 310   M    M   0        45 310
16  69  28  49  -7  16   0 0.00    M    M  3.5  8 100   M    M   0        11  20
17  76  42  59   4   6   0 0.00    M    M  9.2 22 100   M    M   3        29 100
18  62  35  49  -6  16   0 0.03    M    M  7.6 26 330   M    M   3 3      32 330
19  60  37  49  -5  16   0 0.01    M    M  5.2 15 220   M    M   6        20 210
20  59  33  46  -8  19   0 0.09    M    M  6.3 20 170   M    M   6 1      24 150
21  57  29  43 -11  22   0 0.00    M    M  8.7 20 310   M    M   5        25 320
================================================================================
SM 1691  901       117  53  0.13    M    120.2          M       48
================================================================================
AV 80.5 42.9                               5.7 FASTST   M    M   2    MAX(MPH)
                                 MISC ---->  # 35 310               # 45  310
================================================================================
NOTES:
# LAST OF SEVERAL OCCURRENCES

COLUMN 17 PEAK WIND IN M.P.H.

PRELIMINARY LOCAL CLIMATOLOGICAL DATA (WS FORM: F-6) , PAGE 2

                                          STATION:  BAKER OR
                                          MONTH:    SEPTEMBER
                                          YEAR:     2017
                                          LATITUDE:   44 50 N
                                          LONGITUDE: 117 49 W

[TEMPERATURE DATA]      [PRECIPITATION DATA]       SYMBOLS USED IN COLUMN 16

AVERAGE MONTHLY: 61.7   TOTAL FOR MONTH:   0.13    1 = FOG OR MIST
DPTR FM NORMAL:   4.4   DPTR FM NORMAL:   -0.27    2 = FOG REDUCING VISIBILITY
HIGHEST:   102 ON  2    GRTST 24HR  0.09 ON 20-20      TO 1/4 MILE OR LESS
LOWEST:     28 ON 16                               3 = THUNDER
                        SNOW, ICE PELLETS, HAIL    4 = ICE PELLETS
                        TOTAL MONTH:    M          5 = HAIL
                        GRTST 24HR    M  ON   M    6 = FREEZING RAIN OR DRIZZLE
                        GRTST DEPTH:  M  ON   M    7 = DUSTSTORM OR SANDSTORM:
                                                       VSBY 1/2 MILE OR LESS
                                                   8 = SMOKE OR HAZE
[NO. OF DAYS WITH]      [WEATHER - DAYS WITH]      9 = BLOWING SNOW
                                                   X = TORNADO
MAX 32 OR BELOW:   0    0.01 INCH OR MORE:   3
MAX 90 OR ABOVE:   6    0.10 INCH OR MORE:   0
MIN 32 OR BELOW:   2    0.50 INCH OR MORE:   0
MIN  0 OR BELOW:   0    1.00 INCH OR MORE:   0

[HDD (BASE 65) ]
TOTAL THIS MO.   117    CLEAR  (SCALE 0-3)  13
DPTR FM NORMAL   -53    PTCLDY (SCALE 4-7)   7
TOTAL FM JUL 1   129    CLOUDY (SCALE 8-10)  1
DPTR FM NORMAL  -192

[CDD (BASE 65) ]
TOTAL THIS MO.    53
DPTR FM NORMAL    46    [PRESSURE DATA]
TOTAL FM JAN 1   357    HIGHEST SLP M ON M
DPTR FM NORMAL   190    LOWEST  SLP 29.61 ON M

[REMARKS]
