000
CXUS53 KILX 292300
CF6BMI
PRELIMINARY LOCAL CLIMATOLOGICAL DATA (WS FORM: F-6)

                                          STATION:   BLOOMINGTON IL AIRPORT
                                          MONTH:     JULY
                                          YEAR:      2015
                                          LATITUDE:   40 28 N
                                          LONGITUDE:  88 56 W

  TEMPERATURE IN F:       :PCPN:    SNOW:  WIND      :SUNSHINE: SKY     :PK WND
================================================================================
1   2   3   4   5  6A  6B    7    8   9   10  11  12  13   14  15   16   17  18
                                     12Z  AVG MX 2MIN
DY MAX MIN AVG DEP HDD CDD  WTR  SNW DPTH SPD SPD DIR MIN PSBL S-S WX    SPD DR
================================================================================

 1  78  60  69   M   0   4 0.00    M    M  8.4 15  50   M    M   4 1       M  M
 2  77  56  67   M   0   2 0.00    M    M 12.4 17  70   M    M   3 1       M  M
 3  80  59  70   M   0   5    T    M    M  7.4 12  50   M    M   1 1       M  M
 4  81  60  71   M   0   6 0.00    M    M  2.9  7 230   M    M   1         M  M
 5  82  62  72   M   0   7 0.00    M    M  6.7 13 190   M    M   1         M  M
 6  87  65  76   M   0  11 0.32    M    M 12.3 24 270   M    M   2 138    33 270
 7  77  56  67   M   0   2 0.89    M    M  9.8 18  40   M    M   6 1       M  M
 8  64  55  60   M   5   0 4.42    M    M  6.6 12 100   M    M   6 1       M  M
 9  71  61  66   M   0   1    T    M    M  6.4 14 300   M    M   7 1       M  M
10  82  60  71   M   0   6    T    M    M  2.7  7  90   M    M   2 12      M  M
11  75  62  69   M   0   4 0.16    M    M  7.6 13 160   M    M   4 13      M  M
12  87  69  78   M   0  13 0.00    M    M  5.9 10  30   M    M   6 1       M  M
13  92  74  83   M   0  18    T    M    M 11.4 20 250   M    M   3        23 240
14  88  65  77   M   0  12 0.00    M    M 12.2 20 350   M    M   1        24 330
15  81  59  70   M   0   5 0.00    M    M  7.1  9  50   M    M   1         M  M
16  82  64  73   M   0   8 0.52  0.0    0 10.9 20 170   M    M   3 13     27 180
17  91  73  82   M   0  17 0.01    M    M 11.4 15 230   M    M   3 13      M  M
18  90  76  83   M   0  18 0.00  0.0    0 10.4 18 230   M    M   1        21 240
19  85  71  78   M   0  13    T    M    M 10.3 18 300   M    M   3 3       M  M
20  85  69  77   M   0  12 0.16    M    M  6.2 10 260   M    M   4 12      M  M
21  81  67  74   M   0   9 0.00    M    M  8.4 12  10   M    M   2         M  M
22  82  61  72   M   0   7 0.00    M    M  3.2  8 200   M    M   2         M  M
23  85  63  74   M   0   9 0.00    M    M  4.3  9  90   M    M   1         M  M
24  83  65  74   M   0   9 0.00    M    M  6.8 14 200   M    M   1         M  M
25  89  69  79   M   0  14 0.00    M    M  7.4 12 270   M    M   2         M  M
26  86  70  78   M   0  13 0.00    M    M  6.0 14  50   M    M   3 12      M  M
27  89  69  79   M   0  14 0.00  0.0    0  5.8 12  70   M    M   5 12      M  M
28  89  69  79   M   0  14 0.44    M    M  4.8  8 180   M    M   1 1       M  M
================================================================================
SM 2319 1809         5 253  6.92     0.0 215.7          M       79
================================================================================
AV 82.8 64.6                               7.7 FASTST   M    M   3    MAX(MPH)
                                 MISC ---->    24   M                 33    M
================================================================================
NOTES:
# LAST OF SEVERAL OCCURRENCES

COLUMN 17 PEAK WIND IN M.P.H.

PRELIMINARY LOCAL CLIMATOLOGICAL DATA (WS FORM: F-6) , PAGE 2

                                          STATION:  BLOOMINGTON IL AIRPORT
                                          MONTH:    JULY
                                          YEAR:     2015
                                          LATITUDE:   40 28 N
                                          LONGITUDE:  88 56 W

[TEMPERATURE DATA]      [PRECIPITATION DATA]       SYMBOLS USED IN COLUMN 16

AVERAGE MONTHLY: 73.7   TOTAL FOR MONTH:   6.92    1 = FOG OR MIST
DPTR FM NORMAL:     M   DPTR FM NORMAL:       M    2 = FOG REDUCING VISIBILITY
HIGHEST:    92 ON 13    GRTST 24HR  4.42 ON  8- 8      TO 1/4 MILE OR LESS
LOWEST:     55 ON  8                               3 = THUNDER
                        SNOW, ICE PELLETS, HAIL    4 = ICE PELLETS
                        TOTAL MONTH:   0.0 INCH    5 = HAIL
                        GRTST 24HR     0.0         6 = FREEZING RAIN OR DRIZZLE
                        GRTST DEPTH:   0           7 = DUSTSTORM OR SANDSTORM:
                                                       VSBY 1/2 MILE OR LESS
                                                   8 = SMOKE OR HAZE
[NO. OF DAYS WITH]      [WEATHER - DAYS WITH]      9 = BLOWING SNOW
                                                   X = TORNADO
MAX 32 OR BELOW:   0    0.01 INCH OR MORE:   8
MAX 90 OR ABOVE:   3    0.10 INCH OR MORE:   7
MIN 32 OR BELOW:   0    0.50 INCH OR MORE:   3
MIN  0 OR BELOW:   0    1.00 INCH OR MORE:   1

[HDD (BASE 65) ]
TOTAL THIS MO.     5    CLEAR  (SCALE 0-3)  18
DPTR FM NORMAL     M    PTCLDY (SCALE 4-7)  10
TOTAL FM JUL 1     5    CLOUDY (SCALE 8-10)  0
DPTR FM NORMAL     M

[CDD (BASE 65) ]
TOTAL THIS MO.   253
DPTR FM NORMAL     M    [PRESSURE DATA]
TOTAL FM JAN 1   612    HIGHEST SLP M ON M
DPTR FM NORMAL     M    LOWEST  SLP M ON M

[REMARKS]
