000
CXUS54 KEWX 180910
CF6BMQ
PRELIMINARY LOCAL CLIMATOLOGICAL DATA (WS FORM: F-6)

                                          STATION:   BURNET
                                          MONTH:     AUGUST
                                          YEAR:      2017
                                          LATITUDE:   30 43 N
                                          LONGITUDE:  98 14 W

  TEMPERATURE IN F:       :PCPN:    SNOW:  WIND      :SUNSHINE: SKY     :PK WND
================================================================================
1   2   3   4   5  6A  6B    7    8   9   10  11  12  13   14  15   16   17  18
                                     12Z  AVG MX 2MIN
DY MAX MIN AVG DEP HDD CDD  WTR  SNW DPTH SPD SPD DIR MIN PSBL S-S WX    SPD DR
================================================================================

 1  96  72  84   0   0  19 0.00    M    M  4.7 13  70   M    M   3        16  70
 2   M   M   M   M   M   M 0.18    M    M  5.3  8  70   M    M   8 1       M  M
 3  91  74  83  -1   0  18 0.01    M    M  7.2  9  40   M    M   9         M  M
 4  96  73  85   1   0  20 0.00    M    M  3.4 12  90   M    M   1 8      17 120
 5  96  74  85   1   0  20 0.24    M    M  6.0 23 190   M    M   2 3      30 230
 6  97  72  85   1   0  20 0.09    M    M 10.6 18  20   M    M   0 13     27  40
 7  86  69  78  -6   0  13 2.90    M    M  2.9 14 280   M    M   5 13     19 340
 8  89  73  81  -3   0  16 0.34    M    M  5.7 14  40   M    M   7 1      17  30
 9  92  71  82  -2   0  17 0.00    M    M  4.3 12  40   M    M   1 1      15  40
10  95  73  84   0   0  19 0.00    M    M  4.6 13 230   M    M   1 8      17 210
11  95  74  85   1   0  20 0.00    M    M  4.6 13 190   M    M   1        17 190
12  96  76  86   2   0  21 0.00    M    M  6.2 13 180   M    M   0        19 150
13  97  75  86   2   0  21 0.00    M    M  7.2 14 190   M    M   0        20 190
14  95  77  86   2   0  21 0.00    M    M  7.9 16 180   M    M   0        26 170
15  95  75  85   1   0  20 0.00    M    M  9.0 16 180   M    M   1        23 150
16  95  79  87   3   0  22 0.00    M    M  9.8 16 180   M    M   3        23 190
17  97  77  87   3   0  22 0.00    M    0  8.7 20  20   M    M   2        26  20
================================================================================
SM 1508 1184         0 309  3.76    M    108.1          M       44
================================================================================
AV 94.3 74.0                               6.4 FASTST   M    M   3    MAX(MPH)
                                 MISC ---->  # 23 190               # 30  230
================================================================================
NOTES:
# LAST OF SEVERAL OCCURRENCES

COLUMN 17 PEAK WIND IN M.P.H.

PRELIMINARY LOCAL CLIMATOLOGICAL DATA (WS FORM: F-6) , PAGE 2

                                          STATION:  BURNET
                                          MONTH:    AUGUST
                                          YEAR:     2017
                                          LATITUDE:   30 43 N
                                          LONGITUDE:  98 14 W

[TEMPERATURE DATA]      [PRECIPITATION DATA]       SYMBOLS USED IN COLUMN 16

AVERAGE MONTHLY: 84.1   TOTAL FOR MONTH:   3.76    1 = FOG OR MIST
DPTR FM NORMAL:   0.1   DPTR FM NORMAL:    3.08    2 = FOG REDUCING VISIBILITY
HIGHEST:    97 ON 17,13 GRTST 24HR  2.90 ON  7- 7      TO 1/4 MILE OR LESS
LOWEST:     69 ON  7                               3 = THUNDER
                        SNOW, ICE PELLETS, HAIL    4 = ICE PELLETS
                        TOTAL MONTH:    M          5 = HAIL
                        GRTST 24HR    M  ON   M    6 = FREEZING RAIN OR DRIZZLE
                        GRTST DEPTH:   0           7 = DUSTSTORM OR SANDSTORM:
                                                       VSBY 1/2 MILE OR LESS
                                                   8 = SMOKE OR HAZE
[NO. OF DAYS WITH]      [WEATHER - DAYS WITH]      9 = BLOWING SNOW
                                                   X = TORNADO
MAX 32 OR BELOW:   0    0.01 INCH OR MORE:   6
MAX 90 OR ABOVE:  14    0.10 INCH OR MORE:   4
MIN 32 OR BELOW:   0    0.50 INCH OR MORE:   1
MIN  0 OR BELOW:   0    1.00 INCH OR MORE:   1

[HDD (BASE 65) ]
TOTAL THIS MO.     0    CLEAR  (SCALE 0-3)  13
DPTR FM NORMAL     0    PTCLDY (SCALE 4-7)   3
TOTAL FM JUL 1     0    CLOUDY (SCALE 8-10)  1
DPTR FM NORMAL     0

[CDD (BASE 65) ]
TOTAL THIS MO.   309
DPTR FM NORMAL   -14    [PRESSURE DATA]
TOTAL FM JAN 1  2032    HIGHEST SLP M ON M
DPTR FM NORMAL   246    LOWEST  SLP 29.70 ON 14

[REMARKS]
