000
CXUS54 KMAF 281100
CF6BPG
PRELIMINARY LOCAL CLIMATOLOGICAL DATA (WS FORM: F-6)

                                          STATION:   Big Spring McMahon-Wrinkle Fi
                                          MONTH:     APRIL
                                          YEAR:      2016
                                          LATITUDE:   32 12 N
                                          LONGITUDE: 101 31 W

  TEMPERATURE IN F:       :PCPN:    SNOW:  WIND      :SUNSHINE: SKY     :PK WND
================================================================================
1   2   3   4   5  6A  6B    7    8   9   10  11  12  13   14  15   16   17  18
                                     12Z  AVG MX 2MIN
DY MAX MIN AVG DEP HDD CDD  WTR  SNW DPTH SPD SPD DIR MIN PSBL S-S WX    SPD DR
================================================================================

 1  60  36  48   M  17   0 0.20    M    0 11.6 20  40   M    M   9        27  40
 2  63  32  48   M  17   0 0.00  0.0    0  4.7  8 150   M    M   0         M  M
 3  73  35  54   M  11   0 0.00  0.0    0  9.3 20 210   M    M   0        27 210
 4  83  43  63   M   2   0 0.00  0.0    0  8.4 16 170   M    M   0         M  M
 5  83  52  68   M   0   3 0.00  0.0    0 17.1 27 170   M    M   0        33 170
 6  74  50  62   M   3   0 0.00  0.0    0  9.3 22 360   M    M   0        36 360
 7  82  44  63   M   2   0 0.00  0.0    0 11.6 25  40   M    M   0        32  40
 8  70  55  63   M   2   0 0.00  0.0    0 12.9 17  90   M    M   3        25  90
 9  73  50  62   M   3   0 0.47  0.0    0 12.0 18 140   M    M   3 3      21 170
10  83  60  72   M   0   7 0.00  0.0    0 16.8 25 230   M    M   4        35 150
11  78  55  67   M   0   2 0.00  0.0    0 14.5 25 260   M    M   1        31 260
12  55  50  53   M  12   0 0.15  0.0    0 11.2 18  30   M    M  10        28  30
13  70  50  60   M   5   0 0.00  0.0    0  3.3  9 120   M    M   5         M  M
14  78  47  63   M   2   0 0.00  0.0    0 10.2 21 110   M    M   0        28 110
15  78  55  67   M   0   2 0.00  0.0    0 19.9 28 130   M    M   3        36 130
16  80  57  69   M   0   4 0.00  0.0    0 12.0 27 130   M    M   6 3      39 130
17  65  55  60   M   5   0 0.01  0.0    0  0.0  M   M   M    M   5         M  M
18  62  47  55   M  10   0 0.00  0.0    0  0.0  M   M   M    M   8         M  M
19  72  52  62   M   3   0 0.00  0.0    0  0.0  M   M   M    M   8 3       M  M
20  71  54  63   M   2   0 0.01  0.0    0  0.0  M   M   M    M   6 3       M  M
21  75  51  63   M   2   0 0.01  0.0    0  0.0  M   M   M    M   2 3       M  M
22  78  50  64   M   1   0 0.00  0.0    0  3.1 13  60   M    M   0         M  M
23  80  55  68   M   0   3 0.00  0.0    0 12.9 21 170   M    M   1        25 160
24  90  57  74   M   0   9 0.01  0.0    0 14.9 21 150   M    M   0        28 150
25  90  59  75   M   0  10 0.00  0.0    0 13.8 20 210   M    M   0        29 190
26  87  60  74   M   0   9 0.00  0.0    0 12.9 30 270   M    M   1 3      39 270
27  80  50  65   M   0   0 0.00  0.0    0  8.0 18 280   M    M   0        28 280
================================================================================
SM 2033 1361        99  49  0.86     0.0 250.4          M       75
================================================================================
AV 75.3 50.4                               9.3 FASTST   M    M   3    MAX(MPH)
                                 MISC ---->    30   M                 39    M
================================================================================
NOTES:
# LAST OF SEVERAL OCCURRENCES

COLUMN 17 PEAK WIND IN M.P.H.

PRELIMINARY LOCAL CLIMATOLOGICAL DATA (WS FORM: F-6) , PAGE 2

                                          STATION:  Big Spring McMahon-Wrinkle Fi
                                          MONTH:    APRIL
                                          YEAR:     2016
                                          LATITUDE:   32 12 N
                                          LONGITUDE: 101 31 W

[TEMPERATURE DATA]      [PRECIPITATION DATA]       SYMBOLS USED IN COLUMN 16

AVERAGE MONTHLY: 62.9   TOTAL FOR MONTH:   0.86    1 = FOG OR MIST
DPTR FM NORMAL:     M   DPTR FM NORMAL:       M    2 = FOG REDUCING VISIBILITY
HIGHEST:    90 ON 25,24 GRTST 24HR  0.47 ON  9- 9      TO 1/4 MILE OR LESS
LOWEST:     32 ON  2                               3 = THUNDER
                        SNOW, ICE PELLETS, HAIL    4 = ICE PELLETS
                        TOTAL MONTH:   0.0 INCH    5 = HAIL
                        GRTST 24HR     0.0         6 = FREEZING RAIN OR DRIZZLE
                        GRTST DEPTH:   0           7 = DUSTSTORM OR SANDSTORM:
                                                       VSBY 1/2 MILE OR LESS
                                                   8 = SMOKE OR HAZE
[NO. OF DAYS WITH]      [WEATHER - DAYS WITH]      9 = BLOWING SNOW
                                                   X = TORNADO
MAX 32 OR BELOW:   0    0.01 INCH OR MORE:   7
MAX 90 OR ABOVE:   2    0.10 INCH OR MORE:   3
MIN 32 OR BELOW:   1    0.50 INCH OR MORE:   0
MIN  0 OR BELOW:   0    1.00 INCH OR MORE:   0

[HDD (BASE 65) ]
TOTAL THIS MO.    99    CLEAR  (SCALE 0-3)  18
DPTR FM NORMAL     M    PTCLDY (SCALE 4-7)   7
TOTAL FM JUL 1  2440    CLOUDY (SCALE 8-10)  2
DPTR FM NORMAL     M

[CDD (BASE 65) ]
TOTAL THIS MO.    49
DPTR FM NORMAL     M    [PRESSURE DATA]
TOTAL FM JAN 1    60    HIGHEST SLP M ON M
DPTR FM NORMAL     M    LOWEST  SLP M ON M

[REMARKS]
