000
CXUS54 KBRO 010441
CF6BRO
PRELIMINARY LOCAL CLIMATOLOGICAL DATA (WS FORM: F-6)

                                          STATION:   BROWNSVILLE
                                          MONTH:     FEBRUARY
                                          YEAR:      2015
                                          LATITUDE:   25 53 N
                                          LONGITUDE:  97 26 W

  TEMPERATURE IN F:       :PCPN:    SNOW:  WIND      :SUNSHINE: SKY     :PK WND
================================================================================
1   2   3   4   5  6A  6B    7    8   9   10  11  12  13   14  15   16   17  18
                                     12Z  AVG MX 2MIN
DY MAX MIN AVG DEP HDD CDD  WTR  SNW DPTH SPD SPD DIR MIN PSBL S-S WX    SPD DR
================================================================================

 1  79  65  72  10   0   7 0.06  0.0    0 11.0 23 190   M    M   3 1      28 180
 2  67  51  59  -3   6   0 0.03  0.0    0 12.4 26  30   M    M   8 1      37  30
 3  53  49  51 -12  14   0 0.37  0.0    0  9.4 15 330   M    M  10 1      20 300
 4  66  48  57  -6   8   0 0.01    M    0  7.7 17 320   M    M   8 12     24 310
 5  66  53  60  -3   5   0 0.00  0.0    0  8.6 17  10   M    M  10 12     23  20
 6  65  53  59  -4   6   0 0.00  0.0    0  6.1 13  40   M    M  10        17  10
 7  75  52  64   1   1   0 0.00  0.0    0  6.4 20 150   M    M   4 1      24 150
 8  78  58  68   5   0   3 0.00  0.0    0 13.3 26 180   M    M   3 12     33 180
 9  79  52  66   3   0   1 0.00  0.0    0  6.6 14  30   M    M   6 12     18 190
10  81  50  66   2   0   1 0.00  0.0    0  6.9 15 140   M    M   5 12     18 160
11  77  54  66   2   0   1 0.00  0.0    0 10.0 23 130   M    M   4 12     29 130
12  76  56  66   2   0   1 0.00  0.0    0  8.8 24  30   M    M   5 1      30  30
13  74  55  65   1   0   0 0.00  0.0    0  6.9 16  80   M    M   5 18     20  50
14  78  60  69   5   0   4 0.00  0.0    0  7.2 15 130   M    M   4 1      20 110
15  76  65  71   7   0   6 0.00  0.0    0 14.2 28 170   M    M   4        33 160
16  80  50  65   1   0   0    T  0.0    0 17.4 29 190   M    M   6 1      37 180
17  51  41  46 -18  19   0 0.08    M    0 10.5 18 330   M    M   8 1      27 340
18  67  39  53 -12  12   0 0.00  0.0    0  5.8 16  90   M    M   0        19  90
19  72  48  60  -5   5   0 0.00  0.0    0 10.7 24 140   M    M   4        29 150
20  77  63  70   5   0   5 0.01  0.0    0 19.4 35 170   M    M   9        45 180
21  80  67  74   9   0   9 0.00  0.0    0 18.3 31 190   M    M   9 1      38 170
22  76  66  71   6   0   6 0.00  0.0    0  9.2 18 150   M    M  10 1      24 150
23  70  40  55 -10  10   0 0.01    M    0 15.2 23 320   M    M  10 1      32  10
24  45  38  42 -24  23   0 0.01    M    0  9.9 17 320   M    M  10 18     24 330
25  66  41  54 -12  11   0 0.09    M    0 10.3 22 330   M    M   4 1      30 320
26  70  42  56 -10   9   0 0.00  0.0    0  9.2 22  50   M    M   0 1      29  50
27  67  51  59  -7   6   0    T  0.0    0  6.9 13 320   M    M   8 1      16 330
================================================================================
SM 1911 1407       135  44  0.67     0.0 278.3          M      167
================================================================================
AV 70.8 52.1                              10.3 FASTST   M    M   6    MAX(MPH)
                                 MISC ---->  # 35 170               # 45  180
================================================================================
NOTES:
# LAST OF SEVERAL OCCURRENCES

COLUMN 17 PEAK WIND IN M.P.H.

PRELIMINARY LOCAL CLIMATOLOGICAL DATA (WS FORM: F-6) , PAGE 2

                                          STATION:  BROWNSVILLE
                                          MONTH:    FEBRUARY
                                          YEAR:     2015
                                          LATITUDE:   25 53 N
                                          LONGITUDE:  97 26 W

[TEMPERATURE DATA]      [PRECIPITATION DATA]       SYMBOLS USED IN COLUMN 16

AVERAGE MONTHLY: 61.4   TOTAL FOR MONTH:   0.67    1 = FOG OR MIST
DPTR FM NORMAL:  -2.7   DPTR FM NORMAL:   -0.37    2 = FOG REDUCING VISIBILITY
HIGHEST:    81 ON 10    GRTST 24HR  0.38 ON  3- 4      TO 1/4 MILE OR LESS
LOWEST:     38 ON 24                               3 = THUNDER
                        SNOW, ICE PELLETS, HAIL    4 = ICE PELLETS
                        TOTAL MONTH:   0.0 INCH    5 = HAIL
                        GRTST 24HR     0.0         6 = FREEZING RAIN OR DRIZZLE
                        GRTST DEPTH:   0           7 = DUSTSTORM OR SANDSTORM:
                                                       VSBY 1/2 MILE OR LESS
                                                   8 = SMOKE OR HAZE
[NO. OF DAYS WITH]      [WEATHER - DAYS WITH]      9 = BLOWING SNOW
                                                   X = TORNADO
MAX 32 OR BELOW:   0    0.01 INCH OR MORE:   9
MAX 90 OR ABOVE:   0    0.10 INCH OR MORE:   1
MIN 32 OR BELOW:   0    0.50 INCH OR MORE:   0
MIN  0 OR BELOW:   0    1.00 INCH OR MORE:   0

[HDD (BASE 65) ]
TOTAL THIS MO.   135    CLEAR  (SCALE 0-3)   4
DPTR FM NORMAL    31    PTCLDY (SCALE 4-7)  14
TOTAL FM JUL 1   611    CLOUDY (SCALE 8-10)  9
DPTR FM NORMAL   108

[CDD (BASE 65) ]
TOTAL THIS MO.    44
DPTR FM NORMAL   -34    [PRESSURE DATA]
TOTAL FM JAN 1    57    HIGHEST SLP M ON M
DPTR FM NORMAL   -80    LOWEST  SLP 29.77 ON 16

[REMARKS]
#FINAL-02-15#
