000
CXAK56 PABR 300906
CF6BRW

PRELIMINARY LOCAL CLIMATOLOGICAL DATA (WS FORM: F-6)

                                          STATION:   BARROW
                                          MONTH:     09
                                          YEAR:      2014
                                          LATITUDE:   71 17 N
                                          LONGITUDE: 156 46 W

  TEMPERATURE IN F:       :PCPN:    SNOW:  WIND      :SUNSHINE: SKY     :PK WND
================================================================================
1   2   3   4   5  6A  6B    7     8   9   10  11  12  13   14  15   16  17  18
                                      12Z  AVG MX 2MIN
DY MAX MIN AVG DEP HDD CDD  WTR   SNW DPTH SPD SPD DIR MIN PSBL S-S WX   SPD DR
================================================================================

 1  38  33  36  -1  29   0     T    T   0 16.3 23  250   M    M   M       26 240
 2  35  27  31  -5  34   0  0.42  4.4   2 11.4 25  230   M    M   M 1248  30 230
 3  35  32  34  -2  31   0  0.02  0.1   T 27.9 37  280   M    M   M 1     44 290
 4  34  31  33  -3  32   0  0.01  0.1   T 15.9 36  290   M    M   M 1248  39 290
 5  36  27  32  -4  33   0     T    T   T  5.8 13  100   M    M   M       14 100
 6  44  24  34  -1  31   0  0.00  0.0   0 10.2 16  170   M    M   M       19 170
 7  50  29  40   5  25   0  0.00  0.0   0 11.4 18  220   M    M   M       23 210
 8  41  32  37   2  28   0     T  0.0   0 10.2 17  260   M    M   M 1     21 260
 9  36  33  35   0  30   0     T    T   0 13.1 21   70   M    M   M 1     24  80
10  37  33  35   1  30   0     T    T   0 15.8 21   70   M    M   M 1     25  80
11  37  33  35   1  30   0     T    T   0 15.4 20   90   M    M   M       24  80
12  36  33  35   1  30   0  0.00  0.0   0 18.9 26   80   M    M   M       33 100
13  39  34  37   4  28   0  0.00  0.0   0 24.8 32   80   M    M   M       39  80
14  36  35  36   3  29   0  0.05  0.0   0 21.4 30   90   M    M   M 1     37  90
15  37  34  36   3  29   0     T  0.0   0 16.7 23   80   M    M   M 1     28  70
16  37  34  36   4  29   0  0.01  0.0   0 12.3 17   80   M    M   M 2     22  90
17  37  36  37   5  28   0  0.01  0.0   0 13.5 18   80   M    M   M 2     22  70
18  37  34  36   4  29   0     T    T   0 18.2 25   80   M    M   M 1     31  70
19  34  31  33   2  32   0  0.15  1.5   1 22.6 29   70   M    M   M 1     36  70
20  33  30  32   1  33   0  0.08  1.1   1 18.8 30   70   M    M   M 1     35  80
21  34  31  33   3  32   0  0.09  0.9   2  8.8 15   30   M    M   M 1     20  40
22  32  25  29  -1  36   0  0.05  0.5   1  3.8 12  290   M    M   M 1     13 290
23  34  29  32   2  33   0  0.05  0.5   1 18.3 30  290   M    M   M 1     34 280
24  34  27  31   2  34   0  0.03  0.3   1 12.7 22  330   M    M   M 1     27 330
25  35  29  32   3  33   0  0.02  0.1   1 12.9 21  280   M    M   M 1     25 230
26  30  18  24  -4  41   0  0.00  0.0   1 11.6 22  110   M    M   M 2     26 110
27  32  26  29   1  36   0     T    T   1 14.1 20  100   M    M   M       25 120
28  36  32  34   7  31   0  0.07    T   T 11.6 17  280   M    M   M 1     20 150
29  36  19  28   1  37   0     T    T   T 10.3 17  200   M    M   M 16    22 220
================================================================================
SM 1052  871       913   0  1.06 9.5    424.7           M        M
================================================================================
AV 36.3 30.0                             14.6 FASTST  PSBL  %   M    MAX(MPH)
                                 MISC ---->     37  280                 44 290
================================================================================
NOTES:
# LAST OF SEVERAL OCCURRENCES

COLUMN 17 PEAK WIND IN M.P.H.

PRELIMINARY LOCAL CLIMATOLOGICAL DATA (WS FORM: F-6) , PAGE 2

                                          STATION:   BARROW
                                          MONTH:     09
                                          YEAR:      2014
                                          LATITUDE:  71 17 N
                                          LONGITUDE: 156 46 W

[TEMPERATURE DATA]      [PRECIPITATION DATA]       SYMBOLS USED IN COLUMN 16

AVERAGE MONTHLY:33.2   TOTAL FOR MONTH: 1.06       1 = FOG
DPTR FM NORMAL:  0.9   DPTR FM NORMAL: 0.36       2 = FOG REDUCING VISIBILITY
HIGHEST:    50 ON  7    GRTST 24HR   0.42 ON  2        TO 1/4 MILE OR LESS
LOWEST:     18 ON 26                               3 = THUNDER
                        SNOW, ICE PELLETS, HAIL    4 = ICE PELLETS
                        TOTAL MONTH: 9.5 INCHES  5 = HAIL
                        GRTST 24HR   4.4 ON  2     6 = GLAZE OR RIME
                        GRTST DEPTH:    2 ON 21    7 = BLOWING DUST OR SAND:
                                                       VSBY 1/2 MILE OR LESS
                                                   8 = SMOKE OR HAZE
[NO. OF DAYS WITH]      [WEATHER - DAYS WITH]      9 = BLOWING SNOW
                                                   X = TORNADO
MAX 32 OR BELOW:   3    0.01 INCH OR MORE:  14
MAX 70 OR ABOVE:   0    0.10 INCH OR MORE:   2
MIN 32 OR BELOW:  18    0.50 INCH OR MORE:   0
MIN  0 OR BELOW:   0    1.00 INCH OR MORE:   0

[HDD (BASE 65) ]
TOTAL THIS MO.   913    CLEAR  (SCALE 0-3)   M
DPTR FM NORMAL   -34    PTCLDY (SCALE 4-7)   M
SEASONAL TOTAL  2579    CLOUDY (SCALE 8-10)  M
DPTR FM NORMAL    78

[CDD (BASE 65) ]
TOTAL THIS MO.     0
DPTR FM NORMAL     0    [PRESSURE DATA]
SEASONAL TOTAL     0    HIGHEST SLP     M
DPTR FM NORMAL     0    LOWEST  SLP     M

[REMARKS]
