000
CXUS51 KBUF 241205
CF6BUF
PRELIMINARY LOCAL CLIMATOLOGICAL DATA (WS FORM: F-6)

                                          STATION:   BUFFALO NY
                                          MONTH:     MAY
                                          YEAR:      2015
                                          LATITUDE:   42 55 N
                                          LONGITUDE:  78 44 W

  TEMPERATURE IN F:       :PCPN:    SNOW:  WIND      :SUNSHINE: SKY     :PK WND
================================================================================
1   2   3   4   5  6A  6B    7    8   9   10  11  12  13   14  15   16   17  18
                                     12Z  AVG MX 2MIN
DY MAX MIN AVG DEP HDD CDD  WTR  SNW DPTH SPD SPD DIR MIN PSBL S-S WX    SPD DR
================================================================================

 1  69  43  56   4   9   0 0.00  0.0    0  7.1 17 360   M    M   5 18     23  50
 2  68  44  56   4   9   0 0.00  0.0    0  9.4 16 220   M    M   4        20 230
 3  71  47  59   6   6   0 0.00  0.0    0  9.8 18 220   M    M   2        22 220
 4  79  51  65  12   0   0    T  0.0    0 13.5 30 250   M    M   5 1      39 260
 5  69  46  58   5   7   0 0.08  0.0    0  3.9 12 360   M    M   9 128    14 360
 6  76  54  65  11   0   0 0.00  0.0    0  7.0 15  30   M    M   6 1      20 110
 7  80  53  67  13   0   2 0.00  0.0    0  4.9 14 240   M    M   2        20 230
 8  88  59  74  20   0   9 0.00  0.0    0  6.8 15 220   M    M   4        19 280
 9  89  64  77  22   0  12 0.00  0.0    0  9.2 21 230   M    M   7        26 230
10  81  67  74  19   0   9 0.10  0.0    0  8.3 24 260   M    M   7 3      32 260
11  82  64  73  18   0   8 0.49  0.0    0  8.8 29 280   M    M   7 138    37 270
12  69  49  59   3   6   0    T  0.0    0 18.9 31 250   M    M   8        39 240
13  53  41  47  -9  18   0    T  0.0    0 10.7 21 310   M    M   7 1      27 320
14  67  38  53  -3  12   0 0.00  0.0    0  5.4 14  30   M    M   3 18     16  30
15  68  50  59   2   6   0 0.01  0.0    0  7.2 18 230   M    M   9        25 230
16  67  59  63   6   2   0    T  0.0    0  8.8 18 220   M    M   8 18     24 220
17  83  60  72  15   0   7 0.00  0.0    0  3.5 13  60   M    M   7 1      16  40
18  78  65  72  14   0   7 0.03  0.0    0 10.2 21 230   M    M   7 1      28 250
19  70  46  58   0   7   0 0.00  0.0    0 14.4 28 240   M    M   8 1      37 250
20  52  40  46 -12  19   0 0.00  0.0    0 13.3 21 220   M    M   7        27 290
21  61  47  54  -5  11   0 0.00  0.0    0 12.2 21 230   M    M   7        27 220
22  60  40  50  -9  15   0 0.00  0.0    0 11.0 23 230   M    M   4        32 220
23  63  34  49 -10  16   0 0.00  0.0    0  9.9 22 250   M    M   2        28 250
================================================================================
SM 1643 1161       143  54  0.71     0.0 214.2          M      135
================================================================================
AV 71.4 50.5                               9.3 FASTST   M    M   6    MAX(MPH)
                                 MISC ---->  # 31 250               # 39  260
================================================================================
NOTES:
# LAST OF SEVERAL OCCURRENCES

COLUMN 17 PEAK WIND IN M.P.H.

PRELIMINARY LOCAL CLIMATOLOGICAL DATA (WS FORM: F-6) , PAGE 2

                                          STATION:  BUFFALO NY
                                          MONTH:    MAY
                                          YEAR:     2015
                                          LATITUDE:   42 55 N
                                          LONGITUDE:  78 44 W

[TEMPERATURE DATA]      [PRECIPITATION DATA]       SYMBOLS USED IN COLUMN 16

AVERAGE MONTHLY: 61.0   TOTAL FOR MONTH:   0.71    1 = FOG OR MIST
DPTR FM NORMAL:   5.3   DPTR FM NORMAL:   -1.79    2 = FOG REDUCING VISIBILITY
HIGHEST:    89 ON  9    GRTST 24HR  0.49 ON 11-11      TO 1/4 MILE OR LESS
LOWEST:     34 ON 23                               3 = THUNDER
                        SNOW, ICE PELLETS, HAIL    4 = ICE PELLETS
                        TOTAL MONTH:   0.0 INCH    5 = HAIL
                        GRTST 24HR     0.0         6 = FREEZING RAIN OR DRIZZLE
                        GRTST DEPTH:   0           7 = DUSTSTORM OR SANDSTORM:
                                                       VSBY 1/2 MILE OR LESS
                                                   8 = SMOKE OR HAZE
[NO. OF DAYS WITH]      [WEATHER - DAYS WITH]      9 = BLOWING SNOW
                                                   X = TORNADO
MAX 32 OR BELOW:   0    0.01 INCH OR MORE:   5
MAX 90 OR ABOVE:   0    0.10 INCH OR MORE:   2
MIN 32 OR BELOW:   0    0.50 INCH OR MORE:   0
MIN  0 OR BELOW:   0    1.00 INCH OR MORE:   0

[HDD (BASE 65) ]
TOTAL THIS MO.   143    CLEAR  (SCALE 0-3)   3
DPTR FM NORMAL   -84    PTCLDY (SCALE 4-7)  18
TOTAL FM JUL 1  6963    CLOUDY (SCALE 8-10)  2
DPTR FM NORMAL   455

[CDD (BASE 65) ]
TOTAL THIS MO.    54
DPTR FM NORMAL    43    [PRESSURE DATA]
TOTAL FM JAN 1    54    HIGHEST SLP M ON M
DPTR FM NORMAL    40    LOWEST  SLP 29.77 ON 11

[REMARKS]
