000
CXUS51 KBUF 161205
CF6BUF
PRELIMINARY LOCAL CLIMATOLOGICAL DATA (WS FORM: F-6)

                                          STATION:   BUFFALO NY
                                          MONTH:     JANUARY
                                          YEAR:      2017
                                          LATITUDE:   42 55 N
                                          LONGITUDE:  78 44 W

  TEMPERATURE IN F:       :PCPN:    SNOW:  WIND      :SUNSHINE: SKY     :PK WND
================================================================================
1   2   3   4   5  6A  6B    7    8   9   10  11  12  13   14  15   16   17  18
                                     12Z  AVG MX 2MIN
DY MAX MIN AVG DEP HDD CDD  WTR  SNW DPTH SPD SPD DIR MIN PSBL S-S WX    SPD DR
================================================================================

 1  37  28  33   7  32   0    T  0.0    T  9.9 24 270   M    M   4        31 280
 2  41  27  34   8  31   0    T  0.0    0  6.4 14 120   M    M   8 1      18 130
 3  43  40  42  16  23   0 0.51  0.0    0  6.2 14 240   M    M  10 1      17 230
 4  40  18  29   3  36   0 0.08  0.1    T 20.8 35 240   M    M  10 19     51 240
 5  21  14  18  -8  47   0 0.12  2.3    T 14.2 28 250   M    M   8 18     37 240
 6  18   8  13 -13  52   0    T    T    2  9.7 20 270   M    M   3        24 250
 7  17   5  11 -14  54   0 0.01  0.5    1  8.4 22 290   M    M   7 8      28 290
 8  17  11  14 -11  51   0    T    T    1 14.0 25 280   M    M   6 8      34 260
 9  26  14  20  -5  45   0    T    T    1 13.6 24 220   M    M   8        33 210
10  45  18  32   7  33   0 0.22    T    1 16.8 41 180   M    M  10 4      51 200
11  51  35  43  18  22   0 0.10  0.0    0 18.7 46 240   M    M   8 1      60 230
12  57  33  45  20  20   0 0.34  0.0    0 15.0 30 200   M    M   8 12     41 220
13  33  22  28   3  37   0    T    T    0 11.5 22 260   M    M   7        28 260
14  29  19  24  -1  41   0    T    T    0  4.4 10  50   M    M   8        12  60
15  31  21  26   1  39   0 0.00  0.0    0  5.8 12 220   M    M   5        14 220
================================================================================
SM  506  313       563   0  1.38     2.9 175.4          M      110
================================================================================
AV 33.7 20.9                              11.7 FASTST   M    M   7    MAX(MPH)
                                 MISC ---->  # 46 240               # 60  230
================================================================================
NOTES:
# LAST OF SEVERAL OCCURRENCES

COLUMN 17 PEAK WIND IN M.P.H.

PRELIMINARY LOCAL CLIMATOLOGICAL DATA (WS FORM: F-6) , PAGE 2

                                          STATION:  BUFFALO NY
                                          MONTH:    JANUARY
                                          YEAR:     2017
                                          LATITUDE:   42 55 N
                                          LONGITUDE:  78 44 W

[TEMPERATURE DATA]      [PRECIPITATION DATA]       SYMBOLS USED IN COLUMN 16

AVERAGE MONTHLY: 27.3   TOTAL FOR MONTH:   1.38    1 = FOG OR MIST
DPTR FM NORMAL:   1.9   DPTR FM NORMAL:   -0.27    2 = FOG REDUCING VISIBILITY
HIGHEST:    57 ON 12    GRTST 24HR  0.59 ON  3- 4      TO 1/4 MILE OR LESS
LOWEST:      5 ON  7                               3 = THUNDER
                        SNOW, ICE PELLETS, HAIL    4 = ICE PELLETS
                        TOTAL MONTH:   2.9 INCHES  5 = HAIL
                        GRTST 24HR   2.3 ON   M    6 = FREEZING RAIN OR DRIZZLE
                        GRTST DEPTH:   2 ON  6     7 = DUSTSTORM OR SANDSTORM:
                                                       VSBY 1/2 MILE OR LESS
                                                   8 = SMOKE OR HAZE
[NO. OF DAYS WITH]      [WEATHER - DAYS WITH]      9 = BLOWING SNOW
                                                   X = TORNADO
MAX 32 OR BELOW:   7    0.01 INCH OR MORE:   7
MAX 90 OR ABOVE:   0    0.10 INCH OR MORE:   5
MIN 32 OR BELOW:  12    0.50 INCH OR MORE:   1
MIN  0 OR BELOW:   0    1.00 INCH OR MORE:   0

[HDD (BASE 65) ]
TOTAL THIS MO.   563    CLEAR  (SCALE 0-3)   0
DPTR FM NORMAL   -32    PTCLDY (SCALE 4-7)   9
TOTAL FM JUL 1  2573    CLOUDY (SCALE 8-10)  6
DPTR FM NORMAL  -437

[CDD (BASE 65) ]
TOTAL THIS MO.     0
DPTR FM NORMAL     0    [PRESSURE DATA]
TOTAL FM JAN 1     0    HIGHEST SLP M ON M
DPTR FM NORMAL     0    LOWEST  SLP 29.43 ON  4

[REMARKS]
