000
CXUS55 KRIW 260945
CF6BYG
PRELIMINARY LOCAL CLIMATOLOGICAL DATA (WS FORM: F-6)

                                          STATION:   BUFFALO WY
                                          MONTH:     JULY
                                          YEAR:      2017
                                          LATITUDE:   44 22 N
                                          LONGITUDE: 106 43 W

  TEMPERATURE IN F:       :PCPN:    SNOW:  WIND      :SUNSHINE: SKY     :PK WND
================================================================================
1   2   3   4   5  6A  6B    7    8   9   10  11  12  13   14  15   16   17  18
                                     12Z  AVG MX 2MIN
DY MAX MIN AVG DEP HDD CDD  WTR  SNW DPTH SPD SPD DIR MIN PSBL S-S WX    SPD DR
================================================================================

 1  83  50  67   0   0   2 0.00  0.0    M  5.1 12 250   M    M   0        15  30
 2  86  56  71   3   0   6    T  0.0    0  7.5 21 350   M    M   0        27 340
 3  88  57  73   5   0   8 0.01  0.0    0  5.1 13 110   M    M   0        16 110
 4  89  65  77   9   0  12    T  0.0    0  6.9 20 350   M    M   0        25 350
 5  96  67  82  13   0  17    T  0.0    0  7.9 35 320   M    M   0 3      43 330
 6  92  64  78   9   0  13 0.32  0.0    0  9.6 36 290   M    M   1 3      46 320
 7  89  58  74   5   0   9 0.01    M    M  8.8 30 250   M    M   1        45 270
 8  92  62  77   7   0  12 0.00    M    M  8.3 15 220   M    M   0        19 130
 9  94  69  82  12   0  17 0.01    M    M  8.1 30 300   M    M   1 3      37 300
10  91  60  76   6   0  11 0.02    M    M  6.7 40 330   M    M   0 3      55 330
11  85  59  72   2   0   7 0.11    M    M 10.0 28 350   M    M   0 3      38 340
12  85  57  71   0   0   6 0.28    M    M  6.1 28 320   M    M   2 3      50 310
13  92  59  76   5   0  11 0.00  0.0    M   M   M   M   M    M   1         M  M
14  94  64  79   8   0  14 0.03  0.0    M   M   M   M   M    M   1 3       M  M
15  94  63  79   8   0  14 0.05  0.0    M   M   M   M   M    M   1 3       M  M
16  94  64  79   8   0  14    T  0.0    M  6.8 38 330   M    M   0        47 350
17  88  60  74   2   0   9 0.00  0.0    M  9.6 31 330   M    M   0        43 320
18  88  56  72   0   0   7 0.00  0.0    M  5.7 12 250   M    M   0        16 360
19  88  65  77   5   0  12 0.00  0.0    0 10.2 31 340   M    M   0        40 350
20 100  63  82  10   0  17 0.06  0.0    0 13.0 33 340   M    M   1 3      45 340
21  87  60  74   2   0   9 0.00  0.0    0  9.9 23 320   M    M   0        32 320
22  88  63  76   4   0  11 0.00  0.0    0  8.2 18 330   M    M   0        26 320
23  95  60  78   6   0  13    T  0.0    0  6.0 14 300   M    M   0 3      19 340
24  94  60  77   5   0  12 0.00    M    M  9.2 20 350   M    M   0        24 350
25  78  62  70  -2   0   5 0.13    M    M  8.4 20 350   M    M   5        25 330
================================================================================
SM 2250 1523         0 268  1.03     0.0 177.1          M       14
================================================================================
AV 90.0 60.9                               8.0 FASTST   M    M   1    MAX(MPH)
                                 MISC ---->  # 40 330               # 55  330
================================================================================
NOTES:
# LAST OF SEVERAL OCCURRENCES

COLUMN 17 PEAK WIND IN M.P.H.

PRELIMINARY LOCAL CLIMATOLOGICAL DATA (WS FORM: F-6) , PAGE 2

                                          STATION:  BUFFALO WY
                                          MONTH:    JULY
                                          YEAR:     2017
                                          LATITUDE:   44 22 N
                                          LONGITUDE: 106 43 W

[TEMPERATURE DATA]      [PRECIPITATION DATA]       SYMBOLS USED IN COLUMN 16

AVERAGE MONTHLY: 75.5   TOTAL FOR MONTH:   1.03    1 = FOG OR MIST
DPTR FM NORMAL:   5.0   DPTR FM NORMAL:   -0.30    2 = FOG REDUCING VISIBILITY
HIGHEST:   100 ON 20    GRTST 24HR  0.32 ON  6- 6      TO 1/4 MILE OR LESS
LOWEST:     50 ON  1                               3 = THUNDER
                        SNOW, ICE PELLETS, HAIL    4 = ICE PELLETS
                        TOTAL MONTH:   0.0 INCH    5 = HAIL
                        GRTST 24HR     0.0         6 = FREEZING RAIN OR DRIZZLE
                        GRTST DEPTH:   0           7 = DUSTSTORM OR SANDSTORM:
                                                       VSBY 1/2 MILE OR LESS
                                                   8 = SMOKE OR HAZE
[NO. OF DAYS WITH]      [WEATHER - DAYS WITH]      9 = BLOWING SNOW
                                                   X = TORNADO
MAX 32 OR BELOW:   0    0.01 INCH OR MORE:  11
MAX 90 OR ABOVE:  12    0.10 INCH OR MORE:   4
MIN 32 OR BELOW:   0    0.50 INCH OR MORE:   0
MIN  0 OR BELOW:   0    1.00 INCH OR MORE:   0

[HDD (BASE 65) ]
TOTAL THIS MO.     0    CLEAR  (SCALE 0-3)  24
DPTR FM NORMAL   -28    PTCLDY (SCALE 4-7)   1
TOTAL FM JUL 1     0    CLOUDY (SCALE 8-10)  0
DPTR FM NORMAL   -28

[CDD (BASE 65) ]
TOTAL THIS MO.   268
DPTR FM NORMAL   110    [PRESSURE DATA]
TOTAL FM JAN 1   326    HIGHEST SLP M ON M
DPTR FM NORMAL   110    LOWEST  SLP 29.80 ON 10

[REMARKS]
