000
CXUS55 KPIH 011200
CF6BYI

PRELIMINARY LOCAL CLIMATOLOGICAL DATA (WS FORM: F-6)

                                          STATION:   BURLEY ID
                                          MONTH:     JUNE
                                          YEAR:      2015
                                          LATITUDE:   42 32 N
                                          LONGITUDE: 113 46 W

  TEMPERATURE IN F:       :PCPN:    SNOW:  WIND      :SUNSHINE: SKY     :PK WND
================================================================================
1   2   3   4   5  6A  6B    7    8   9   10  11  12  13   14  15   16   17  18
                                     12Z  AVG MX 2MIN
DY MAX MIN AVG DEP HDD CDD  WTR  SNW DPTH SPD SPD DIR MIN PSBL S-S WX    SPD DR
================================================================================

 1  78  50  64   6   1   0    T    M    M  7.0 22 300   M    M   1 3      37 300
 2  73  46  60   2   5   0    T    M    M  7.2 17 260   M    M   0        25 290
 3  73  46  60   1   5   0    T    M    M  5.6 17 280   M    M   1        24 290
 4  74  47  61   2   4   0    T    M    M  3.9 14 260   M    M   0        19 260
 5  67  48  58  -1   7   0 0.00    M    M  4.7 12 250   M    M   3        15 250
 6  79  45  62   2   3   0    T    M    M  2.4 25 100   M    M   2 3      31  90
 7  81  49  65   5   0   0 0.00    M    M  1.9  9 200   M    M   0        11 330
 8  87  53  70  10   0   5 0.00    M    M  3.5 12 190   M    M   0        13 190
 9  90  54  72  12   0   7 0.00    M    M  4.4 13  60   M    M   0        17  40
10  84  53  69   9   0   4    T    M    M  7.7 16  80   M    M   1 3      23 250
11  83  55  69   8   0   4 0.00    M    M  5.8 16 250   M    M   0        20 270
12  84  58  71  10   0   6 0.00    M    M 13.8 26 250   M    M   0        33 240
13  80  52  66   5   0   1 0.00    M    M 10.5 17 270   M    M   0        22 250
14  81  47  64   2   1   0 0.00    M    M  5.5 12 290   M    M   0        16 290
15  88  49  69   7   0   4 0.00    M    M  7.0 18  80   M    M   0        24  80
16  84  56  70   8   0   5 0.00    M    M  5.8 14 260   M    M   0        19 250
17  90  50  70   8   0   5 0.00    M    M  3.9  9 320   M    M   0        15 340
18  92  52  72   9   0   7 0.00    M    M  3.2  8 200   M    M   0        14 360
19  83  53  68   5   0   3 0.00    M    M 10.9 24 260   M    M   0        32 270
20  81  52  67   4   0   2 0.00    M    M  5.1 12 260   M    M   0 8      15 280
21  87  52  70   6   0   5 0.00    M    M  5.4 20 260   M    M   0        27 260
22  84  53  69   5   0   4 0.00    M    M  6.1 16 270   M    M   0        23 270
23  89  50  70   6   0   5 0.00    M    M  3.1 13 310   M    M   0        18 340
24  89  53  71   7   0   6 0.00    M    M  5.9 12 290   M    M   0        15 260
25  89  56  73   8   0   8 0.00    M    M  8.6 15 260   M    M   0        22 250
26  96  54  75  10   0  10 0.00    M    M  2.6  9 330   M    M   0        12  70
27  98  57  78  13   0  13 0.00    M    M  1.8  9 220   M    M   0        12  70
28 102  57  80  14   0  15 0.00    M    M  5.1 13  70   M    M   0        16  80
29  98  60  79  13   0  14    T    M    M  8.8 45 240   M    M   1 38     67 230
30  95  64  80  14   0  15 0.00    M    M  8.7 25 200   M    M   0        33 200
================================================================================
SM 2559 1571        26 148    T     M    175.9          M        9
================================================================================
AV 85.3 52.4                               5.9 FASTST   M    M   0    MAX(MPH)
                                 MISC ---->  # 45 240               # 67  230
================================================================================
NOTES:
# LAST OF SEVERAL OCCURRENCES

COLUMN 17 PEAK WIND IN M.P.H.

PRELIMINARY LOCAL CLIMATOLOGICAL DATA (WS FORM: F-6) , PAGE 2

                                          STATION:  BURLEY ID
                                          MONTH:    JUNE
                                          YEAR:     2015
                                          LATITUDE:   42 32 N
                                          LONGITUDE: 113 46 W

[TEMPERATURE DATA]      [PRECIPITATION DATA]       SYMBOLS USED IN COLUMN 16

AVERAGE MONTHLY: 68.8   TOTAL FOR MONTH:      T    1 = FOG OR MIST
DPTR FM NORMAL:   6.7   DPTR FM NORMAL:   -0.87    2 = FOG REDUCING VISIBILITY
HIGHEST:   102 ON 28    GRTST 24HR    T  ON 29-29      TO 1/4 MILE OR LESS
LOWEST:     45 ON  6                               3 = THUNDER
                        SNOW, ICE PELLETS, HAIL    4 = ICE PELLETS
                        TOTAL MONTH:    M          5 = HAIL
                        GRTST 24HR    M  ON   M    6 = FREEZING RAIN OR DRIZZLE
                        GRTST DEPTH:  M  ON   M    7 = DUSTSTORM OR SANDSTORM:
                                                       VSBY 1/2 MILE OR LESS
                                                   8 = SMOKE OR HAZE
[NO. OF DAYS WITH]      [WEATHER - DAYS WITH]      9 = BLOWING SNOW
                                                   X = TORNADO
MAX 32 OR BELOW:   0    0.01 INCH OR MORE:   0
MAX 90 OR ABOVE:   8    0.10 INCH OR MORE:   0
MIN 32 OR BELOW:   0    0.50 INCH OR MORE:   0
MIN  0 OR BELOW:   0    1.00 INCH OR MORE:   0

[HDD (BASE 65) ]
TOTAL THIS MO.    26    CLEAR  (SCALE 0-3)  30
DPTR FM NORMAL  -108    PTCLDY (SCALE 4-7)   0
TOTAL FM JUL 1  5391    CLOUDY (SCALE 8-10)  0
DPTR FM NORMAL -1474

[CDD (BASE 65) ]
TOTAL THIS MO.   148
DPTR FM NORMAL   101    [PRESSURE DATA]
TOTAL FM JAN 1   153    HIGHEST SLP 30.10 ON 26
DPTR FM NORMAL   100    LOWEST  SLP 29.65 ON 10

[REMARKS]
