000
CXUS55 KPIH 201200
CF6BYI

PRELIMINARY LOCAL CLIMATOLOGICAL DATA (WS FORM: F-6)

                                          STATION:   BURLEY ID
                                          MONTH:     NOVEMBER
                                          YEAR:      2017
                                          LATITUDE:   42 32 N
                                          LONGITUDE: 113 46 W

  TEMPERATURE IN F:       :PCPN:    SNOW:  WIND      :SUNSHINE: SKY     :PK WND
================================================================================
1   2   3   4   5  6A  6B    7    8   9   10  11  12  13   14  15   16   17  18
                                     12Z  AVG MX 2MIN
DY MAX MIN AVG DEP HDD CDD  WTR  SNW DPTH SPD SPD DIR MIN PSBL S-S WX    SPD DR
================================================================================

 1  62  39  51   9  14   0 0.00    M    M 14.3 29 270   M    M   2 8      37 270
 2  60  36  48   6  17   0 0.00    M    M  4.5 16 250   M    M   6        21 250
 3  52  39  46   5  19   0    T    M    M 10.6 21 210   M    M   8        29 200
 4  39  32  36  -5  29   0 0.16    M    M  9.4 18 270   M    M  10 1      27 280
 5  46  31  39  -1  26   0 0.02    M    M  3.2 15 250   M    M   8 1      20 320
 6  38  25  32  -8  33   0 0.02    M    M  7.4 18 240   M    M   6 1      26 250
 7  39  19  29 -10  36   0 0.00    M    M  4.1 13  70   M    M   1        15  70
 8  47  22  35  -4  30   0 0.00    M    M  6.1 20  60   M    M   2        25  50
 9  61  33  47   9  18   0 0.02    M    M  8.6 22 190   M    M   6        29 320
10  55  35  45   7  20   0    T    M    M  5.5 24 270   M    M   5        32 270
11  51  27  39   1  26   0    T    M    M  6.9 15 250   M    M   1        20 270
12  58  26  42   5  23   0 0.00    M    M  5.2 17  60   M    M   0        22  60
13  60  27  44   7  21   0 0.00    M    M  4.8 15 210   M    M   1        18 200
14  53  28  41   5  24   0 0.01    M    M  8.2 23 250   M    M   5        29 240
15  51  26  39   3  26   0 0.05    M    M  5.3 10  60   M    M   5        13  50
16  54  38  46  11  19   0 0.38    M    M  9.0 25 200   M    M  10 1      36 200
17  43  29  36   1  29   0 0.01    M    M 13.0 29 260   M    M   4 1      41 280
18  43  27  35   1  30   0 0.00    M    M  7.2 14 200   M    M   0        17 210
19  49  24  37   3  28   0 0.00    M    M  3.9 10  40   M    M   0        14  50
================================================================================
SM  961  563       468   0  0.67    M    137.2          M       80
================================================================================
AV 50.6 29.6                               7.2 FASTST   M    M   4    MAX(MPH)
                                 MISC ---->  # 29 270               # 41  280
================================================================================
NOTES:
# LAST OF SEVERAL OCCURRENCES
PRECIPITATION SUSPECT DURING FREEZING/FROZEN EVENTS

COLUMN 17 PEAK WIND IN M.P.H.

PRELIMINARY LOCAL CLIMATOLOGICAL DATA (WS FORM: F-6) , PAGE 2

                                          STATION:  BURLEY ID
                                          MONTH:    NOVEMBER
                                          YEAR:     2017
                                          LATITUDE:   42 32 N
                                          LONGITUDE: 113 46 W

[TEMPERATURE DATA]      [PRECIPITATION DATA]       SYMBOLS USED IN COLUMN 16

AVERAGE MONTHLY: 40.1   TOTAL FOR MONTH:   0.67    1 = FOG OR MIST
DPTR FM NORMAL:   2.1   DPTR FM NORMAL:    0.10    2 = FOG REDUCING VISIBILITY
HIGHEST:    62 ON  1    GRTST 24HR  0.38 ON 16-16      TO 1/4 MILE OR LESS
LOWEST:     19 ON  7                               3 = THUNDER
                        SNOW, ICE PELLETS, HAIL    4 = ICE PELLETS
                        TOTAL MONTH:    M          5 = HAIL
                        GRTST 24HR    M  ON   M    6 = FREEZING RAIN OR DRIZZLE
                        GRTST DEPTH:  M  ON   M    7 = DUSTSTORM OR SANDSTORM:
                                                       VSBY 1/2 MILE OR LESS
                                                   8 = SMOKE OR HAZE
[NO. OF DAYS WITH]      [WEATHER - DAYS WITH]      9 = BLOWING SNOW
                                                   X = TORNADO
MAX 32 OR BELOW:   0    0.01 INCH OR MORE:   8
MAX 90 OR ABOVE:   0    0.10 INCH OR MORE:   2
MIN 32 OR BELOW:  13    0.50 INCH OR MORE:   0
MIN  0 OR BELOW:   0    1.00 INCH OR MORE:   0

[HDD (BASE 65) ]
TOTAL THIS MO.   468    CLEAR  (SCALE 0-3)   8
DPTR FM NORMAL   -45    PTCLDY (SCALE 4-7)   9
TOTAL FM JUL 1  1319    CLOUDY (SCALE 8-10)  2
DPTR FM NORMAL    -2

[CDD (BASE 65) ]
TOTAL THIS MO.     0
DPTR FM NORMAL     0    [PRESSURE DATA]
TOTAL FM JAN 1   601    HIGHEST SLP M ON M
DPTR FM NORMAL   236    LOWEST  SLP 29.67 ON 16

[REMARKS]
