000
CXUS56 KTFX 011205
CF6BZN
PRELIMINARY LOCAL CLIMATOLOGICAL DATA (WS FORM: F-6)

                                          STATION:   BOZEMAN/GALLATIN FIELD MT
                                          MONTH:     MAY
                                          YEAR:      2015
                                          LATITUDE:   45 46 N
                                          LONGITUDE: 111  9 W

  TEMPERATURE IN F:       :PCPN:    SNOW:  WIND      :SUNSHINE: SKY     :PK WND
================================================================================
1   2   3   4   5  6A  6B    7    8   9   10  11  12  13   14  15   16   17  18
                                     12Z  AVG MX 2MIN
DY MAX MIN AVG DEP HDD CDD  WTR  SNW DPTH SPD SPD DIR MIN PSBL S-S WX    SPD DR
================================================================================

 1  70  31  51   2  14   0 0.00  0.0    0  6.1 16 290   M    M   0        20 290
 2  70  40  55   5  10   0 0.00  0.0    0  6.8 23 280   M    M   3        30 280
 3  64  38  51   1  14   0 0.00  0.0    0  4.4 16 140   M    M   1        20 140
 4  73  33  53   3  12   0 0.00  0.0    0  3.6 14 170   M    M   1        17 180
 5  70  38  54   3  11   0 0.00  0.0    0  6.9 24 200   M    M   4 8      30 200
 6  58  42  50  -1  15   0    T  0.0    0  7.6 23 270   M    M   9        28 270
 7  49  36  43  -8  22   0 0.23  0.0    0  6.4 20  50   M    M  10 1      24  70
 8  46  32  39 -13  26   0 0.00  0.0    0  4.7 12 140   M    M   9        12 140
 9  54  32  43  -9  22   0 0.00  0.0    0  7.0 23 140   M    M   6        29 140
10  57  27  42 -10  23   0 0.00  0.0    0  5.5 18 140   M    M   4        21 150
11  63  24  44  -8  21   0 0.00  0.0    0  4.5 17 130   M    M   3        23 140
12  59  42  51  -2  14   0 0.44  0.0    0  8.7 24 150   M    M   8 1      29 150
13  69  40  55   2  10   0 0.02  0.0    0  6.3 16 340   M    M   3 12     19 150
14  61  39  50  -3  15   0 0.07  0.0    0  6.0 22 140   M    M   5 1      27 150
15  61  40  51  -3  14   0 0.13  0.0    0  5.0 18 140   M    M   8 13     22 140
16  50  41  46  -8  19   0 0.71  0.0    0 10.1 17 170   M    M   9 1      20 300
17  51  37  44 -10  21   0 0.01  0.0    0  8.1 22 350   M    M  10        26 340
18  52  33  43 -11  22   0 0.00  0.0    0  4.7 22 160   M    M   9        26 160
19  57  41  49  -6  16   0 0.00  0.0    0  9.0 25  50   M    M   7        32  50
20  63  36  50  -5  15   0 0.00  0.0    0  8.6 23  50   M    M   2        33  60
21  67  39  53  -2  12   0 0.08  0.0    0  6.9 22 130   M    M   4        26 160
22  68  36  52  -3  13   0 0.13  0.0    0  4.2 18 360   M    M   3 3      22 360
23  58  47  53  -3  12   0 0.18  0.0    0  4.0 13 340   M    M  10 1      17  30
24  61  42  52  -4  13   0 0.14  0.0    0  3.1 20 120   M    M   8 1      23 120
25  70  38  54  -2  11   0 0.06  0.0    0  4.5 21 260   M    M   1 12     28 260
26  69  49  59   3   6   0 0.17  0.0    0  4.2 22 270   M    M   6 1      26 280
27  64  48  56  -1   9   0 0.07  0.0    0  4.8 16 290   M    M   7 13     20 300
28  57  48  53  -4  12   0 0.54  0.0    0  4.5 24  60   M    M   9 13     28  60
29  70  47  59   2   6   0 0.07  0.0    0  6.2 17 150   M    M   4 13     20 140
30  69  47  58   1   7   0 0.06  0.0    0  5.0 33 140   M    M   6 1      38 140
31  79  44  62   4   3   0 0.22  0.0    0  6.2 44 310   M    M   2 3      52 310
================================================================================
SM 1929 1207       440   0  3.33     0.0 183.6          M      171
================================================================================
AV 62.2 38.9                               5.9 FASTST   M    M   6    MAX(MPH)
                                 MISC ---->  # 44 310               # 52  310
================================================================================
NOTES:
# LAST OF SEVERAL OCCURRENCES

COLUMN 17 PEAK WIND IN M.P.H.

PRELIMINARY LOCAL CLIMATOLOGICAL DATA (WS FORM: F-6) , PAGE 2

                                          STATION:  BOZEMAN/GALLATIN FIELD MT
                                          MONTH:    MAY
                                          YEAR:     2015
                                          LATITUDE:   45 46 N
                                          LONGITUDE: 111  9 W

[TEMPERATURE DATA]      [PRECIPITATION DATA]       SYMBOLS USED IN COLUMN 16

AVERAGE MONTHLY: 50.6   TOTAL FOR MONTH:   3.33    1 = FOG OR MIST
DPTR FM NORMAL:  -3.0   DPTR FM NORMAL:    0.88    2 = FOG REDUCING VISIBILITY
HIGHEST:    79 ON 31    GRTST 24HR  0.73 ON 15-16      TO 1/4 MILE OR LESS
LOWEST:     24 ON 11                               3 = THUNDER
                        SNOW, ICE PELLETS, HAIL    4 = ICE PELLETS
                        TOTAL MONTH:   0.0 INCH    5 = HAIL
                        GRTST 24HR     0.0         6 = FREEZING RAIN OR DRIZZLE
                        GRTST DEPTH:   0           7 = DUSTSTORM OR SANDSTORM:
                                                       VSBY 1/2 MILE OR LESS
                                                   8 = SMOKE OR HAZE
[NO. OF DAYS WITH]      [WEATHER - DAYS WITH]      9 = BLOWING SNOW
                                                   X = TORNADO
MAX 32 OR BELOW:   0    0.01 INCH OR MORE:  18
MAX 90 OR ABOVE:   0    0.10 INCH OR MORE:  10
MIN 32 OR BELOW:   5    0.50 INCH OR MORE:   2
MIN  0 OR BELOW:   0    1.00 INCH OR MORE:   0

[HDD (BASE 65) ]
TOTAL THIS MO.   440    CLEAR  (SCALE 0-3)   9
DPTR FM NORMAL    84    PTCLDY (SCALE 4-7)  13
TOTAL FM JUL 1  7464    CLOUDY (SCALE 8-10)  9
DPTR FM NORMAL    47

[CDD (BASE 65) ]
TOTAL THIS MO.     0
DPTR FM NORMAL    -4    [PRESSURE DATA]
TOTAL FM JAN 1     0    HIGHEST SLP 30.34 ON 18
DPTR FM NORMAL    -4    LOWEST  SLP 29.56 ON 16

[REMARKS]
#FINAL-05-15#
