000
CXUS55 KABQ 291000
CF6CAO
PRELIMINARY LOCAL CLIMATOLOGICAL DATA (WS FORM: F-6)

                                          STATION:   CLAYTON  NM
                                          MONTH:     JUNE
                                          YEAR:      2015
                                          LATITUDE:   36 27 N
                                          LONGITUDE: 103  9 W

  TEMPERATURE IN F:       :PCPN:    SNOW:  WIND      :SUNSHINE: SKY     :PK WND
================================================================================
1   2   3   4   5  6A  6B    7    8   9   10  11  12  13   14  15   16   17  18
                                     12Z  AVG MX 2MIN
DY MAX MIN AVG DEP HDD CDD  WTR  SNW DPTH SPD SPD DIR MIN PSBL S-S WX    SPD DR
================================================================================

 1  84  56  70   4   0   5 0.00  0.0    0 10.8 25 220   M    M   0 3      34 230
 2  89  57  73   7   0   8 0.00  0.0    0 11.9 21 240   M    M   0        28 250
 3  88  59  74   7   0   9 0.00  0.0    0 11.6 18  90   M    M   0        23  10
 4  89  58  74   7   0   9    T  0.0    0 12.5 26 180   M    M   0 3      32 200
 5  82  61  72   5   0   7 0.08  0.0    0 14.5 28 160   M    M   2 3      34 150
 6  82  61  72   4   0   7    T  0.0    0 12.4 25 170   M    M   2        33 240
 7  85  56  71   3   0   6 0.43  0.0    0 10.9 36 260   M    M   1 123    46 280
 8  83  56  70   2   0   5    T  0.0    0  7.5 24 200   M    M   2 3      36 210
 9  85  61  73   4   0   8 0.00  0.0    0 11.5 20 200   M    M   0        22 200
10  84  61  73   4   0   8 0.10  0.0    0 15.3 35 270   M    M   1 3      42 260
11  88  59  74   5   0   9 0.00  0.0    0 11.8 31 340   M    M   3 3      42 350
12  69  57  63  -7   2   0 0.80  0.0    0  8.2 25  20   M    M   7 13     30  10
13  79  58  69  -1   0   4 0.00  0.0    0 10.6 23 190   M    M   3 1      28 200
14  74  56  65  -5   0   0 0.07  0.0    0  6.9 18 300   M    M   0 3      23 310
15  80  55  68  -2   0   3 0.00  0.0    0  8.8 15  70   M    M   3 12     19  70
16  80  58  69  -2   0   4 0.00  0.0    0 10.1 18 180   M    M   0        23 180
17  88  57  73   2   0   8 0.00  0.0    0  8.9 18  20   M    M   0        23  10
18  91  58  75   4   0  10 0.04  0.0    0  8.9 35 140   M    M   0 3      57 120
19  88  58  73   1   0   8 0.00  0.0    0 12.7 24 180   M    M   0        30 180
20  94  61  78   6   0  13 0.00  0.0    0 10.1 20 220   M    M   0        26 200
21  94  63  79   7   0  14 0.00  0.0    0 14.0 23 190   M    M   0        28 200
22  97  67  82  10   0  17 0.00  0.0    0 14.4 23 170   M    M   0 8      26 240
23  88  60  74   2   0   9 0.00  0.0    0 15.2 30 190   M    M   0        37 190
24  89  62  76   3   0  11 0.00  0.0    0 17.7 30 190   M    M   0        39 200
25  92  64  78   5   0  13    T  0.0    0 10.2 35 310   M    M   0 3      43 310
26  85  59  72  -1   0   7 0.02  0.0    0 11.0 25  50   M    M   4        30  40
27  86  58  72  -1   0   7 0.00  0.0    0  7.0 15 180   M    M   3        18 180
28  94  61  78   4   0  13 0.00  0.0    0  9.8 21  20   M    M   0        25  10
================================================================================
SM 2407 1657         2 222  1.54     0.0 315.2          M       31
================================================================================
AV 86.0 59.2                              11.3 FASTST   M    M   1    MAX(MPH)
                                 MISC ---->  # 36 260               # 57  120
================================================================================
NOTES:
# LAST OF SEVERAL OCCURRENCES

COLUMN 17 PEAK WIND IN M.P.H.

PRELIMINARY LOCAL CLIMATOLOGICAL DATA (WS FORM: F-6) , PAGE 2

                                          STATION:  CLAYTON  NM
                                          MONTH:    JUNE
                                          YEAR:     2015
                                          LATITUDE:   36 27 N
                                          LONGITUDE: 103  9 W

[TEMPERATURE DATA]      [PRECIPITATION DATA]       SYMBOLS USED IN COLUMN 16

AVERAGE MONTHLY: 72.6   TOTAL FOR MONTH:   1.54    1 = FOG OR MIST
DPTR FM NORMAL:   2.5   DPTR FM NORMAL:   -0.43    2 = FOG REDUCING VISIBILITY
HIGHEST:    97 ON 22    GRTST 24HR  0.80 ON 12-12      TO 1/4 MILE OR LESS
LOWEST:     55 ON 15                               3 = THUNDER
                        SNOW, ICE PELLETS, HAIL    4 = ICE PELLETS
                        TOTAL MONTH:   0.0 INCH    5 = HAIL
                        GRTST 24HR     0.0         6 = FREEZING RAIN OR DRIZZLE
                        GRTST DEPTH:   0           7 = DUSTSTORM OR SANDSTORM:
                                                       VSBY 1/2 MILE OR LESS
                                                   8 = SMOKE OR HAZE
[NO. OF DAYS WITH]      [WEATHER - DAYS WITH]      9 = BLOWING SNOW
                                                   X = TORNADO
MAX 32 OR BELOW:   0    0.01 INCH OR MORE:   7
MAX 90 OR ABOVE:   6    0.10 INCH OR MORE:   3
MIN 32 OR BELOW:   0    0.50 INCH OR MORE:   1
MIN  0 OR BELOW:   0    1.00 INCH OR MORE:   0

[HDD (BASE 65) ]
TOTAL THIS MO.     2    CLEAR  (SCALE 0-3)  26
DPTR FM NORMAL   -19    PTCLDY (SCALE 4-7)   2
TOTAL FM JUL 1  4470    CLOUDY (SCALE 8-10)  0
DPTR FM NORMAL  -412

[CDD (BASE 65) ]
TOTAL THIS MO.   222
DPTR FM NORMAL    56    [PRESSURE DATA]
TOTAL FM JAN 1   227    HIGHEST SLP M ON M
DPTR FM NORMAL    10    LOWEST  SLP 29.56 ON 11

[REMARKS]
