000
CXUS55 KABQ 291000
CF6CAO
PRELIMINARY LOCAL CLIMATOLOGICAL DATA (WS FORM: F-6)

                                          STATION:   CLAYTON  NM
                                          MONTH:     AUGUST
                                          YEAR:      2014
                                          LATITUDE:   36 27 N
                                          LONGITUDE: 103  9 W

  TEMPERATURE IN F:       :PCPN:    SNOW:  WIND      :SUNSHINE: SKY     :PK WND
================================================================================
1   2   3   4   5  6A  6B    7    8   9   10  11  12  13   14  15   16   17  18
                                     12Z  AVG MX 2MIN
DY MAX MIN AVG DEP HDD CDD  WTR  SNW DPTH SPD SPD DIR MIN PSBL S-S WX    SPD DR
================================================================================

 1  77  61  69  -5   0   4 0.04  0.0    0  5.8 15 150   M    M   9        19 140
 2  81  61  71  -3   0   6 0.00  0.0    0  5.6 12 170   M    M   6        22 170
 3  84  59  72  -2   0   7 0.00  0.0    0  8.7 17 150   M    M   1        30 180
 4  87  58  73  -1   0   8 0.00  0.0    0 13.1 24 180   M    M   1        30 180
 5  87  60  74   0   0   9 0.24  0.0    0 14.1 30 160   M    M   3 38     43 290
 6  90  57  74   0   0   9 0.00  0.0    0  6.1 14  20   M    M   0        19  20
 7  91  62  77   3   0  12 0.02  0.0    0  8.1 25 280   M    M   2        32 290
 8  85  62  74   0   0   9 0.05  0.0    0 10.4 25 340   M    M   2 3      31 350
 9  92  61  77   3   0  12 0.00  0.0    0 12.3 28 330   M    M   0 3      34 330
10  87  61  74   0   0   9 0.24  0.0    0 10.5 25 280   M    M   4 3      32 280
11  81  59  70  -4   0   5 0.00  0.0    0  7.1 16 150   M    M   2        19 140
12  86  61  74   0   0   9 0.00  0.0    0 10.7 18 230   M    M   1        25 190
13  90  64  77   3   0  12 0.00  0.0    0 12.9 24 200   M    M   1        33 220
14  91  63  77   3   0  12 0.00  0.0    0 16.9 30 200   M    M   1        39 200
15  93  65  79   5   0  14 0.00  0.0    0 11.0 41 310   M    M   2 8      50 310
16  89  65  77   3   0  12 0.02  0.0    0 11.6 33 320   M    M   1 3      46 320
17  94  66  80   7   0  15 0.00  0.0    0  9.8 20 160   M    M   0        23 160
18  95  67  81   8   0  16 0.00  0.0    0 12.3 25 180   M    M   0 3      33 190
19  94  65  80   7   0  15 0.00  0.0    0 13.5 23 150   M    M   0        28 160
20  95  64  80   7   0  15 0.00  0.0    0 14.8 28 180   M    M   1        35 190
21  94  65  80   7   0  15 0.00  0.0    0  9.1 23 150   M    M   1        26 150
22  94  64  79   6   0  14    T  0.0    0 12.6 32 200   M    M   1        42 220
23  92  61  77   4   0  12 0.00  0.0    0 15.2 28 190   M    M   0        37 180
24  93  62  78   5   0  13 0.00  0.0    0 10.9 21 170   M    M   1        27 170
25  94  61  78   6   0  13 0.01  0.0    0 10.2 33 150   M    M   2 3      42 170
26  89  63  76   4   0  11 1.15  0.0    0 11.8 37 140   M    M   3 13     46 150
27  83  61  72   0   0   7 0.00  0.0    0 11.8 23 200   M    M   3 12     28 200
28  81  59  70  -2   0   5 0.25  0.0    0 10.9 35 320   M    M   2 3      44 320
================================================================================
SM 2489 1737         0 300  2.02     0.0 307.8          M       50
================================================================================
AV 88.9 62.0                              11.0 FASTST   M    M   2    MAX(MPH)
                                 MISC ---->  # 41 310               # 50  310
================================================================================
NOTES:
# LAST OF SEVERAL OCCURRENCES

COLUMN 17 PEAK WIND IN M.P.H.

PRELIMINARY LOCAL CLIMATOLOGICAL DATA (WS FORM: F-6) , PAGE 2

                                          STATION:  CLAYTON  NM
                                          MONTH:    AUGUST
                                          YEAR:     2014
                                          LATITUDE:   36 27 N
                                          LONGITUDE: 103  9 W

[TEMPERATURE DATA]      [PRECIPITATION DATA]       SYMBOLS USED IN COLUMN 16

AVERAGE MONTHLY: 75.5   TOTAL FOR MONTH:   2.02    1 = FOG OR MIST
DPTR FM NORMAL:   2.0   DPTR FM NORMAL:   -0.70    2 = FOG REDUCING VISIBILITY
HIGHEST:    95 ON 20,18 GRTST 24HR  1.15 ON 25-26      TO 1/4 MILE OR LESS
LOWEST:     57 ON  6                               3 = THUNDER
                        SNOW, ICE PELLETS, HAIL    4 = ICE PELLETS
                        TOTAL MONTH:   0.0 INCH    5 = HAIL
                        GRTST 24HR     0.0         6 = FREEZING RAIN OR DRIZZLE
                        GRTST DEPTH:   0           7 = DUSTSTORM OR SANDSTORM:
                                                       VSBY 1/2 MILE OR LESS
                                                   8 = SMOKE OR HAZE
[NO. OF DAYS WITH]      [WEATHER - DAYS WITH]      9 = BLOWING SNOW
                                                   X = TORNADO
MAX 32 OR BELOW:   0    0.01 INCH OR MORE:   9
MAX 90 OR ABOVE:  15    0.10 INCH OR MORE:   4
MIN 32 OR BELOW:   0    0.50 INCH OR MORE:   1
MIN  0 OR BELOW:   0    1.00 INCH OR MORE:   1

[HDD (BASE 65) ]
TOTAL THIS MO.     0    CLEAR  (SCALE 0-3)  25
DPTR FM NORMAL     0    PTCLDY (SCALE 4-7)   2
TOTAL FM JUL 1     0    CLOUDY (SCALE 8-10)  1
DPTR FM NORMAL    -2

[CDD (BASE 65) ]
TOTAL THIS MO.   300
DPTR FM NORMAL    62    [PRESSURE DATA]
TOTAL FM JAN 1   976    HIGHEST SLP M ON M
DPTR FM NORMAL   201    LOWEST  SLP 29.67 ON 19

[REMARKS]
