000
CXUS55 KABQ 011656
CF6CAO
PRELIMINARY LOCAL CLIMATOLOGICAL DATA (WS FORM: F-6)

                                          STATION:   CLAYTON  NM
                                          MONTH:     JANUARY
                                          YEAR:      2015
                                          LATITUDE:   36 27 N
                                          LONGITUDE: 103  9 W

  TEMPERATURE IN F:       :PCPN:    SNOW:  WIND      :SUNSHINE: SKY     :PK WND
================================================================================
1   2   3   4   5  6A  6B    7    8   9   10  11  12  13   14  15   16   17  18
                                     12Z  AVG MX 2MIN
DY MAX MIN AVG DEP HDD CDD  WTR  SNW DPTH SPD SPD DIR MIN PSBL S-S WX    SPD DR
================================================================================

 1  33  13  23 -12  42   0 0.00  0.0    1  7.3 14 200   M    M   4        19 210
 2  39  12  26  -9  39   0 0.00  0.0    0  7.4 13 300   M    M   0        16 300
 3  38  17  28  -7  37   0 0.54  4.2    1 11.5 33 360   M    M   9 12     39 360
 4  26   2  14 -21  51   0 0.00  0.0    2 14.0 31 200   M    M   0        37 340
 5  63  13  38   3  27   0 0.00  0.0    1 10.5 22 250   M    M   0        29 240
 6  53  29  41   6  24   0 0.00  0.0    0 11.4 21 200   M    M   0        25 200
 7  43  14  29  -6  36   0 0.01  0.1    0   M   M   M   M    M   9 1269    M  M
 8  70  22  46  11  19   0 0.00  0.0    0 17.5 36 230   M    M   2 1      50 230
 9  31  20  26  -9  39   0 0.03  0.0    T 14.6 31 220   M    M  10 126    40 210
10  47  26  37   2  28   0 0.00  0.0    0 15.5 30 220   M    M   4        39 220
11  61  27  44   9  21   0 0.00  0.0    0  8.8 18  30   M    M   0        23  30
12  32  18  25 -10  40   0 0.01  0.2    0 10.5 21  10   M    M   9 12     25  10
13  33  16  25 -10  40   0    T    T    0 13.6 23 200   M    M   8 1      28 210
14  38  23  31  -5  34   0    T    T    0  8.7 20 360   M    M   7 1      24 360
15  55  24  40   4  25   0 0.00  0.0    0 11.2 21 350   M    M   0        25 350
16  69  31  50  14  15   0 0.00  0.0    0 11.8 25 270   M    M   0        32 270
17  58  35  47  11  18   0 0.00  0.0    0 14.2 35 340   M    M   0        42 340
18  68  36  52  16  13   0 0.00  0.0    0 12.7 24 250   M    M   0        31 240
19  68  29  49  13  16   0 0.00  0.0    0  8.9 18 320   M    M   0        23 320
20  41  29  35  -1  30   0 0.00  0.0    0  8.4 18  30   M    M   6 1      23  30
21  35  26  31  -5  34   0 0.76  4.5    0 10.7 23  30   M    M  10 12     27  30
22  28  14  21 -15  44   0 0.04    T    5 11.4 21 250   M    M   3 1      24 250
23  40  14  27  -9  38   0 0.00  0.0    5 15.6 24 340   M    M   0        31 330
24  49  27  38   2  27   0 0.00  0.0    4 12.7 24 320   M    M   0        29 320
25  48  30  39   3  26   0 0.00  0.0    2 12.5 23 360   M    M   0        26 360
26  66  36  51  15  14   0 0.00  0.0    1 10.8 20 270   M    M   0        25 270
27  69  40  55  19  10   0 0.00  0.0    0 12.3 21 200   M    M   0        25 200
28  68  42  55  19  10   0 0.00  0.0    0 10.0 21  30   M    M   0        25  30
29  48  37  43   7  22   0 0.00  0.0    0 10.0 21 360   M    M   5        26 360
30  40  33  37   1  28   0 0.07  0.2    0 13.2 23 190   M    M  10 1      27 190
31  44  32  38   2  27   0 0.10    T    0 12.5 21 200   M    M  10 16     24 200
================================================================================
SM 1501  767       874   0  1.56     9.2 350.2          M      106
================================================================================
AV 48.4 24.7                              11.7 FASTST   M    M   3    MAX(MPH)
                                 MISC ---->  # 36 230               # 50  230
================================================================================
NOTES:
# LAST OF SEVERAL OCCURRENCES

COLUMN 17 PEAK WIND IN M.P.H.

PRELIMINARY LOCAL CLIMATOLOGICAL DATA (WS FORM: F-6) , PAGE 2

                                          STATION:  CLAYTON  NM
                                          MONTH:    JANUARY
                                          YEAR:     2015
                                          LATITUDE:   36 27 N
                                          LONGITUDE: 103  9 W

[TEMPERATURE DATA]      [PRECIPITATION DATA]       SYMBOLS USED IN COLUMN 16

AVERAGE MONTHLY: 36.6   TOTAL FOR MONTH:   1.56    1 = FOG OR MIST
DPTR FM NORMAL:   1.2   DPTR FM NORMAL:    1.28    2 = FOG REDUCING VISIBILITY
HIGHEST:    70 ON  8    GRTST 24HR  0.80 ON 21-22      TO 1/4 MILE OR LESS
LOWEST:      2 ON  4                               3 = THUNDER
                        SNOW, ICE PELLETS, HAIL    4 = ICE PELLETS
                        TOTAL MONTH:   9.2 INCHES  5 = HAIL
                        GRTST 24HR   4.5 ON 21-21  6 = FREEZING RAIN OR DRIZZLE
                        GRTST DEPTH:   5 ON 23,22  7 = DUSTSTORM OR SANDSTORM:
                                                       VSBY 1/2 MILE OR LESS
                                                   8 = SMOKE OR HAZE
[NO. OF DAYS WITH]      [WEATHER - DAYS WITH]      9 = BLOWING SNOW
                                                   X = TORNADO
MAX 32 OR BELOW:   4    0.01 INCH OR MORE:   8
MAX 90 OR ABOVE:   0    0.10 INCH OR MORE:   3
MIN 32 OR BELOW:  24    0.50 INCH OR MORE:   2
MIN  0 OR BELOW:   0    1.00 INCH OR MORE:   0

[HDD (BASE 65) ]
TOTAL THIS MO.   874    CLEAR  (SCALE 0-3)  18
DPTR FM NORMAL   -44    PTCLDY (SCALE 4-7)   6
TOTAL FM JUL 1  2715    CLOUDY (SCALE 8-10)  7
DPTR FM NORMAL  -191

[CDD (BASE 65) ]
TOTAL THIS MO.     0
DPTR FM NORMAL     0    [PRESSURE DATA]
TOTAL FM JAN 1     0    HIGHEST SLP 30.89 ON  7
DPTR FM NORMAL     0    LOWEST  SLP 29.72 ON  3

[REMARKS]
#FINAL-01-15#
