000
CXUS51 KCAR 190600
CF6CAR
PRELIMINARY LOCAL CLIMATOLOGICAL DATA (WS FORM: F-6)

                                          STATION:   CARIBOU ME
                                          MONTH:     FEBRUARY
                                          YEAR:      2018
                                          LATITUDE:   46 52 N
                                          LONGITUDE:  68  1 W

  TEMPERATURE IN F:       :PCPN:    SNOW:  WIND      :SUNSHINE: SKY     :PK WND
================================================================================
1   2   3   4   5  6A  6B    7    8   9   10  11  12  13   14  15   16   17  18
                                     12Z  AVG MX 2MIN
DY MAX MIN AVG DEP HDD CDD  WTR  SNW DPTH SPD SPD DIR MIN PSBL S-S WX    SPD DR
================================================================================

 1  29  10  20  10  45   0 0.07  1.3   27  7.5 14 160   M    M   9 18     18 160
 2  28  -4  12   1  53   0 0.19  2.9   28 12.0 24 300   M    M   6 189    38 310
 3   6 -13  -3 -14  68   0 0.00  0.0   28  6.7 17 300   M    M   3 8      26 300
 4  33  -1  16   5  49   0 0.48  5.8   28  8.9 20 200   M    M   9 18     27 210
 5  36   6  21  10  44   0 0.32  1.7   30  9.1 23 310   M    M   7 18     32 310
 6  22   5  14   2  51   0    T    T   30  6.6 14 190   M    M   6 18     19 220
 7  15  -3   6  -6  59   0 0.50  6.1   30  4.6 13  10   M    M   6 1      17  60
 8  18  -2   8  -4  57   0 0.02  0.9   36  8.7 20 330   M    M   5 8      25 300
 9  20  -8   6  -6  59   0    T    T   35  4.9 20 250   M    M   3        27 240
10  25   4  15   3  50   0 0.15  2.4   35  4.1 12 180   M    M   9 1      15 190
11  27  21  24  11  41   0 0.09  0.7   36  8.2 15 180   M    M  10 16     23 190
12  34   8  21   8  44   0    T    T   35 10.1 20 260   M    M   6        29 270
13  17  -4   7  -6  58   0 0.00  0.0   34  6.8 16 330   M    M   1        20 330
14  31  11  21   7  44   0 0.00  0.0   33  7.2 14 210   M    M   6        18 200
15  41  25  33  19  32   0 0.01    T   33  6.1 15 240   M    M   7 1      18 260
16  38   8  23   9  42   0    T  0.1   32 11.3 26 320   M    M   7        39 320
17  22  -2  10  -5  55   0 0.00  0.0   32  7.2 15 180   M    M   0        22 160
18  35  15  25  10  40   0 0.06  0.9   33  4.7 15 300   M    M   6 18     22 290
================================================================================
SM  477   76       891   0  1.89    22.8 134.7          M      106
================================================================================
AV 26.5  4.2                               7.5 FASTST   M    M   6    MAX(MPH)
                                 MISC ---->  # 26 320               # 39  320
================================================================================
NOTES:
# LAST OF SEVERAL OCCURRENCES

COLUMN 17 PEAK WIND IN M.P.H.

PRELIMINARY LOCAL CLIMATOLOGICAL DATA (WS FORM: F-6) , PAGE 2

                                          STATION:  CARIBOU ME
                                          MONTH:    FEBRUARY
                                          YEAR:     2018
                                          LATITUDE:   46 52 N
                                          LONGITUDE:  68  1 W

[TEMPERATURE DATA]      [PRECIPITATION DATA]       SYMBOLS USED IN COLUMN 16

AVERAGE MONTHLY: 15.4   TOTAL FOR MONTH:   1.89    1 = FOG OR MIST
DPTR FM NORMAL:   2.9   DPTR FM NORMAL:    0.49    2 = FOG REDUCING VISIBILITY
HIGHEST:    41 ON 15    GRTST 24HR  0.50 ON  7- 7      TO 1/4 MILE OR LESS
LOWEST:    -13 ON  3                               3 = THUNDER
                        SNOW, ICE PELLETS, HAIL    4 = ICE PELLETS
                        TOTAL MONTH:  22.8 INCHES  5 = HAIL
                        GRTST 24HR   6.1 ON  7- 7  6 = FREEZING RAIN OR DRIZZLE
                        GRTST DEPTH:  36 ON 11, 8  7 = DUSTSTORM OR SANDSTORM:
                                                       VSBY 1/2 MILE OR LESS
                                                   8 = SMOKE OR HAZE
[NO. OF DAYS WITH]      [WEATHER - DAYS WITH]      9 = BLOWING SNOW
                                                   X = TORNADO
MAX 32 OR BELOW:  12    0.01 INCH OR MORE:  10
MAX 90 OR ABOVE:   0    0.10 INCH OR MORE:   5
MIN 32 OR BELOW:  18    0.50 INCH OR MORE:   1
MIN  0 OR BELOW:   8    1.00 INCH OR MORE:   0

[HDD (BASE 65) ]
TOTAL THIS MO.   891    CLEAR  (SCALE 0-3)   3
DPTR FM NORMAL   -53    PTCLDY (SCALE 4-7)  11
TOTAL FM JUL 1  5820    CLOUDY (SCALE 8-10)  4
DPTR FM NORMAL  -418

[CDD (BASE 65) ]
TOTAL THIS MO.     0
DPTR FM NORMAL     0    [PRESSURE DATA]
TOTAL FM JAN 1     0    HIGHEST SLP M ON M
DPTR FM NORMAL     0    LOWEST  SLP 29.42 ON  5

[REMARKS]
