000
CXUS54 KLZK 181430
CF6CCA
PRELIMINARY LOCAL CLIMATOLOGICAL DATA (WS FORM: F-6)

                                          STATION:   Clinton
                                          MONTH:     DECEMBER
                                          YEAR:      2014
                                          LATITUDE:   35 32 N
                                          LONGITUDE:  92 22 W

  TEMPERATURE IN F:       :PCPN:    SNOW:  WIND      :SUNSHINE: SKY     :PK WND
================================================================================
1   2   3   4   5  6A  6B    7    8   9   10  11  12  13   14  15   16   17  18
                                     12Z  AVG MX 2MIN
DY MAX MIN AVG DEP HDD CDD  WTR  SNW DPTH SPD SPD DIR MIN PSBL S-S WX    SPD DR
================================================================================

 1  59  32  46   M  19   0 0.01    M    0  5.3 10 320   M    M  10 1       M  M
 2  39  32  36   M  29   0 0.00  0.0    0  2.6  8 190   M    M  10 8       M  M
 3  46  39  43   M  22   0 0.00  0.0    0  0.6  5  90   M    M  10 1       M  M
 4  48  41  45   M  20   0 0.00  0.0    0  0.0  M   M   M    M  10 12      M  M
 5  57  48  53   M  12   0 0.91    M    0  0.0  M   M   M    M  10 12      M  M
 6  57  45  51   M  14   0 0.00  0.0    0  4.8 12 320   M    M  10        16 320
 7  46  39  43   M  22   0 0.00  0.0    0  1.6  6 130   M    M   5 18      M  M
 8  59  32  46   M  19   0 0.00  0.0    0  1.3  7 280   M    M   2 18      M  M
 9  46  28  37   M  28   0 0.00  0.0    0  2.3  8 340   M    M   4 128     M  M
10  48  25  37   M  28   0 0.00  0.0    0  0.7  5  90   M    M   5 18      M  M
11  46  32  39   M  26   0 0.00  0.0    0  0.9  6 100   M    M   8 18      M  M
12  48  32  40   M  25   0 0.00  0.0    0  0.6  4 100   M    M  10 18      M  M
13  59  41  50   M  15   0 0.00  0.0    0  0.3  5  70   M    M   8 128     M  M
14  64  41  53   M  12   0 0.00  0.0    0  2.2  8 130   M    M   7 128    16 130
15  66  46  56   M   9   0 0.75    M    0  7.9 18 250   M    M   8 138    24 220
16  48  30  39   M  26   0 0.00  0.0    0  6.7 13 280   M    M   5        22 270
17  41  28  35   M  30   0 0.29    M    0  0.5  5 190   M    M   4 18      M  M
================================================================================
SM  877  611       356   0  1.96     0.0  38.3          M      126
================================================================================
AV 51.6 35.9                               2.3 FASTST   M    M   7    MAX(MPH)
                                 MISC ---->    18   M                 24    M
================================================================================
NOTES:
# LAST OF SEVERAL OCCURRENCES

COLUMN 17 PEAK WIND IN M.P.H.

PRELIMINARY LOCAL CLIMATOLOGICAL DATA (WS FORM: F-6) , PAGE 2

                                          STATION:  Clinton
                                          MONTH:    DECEMBER
                                          YEAR:     2014
                                          LATITUDE:   35 32 N
                                          LONGITUDE:  92 22 W

[TEMPERATURE DATA]      [PRECIPITATION DATA]       SYMBOLS USED IN COLUMN 16

AVERAGE MONTHLY: 43.8   TOTAL FOR MONTH:   1.96    1 = FOG OR MIST
DPTR FM NORMAL:     M   DPTR FM NORMAL:       M    2 = FOG REDUCING VISIBILITY
HIGHEST:    66 ON 15    GRTST 24HR  0.91 ON  5- 5      TO 1/4 MILE OR LESS
LOWEST:     25 ON 10                               3 = THUNDER
                        SNOW, ICE PELLETS, HAIL    4 = ICE PELLETS
                        TOTAL MONTH:   0.0 INCH    5 = HAIL
                        GRTST 24HR     0.0         6 = FREEZING RAIN OR DRIZZLE
                        GRTST DEPTH:   0           7 = DUSTSTORM OR SANDSTORM:
                                                       VSBY 1/2 MILE OR LESS
                                                   8 = SMOKE OR HAZE
[NO. OF DAYS WITH]      [WEATHER - DAYS WITH]      9 = BLOWING SNOW
                                                   X = TORNADO
MAX 32 OR BELOW:   0    0.01 INCH OR MORE:   4
MAX 90 OR ABOVE:   0    0.10 INCH OR MORE:   3
MIN 32 OR BELOW:   9    0.50 INCH OR MORE:   2
MIN  0 OR BELOW:   0    1.00 INCH OR MORE:   0

[HDD (BASE 65) ]
TOTAL THIS MO.   356    CLEAR  (SCALE 0-3)   1
DPTR FM NORMAL     M    PTCLDY (SCALE 4-7)   8
TOTAL FM JUL 1   986    CLOUDY (SCALE 8-10)  8
DPTR FM NORMAL     M

[CDD (BASE 65) ]
TOTAL THIS MO.     0
DPTR FM NORMAL     M    [PRESSURE DATA]
TOTAL FM JAN 1  1598    HIGHEST SLP M ON M
DPTR FM NORMAL     M    LOWEST  SLP M ON M

[REMARKS]
