000
CXUS54 KLUB 160755
CF6CDS
PRELIMINARY LOCAL CLIMATOLOGICAL DATA (WS FORM: F-6)

                                          STATION:   CHILDRESS
                                          MONTH:     JANUARY
                                          YEAR:      2018
                                          LATITUDE:   34 25 N
                                          LONGITUDE: 100 17 W

  TEMPERATURE IN F:       :PCPN:    SNOW:  WIND      :SUNSHINE: SKY     :PK WND
================================================================================
1   2   3   4   5  6A  6B    7    8   9   10  11  12  13   14  15   16   17  18
                                     12Z  AVG MX 2MIN
DY MAX MIN AVG DEP HDD CDD  WTR  SNW DPTH SPD SPD DIR MIN PSBL S-S WX    SPD DR
================================================================================

 1  23   6  15 -26  50   0 0.00  0.0    0  6.0 12  60   M    M   0        15  40
 2  27   5  16 -25  49   0 0.00  0.0    0  5.4  9 230   M    M   0        12 300
 3  54  13  34  -7  31   0 0.00  0.0    0  7.9 17  10   M    M   0        20 360
 4  50  23  37  -4  28   0 0.00  0.0    0  7.4 16 140   M    M   0        19 130
 5  58  19  39  -2  26   0 0.00  0.0    0  5.3 10 330   M    M   0        12 120
 6  60  21  41   0  24   0 0.00  0.0    0  8.5 21 170   M    M   0        26 170
 7  61  35  48   7  17   0    T  0.0    0 14.2 30 340   M    M   3        35 340
 8  62  28  45   4  20   0 0.00  0.0    0  7.1 13 170   M    M   0        15 180
 9  77  36  57  16   8   0 0.00  0.0    0 13.4 24 190   M    M   0        29 200
10  75  39  57  16   8   0    T  0.0    0 12.9 40 220   M    M   1 8      50 230
11  53  26  40  -1  25   0 0.00  0.0    0 23.3 45 350   M    M   2 8      54 350
12  44  17  31 -10  34   0 0.00  0.0    0  5.8 14 140   M    M   0        18  90
13  42  17  30 -11  35   0 0.00  0.0    0  6.4 15 140   M    M   0        17 140
14  55  21  38  -3  27   0 0.00  0.0    0  6.1 12 190   M    M   0        14 360
15  41  21  31 -10  34   0 0.00  0.0    0 15.1 29  20   M    M   5        37  50
================================================================================
SM  782  327       416   0    T      0.0 144.8          M       11
================================================================================
AV 52.1 21.8                               9.7 FASTST   M    M   1    MAX(MPH)
                                 MISC ---->  # 45 350               # 54  350
================================================================================
NOTES:
# LAST OF SEVERAL OCCURRENCES

COLUMN 17 PEAK WIND IN M.P.H.

PRELIMINARY LOCAL CLIMATOLOGICAL DATA (WS FORM: F-6) , PAGE 2

                                          STATION:  CHILDRESS
                                          MONTH:    JANUARY
                                          YEAR:     2018
                                          LATITUDE:   34 25 N
                                          LONGITUDE: 100 17 W

[TEMPERATURE DATA]      [PRECIPITATION DATA]       SYMBOLS USED IN COLUMN 16

AVERAGE MONTHLY: 37.0   TOTAL FOR MONTH:      T    1 = FOG OR MIST
DPTR FM NORMAL:  -4.0   DPTR FM NORMAL:   -0.28    2 = FOG REDUCING VISIBILITY
HIGHEST:    77 ON  9    GRTST 24HR    T  ON 10-10      TO 1/4 MILE OR LESS
LOWEST:      5 ON  2                               3 = THUNDER
                        SNOW, ICE PELLETS, HAIL    4 = ICE PELLETS
                        TOTAL MONTH:   0.0 INCH    5 = HAIL
                        GRTST 24HR     0.0         6 = FREEZING RAIN OR DRIZZLE
                        GRTST DEPTH:   0           7 = DUSTSTORM OR SANDSTORM:
                                                       VSBY 1/2 MILE OR LESS
                                                   8 = SMOKE OR HAZE
[NO. OF DAYS WITH]      [WEATHER - DAYS WITH]      9 = BLOWING SNOW
                                                   X = TORNADO
MAX 32 OR BELOW:   2    0.01 INCH OR MORE:   0
MAX 90 OR ABOVE:   0    0.10 INCH OR MORE:   0
MIN 32 OR BELOW:  12    0.50 INCH OR MORE:   0
MIN  0 OR BELOW:   0    1.00 INCH OR MORE:   0

[HDD (BASE 65) ]
TOTAL THIS MO.   416    CLEAR  (SCALE 0-3)  14
DPTR FM NORMAL    56    PTCLDY (SCALE 4-7)   1
TOTAL FM JUL 1  1539    CLOUDY (SCALE 8-10)  0
DPTR FM NORMAL   -94

[CDD (BASE 65) ]
TOTAL THIS MO.     0
DPTR FM NORMAL     0    [PRESSURE DATA]
TOTAL FM JAN 1     0    HIGHEST SLP M ON M
DPTR FM NORMAL     0    LOWEST  SLP 29.42 ON 11

[REMARKS]
