000
CXUS56 KEKA 181230
CF6CEC
PRELIMINARY LOCAL CLIMATOLOGICAL DATA (WS FORM: F-6)

                                          STATION:   CRESCENT CITY CA
                                          MONTH:     JANUARY
                                          YEAR:      2018
                                          LATITUDE:   41 46 N
                                          LONGITUDE: 124 14 W

  TEMPERATURE IN F:       :PCPN:    SNOW:  WIND      :SUNSHINE: SKY     :PK WND
================================================================================
1   2   3   4   5  6A  6B    7    8   9   10  11  12  13   14  15   16   17  18
                                     12Z  AVG MX 2MIN
DY MAX MIN AVG DEP HDD CDD  WTR  SNW DPTH SPD SPD DIR MIN PSBL S-S WX    SPD DR
================================================================================

 1  59  47  53   5  12   0 0.00  0.0    0  4.0 10 350   M    M   4 2      14 340
 2  55  48  52   4  13   0 0.00  0.0    0  2.9 10  60   M    M   5 28     13  60
 3  69  51  60  12   5   0 0.02  0.0    0  4.7 12 180   M    M   3 18     13  90
 4  63  56  60  12   5   0 0.31  0.0    0  6.4 17 150   M    M  10 18     22 160
 5  59  50  55   7  10   0 0.77  0.0    0 11.4 33 180   M    M   9 1      39 180
 6  56  44  50   2  15   0 0.01    M    0  4.9 12 320   M    M   3 18     13 320
 7  56  42  49   1  16   0 0.00  0.0    0  5.2  9 140   M    M   3        12 220
 8  55  47  51   3  14   0 0.57    M    0  4.2 10 150   M    M   9 18     13 150
 9  55  47  51   3  14   0 0.63    M    0 12.5 26 330   M    M   6 1      35 330
10  55  48  52   4  13   0 0.24    M    0 12.6 23 160   M    M  10 18     30 170
11  57  53  55   7  10   0 0.32  0.0    0 16.5 32 180   M    M  10 18     40 190
12  58  47  53   5  12   0 0.00  0.0    0  4.4 12 180   M    M   6 18     15 180
13  62  43  53   5  12   0 0.00  0.0    0  4.8 13 160   M    M   1 18     16 170
14  68  47  58  10   7   0 0.00  0.0    0  6.1 17 170   M    M   0 18     23 260
15  61  45  53   5  12   0 0.70    M    0  9.3 20 160   M    M   6 18     25 160
16  61  47  54   6  11   0 0.00    M    0  5.8 13 160   M    M   3 18     16 160
17  62  53  58  10   7   0 0.78  0.0    0 15.0 31 170   M    M   6 18     39 150
================================================================================
SM 1011  815       188   0  4.35     0.0 130.7          M       94
================================================================================
AV 59.5 47.9                               7.7 FASTST   M    M   6    MAX(MPH)
                                 MISC ---->  # 33 180               # 40  190
================================================================================
NOTES:
# LAST OF SEVERAL OCCURRENCES

COLUMN 17 PEAK WIND IN M.P.H.

PRELIMINARY LOCAL CLIMATOLOGICAL DATA (WS FORM: F-6) , PAGE 2

                                          STATION:  CRESCENT CITY CA
                                          MONTH:    JANUARY
                                          YEAR:     2018
                                          LATITUDE:   41 46 N
                                          LONGITUDE: 124 14 W

[TEMPERATURE DATA]      [PRECIPITATION DATA]       SYMBOLS USED IN COLUMN 16

AVERAGE MONTHLY: 53.7   TOTAL FOR MONTH:   4.35    1 = FOG OR MIST
DPTR FM NORMAL:   5.7   DPTR FM NORMAL:   -2.26    2 = FOG REDUCING VISIBILITY
HIGHEST:    69 ON  3    GRTST 24HR  0.78 ON 17-17      TO 1/4 MILE OR LESS
LOWEST:     42 ON  7                               3 = THUNDER
                        SNOW, ICE PELLETS, HAIL    4 = ICE PELLETS
                        TOTAL MONTH:   0.0 INCH    5 = HAIL
                        GRTST 24HR     0.0         6 = FREEZING RAIN OR DRIZZLE
                        GRTST DEPTH:   0           7 = DUSTSTORM OR SANDSTORM:
                                                       VSBY 1/2 MILE OR LESS
                                                   8 = SMOKE OR HAZE
[NO. OF DAYS WITH]      [WEATHER - DAYS WITH]      9 = BLOWING SNOW
                                                   X = TORNADO
MAX 32 OR BELOW:   0    0.01 INCH OR MORE:  10
MAX 90 OR ABOVE:   0    0.10 INCH OR MORE:   8
MIN 32 OR BELOW:   0    0.50 INCH OR MORE:   5
MIN  0 OR BELOW:   0    1.00 INCH OR MORE:   0

[HDD (BASE 65) ]
TOTAL THIS MO.   188    CLEAR  (SCALE 0-3)   5
DPTR FM NORMAL  -101    PTCLDY (SCALE 4-7)   7
TOTAL FM JUL 1  2150    CLOUDY (SCALE 8-10)  5
DPTR FM NORMAL  -295

[CDD (BASE 65) ]
TOTAL THIS MO.     0
DPTR FM NORMAL     0    [PRESSURE DATA]
TOTAL FM JAN 1     0    HIGHEST SLP M ON M
DPTR FM NORMAL     0    LOWEST  SLP 29.58 ON  9

[REMARKS]
