000
CXUS54 KHGX 300739
CF6CLL
PRELIMINARY LOCAL CLIMATOLOGICAL DATA (WS FORM: F-6)

                                          STATION:   COLLEGE STATION
                                          MONTH:     MAY
                                          YEAR:      2015
                                          LATITUDE:   30 34 N
                                          LONGITUDE:  96 22 W

  TEMPERATURE IN F:       :PCPN:    SNOW:  WIND      :SUNSHINE: SKY     :PK WND
================================================================================
1   2   3   4   5  6A  6B    7    8   9   10  11  12  13   14  15   16   17  18
                                     12Z  AVG MX 2MIN
DY MAX MIN AVG DEP HDD CDD  WTR  SNW DPTH SPD SPD DIR MIN PSBL S-S WX    SPD DR
================================================================================

 1  83  57  70  -2   0   5 0.00  0.0    0  1.7  9 260   M    M   1        12 250
 2  82  58  70  -3   0   5 0.00  0.0    0  5.5 14 140   M    M   1        21 160
 3  83  58  71  -2   0   6 0.00  0.0    0  7.8 17 170   M    M   1        24 200
 4  84  63  74   1   0   9 0.00  0.0    0  9.5 16 110   M    M   1 8      21  60
 5  85  63  74   1   0   9 0.03  0.0    0 14.9 30 160   M    M   5 3      36 160
 6  85  66  76   2   0  11 1.95  0.0    0 12.6 26 140   M    M   7 13     34 140
 7  86  72  79   5   0  14 0.00  0.0    0 11.9 22 160   M    M   8        29 160
 8  84  74  79   5   0  14 0.01  0.0    0 12.1 21 140   M    M   8 18     28 130
 9  88  74  81   7   0  16 0.03  0.0    0 15.0 30 160   M    M   8 13     37 160
10  88  76  82   7   0  17    T  0.0    0 16.5 25 150   M    M   8        34 160
11  78  67  73  -2   0   8 0.82  0.0    0  8.5 20 120   M    M   7 13     24 120
12  72  67  70  -5   0   5 0.32  0.0    0  9.3 15  70   M    M   7 1      20  60
13  75  67  71  -5   0   6 0.30  0.0    0  8.8 25 250   M    M   8 13     35 250
14  84  68  76   0   0  11 0.69  0.0    0  9.8 33 180   M    M   7 13     41 180
15  77  69  73  -3   0   8 0.33  0.0    0  7.4 22 110   M    M   7 13     30 100
16  88  68  78   2   0  13    T  0.0    0 14.0 26 160   M    M   6 1      33 160
17  78  70  74  -2   0   9 0.77  0.0    0  8.2 23 170   M    M   7 13     30 160
18  86  71  79   2   0  14 0.18  0.0    0  7.3 25 170   M    M   5 13     31 170
19  87  73  80   3   0  15 0.01  0.0    0 10.9 22 140   M    M   6 18     28 170
20  89  73  81   4   0  16 0.00  0.0    0  6.8 16 170   M    M   4 1      20 170
21  77  65  71  -7   0   6 0.00  0.0    0  9.9 21 360   M    M  10 1      27 350
22  80  65  73  -5   0   8    T  0.0    0  9.8 15 120   M    M   9 1      19 120
23  87  67  77  -1   0  12 0.12  0.0    0 11.2 24 160   M    M   4 13     36 270
24  81  67  74  -4   0   9 0.74  0.0    0 11.1 28 160   M    M   6 13     35 160
25  85  66  76  -2   0  11 2.31  0.0    0 12.2 26 150   M    M   7 13     33 150
26  87  66  77  -2   0  12 0.00  0.0    0 11.2 20 150   M    M   5        25 150
27  86  65  76  -3   0  11 0.55  0.0    0  9.2 26 360   M    M   3 13     34 360
28  87  71  79   0   0  14    T  0.0    0  8.7 17 180   M    M   4 3      22 170
29  87  67  77  -2   0  12 0.57  0.0    0  7.5 30 210   M    M   3 13     37 200
================================================================================
SM 2419 1953         0 306  9.73     0.0 289.3          M      163
================================================================================
AV 83.4 67.3                              10.0 FASTST   M    M   6    MAX(MPH)
                                 MISC ---->  # 33 180               # 41  180
================================================================================
NOTES:
# LAST OF SEVERAL OCCURRENCES

COLUMN 17 PEAK WIND IN M.P.H.

PRELIMINARY LOCAL CLIMATOLOGICAL DATA (WS FORM: F-6) , PAGE 2

                                          STATION:  COLLEGE STATION
                                          MONTH:    MAY
                                          YEAR:     2015
                                          LATITUDE:   30 34 N
                                          LONGITUDE:  96 22 W

[TEMPERATURE DATA]      [PRECIPITATION DATA]       SYMBOLS USED IN COLUMN 16

AVERAGE MONTHLY: 75.4   TOTAL FOR MONTH:   9.73    1 = FOG OR MIST
DPTR FM NORMAL:  -0.6   DPTR FM NORMAL:    5.69    2 = FOG REDUCING VISIBILITY
HIGHEST:    89 ON 20    GRTST 24HR  2.31 ON 25-25      TO 1/4 MILE OR LESS
LOWEST:     57 ON  1                               3 = THUNDER
                        SNOW, ICE PELLETS, HAIL    4 = ICE PELLETS
                        TOTAL MONTH:   0.0 INCH    5 = HAIL
                        GRTST 24HR     0.0         6 = FREEZING RAIN OR DRIZZLE
                        GRTST DEPTH:   0           7 = DUSTSTORM OR SANDSTORM:
                                                       VSBY 1/2 MILE OR LESS
                                                   8 = SMOKE OR HAZE
[NO. OF DAYS WITH]      [WEATHER - DAYS WITH]      9 = BLOWING SNOW
                                                   X = TORNADO
MAX 32 OR BELOW:   0    0.01 INCH OR MORE:  17
MAX 90 OR ABOVE:   0    0.10 INCH OR MORE:  13
MIN 32 OR BELOW:   0    0.50 INCH OR MORE:   8
MIN  0 OR BELOW:   0    1.00 INCH OR MORE:   2

[HDD (BASE 65) ]
TOTAL THIS MO.     0    CLEAR  (SCALE 0-3)   4
DPTR FM NORMAL     0    PTCLDY (SCALE 4-7)  22
TOTAL FM JUL 1  1768    CLOUDY (SCALE 8-10)  3
DPTR FM NORMAL   162

[CDD (BASE 65) ]
TOTAL THIS MO.   306
DPTR FM NORMAL   -15    [PRESSURE DATA]
TOTAL FM JAN 1   545    HIGHEST SLP M ON M
DPTR FM NORMAL   -15    LOWEST  SLP 29.80 ON 25

[REMARKS]
