000
CXUS52 KGSP 250817
CF6CLT
PRELIMINARY LOCAL CLIMATOLOGICAL DATA (WS FORM: F-6)

                                          STATION:   CHARLOTTE NC
                                          MONTH:     SEPTEMBER
                                          YEAR:      2016
                                          LATITUDE:   35 12 N
                                          LONGITUDE:  80 57 W

  TEMPERATURE IN F:       :PCPN:    SNOW:  WIND      :SUNSHINE: SKY     :PK WND
================================================================================
1   2   3   4   5  6A  6B    7    8   9   10  11  12  13   14  15   16   17  18
                                     12Z  AVG MX 2MIN
DY MAX MIN AVG DEP HDD CDD  WTR  SNW DPTH SPD SPD DIR MIN PSBL S-S WX    SPD DR
================================================================================

 1  95  68  82   7   0  17 0.54  0.0    0  5.1 23 350   M    M   4 13     30 350
 2  73  66  70  -5   0   5 0.71  0.0    0 13.5 23  50   M    M   9 1      31  30
 3  85  61  73  -2   0   8 0.00  0.0    0  8.2 21  10   M    M   4        30  10
 4  85  61  73  -1   0   8 0.00  0.0    0  4.5 12 350   M    M   3        17  80
 5  88  60  74   0   0   9 0.00  0.0    0  2.8  9 280   M    M   1        14  60
 6  92  61  77   3   0  12 0.00  0.0    0  3.8 15 360   M    M   1        19 360
 7  93  63  78   4   0  13 0.00  0.0    0  4.3 12 230   M    M   1        16 200
 8  94  65  80   7   0  15 0.00  0.0    0  4.1 10 210   M    M   2        14 210
 9  95  69  82   9   0  17 0.00  0.0    0  4.8 10 150   M    M   5        14 140
10  94  71  83  10   0  18 0.00  0.0    0  5.8 14 220   M    M   4        17 210
11  91  70  81   9   0  16 0.00  0.0    0  6.3 14  20   M    M   6        21  80
12  83  66  75   3   0  10 0.00  0.0    0  6.9 14 150   M    M   8        19  70
13  88  67  78   6   0  13 0.00  0.0    0  4.9 13 130   M    M   4 1      17 110
14  91  65  78   6   0  13 0.00  0.0    0  6.4 16 130   M    M   3 1      22 110
15  92  66  79   8   0  14 0.00  0.0    0  6.4 14  70   M    M   3 1      23 100
16  87  70  79   8   0  14 0.00  0.0    0  8.1 14 130   M    M   5        23 110
17  86  66  76   6   0  11 0.00  0.0    0  5.0 10 130   M    M   4        16  90
18  89  65  77   7   0  12 0.00  0.0    0  3.5 12 150   M    M   7        16 100
19  90  72  81  11   0  16    T  0.0    0  6.5 23  40   M    M   7        29  50
20  87  68  78   8   0  13 0.00  0.0    0  9.9 18  40   M    M   5        29  40
21  81  70  76   7   0  11 0.01  0.0    0 12.8 23  30   M    M   6        31  30
22  82  69  76   7   0  11    T  0.0    0  9.9 17  10   M    M   9 1      24  60
23  86  66  76   8   0  11    T  0.0    0  5.8 12  10   M    M   7        16  70
24  93  63  78  10   0  13 0.00  0.0    0  3.6 10 170   M    M   1        13  60
================================================================================
SM 2120 1588         0 300  1.26     0.0 152.9          M      109
================================================================================
AV 88.3 66.2                               6.4 FASTST   M    M   5    MAX(MPH)
                                 MISC ---->  # 23 350               # 31   30
================================================================================
NOTES:
# LAST OF SEVERAL OCCURRENCES

COLUMN 17 PEAK WIND IN M.P.H.

PRELIMINARY LOCAL CLIMATOLOGICAL DATA (WS FORM: F-6) , PAGE 2

                                          STATION:  CHARLOTTE NC
                                          MONTH:    SEPTEMBER
                                          YEAR:     2016
                                          LATITUDE:   35 12 N
                                          LONGITUDE:  80 57 W

[TEMPERATURE DATA]      [PRECIPITATION DATA]       SYMBOLS USED IN COLUMN 16

AVERAGE MONTHLY: 77.2   TOTAL FOR MONTH:   1.26    1 = FOG OR MIST
DPTR FM NORMAL:   5.4   DPTR FM NORMAL:   -1.30    2 = FOG REDUCING VISIBILITY
HIGHEST:    95 ON  9, 1 GRTST 24HR  1.14 ON  1- 2      TO 1/4 MILE OR LESS
LOWEST:     60 ON  5                               3 = THUNDER
                        SNOW, ICE PELLETS, HAIL    4 = ICE PELLETS
                        TOTAL MONTH:   0.0 INCH    5 = HAIL
                        GRTST 24HR     0.0         6 = FREEZING RAIN OR DRIZZLE
                        GRTST DEPTH:   0           7 = DUSTSTORM OR SANDSTORM:
                                                       VSBY 1/2 MILE OR LESS
                                                   8 = SMOKE OR HAZE
[NO. OF DAYS WITH]      [WEATHER - DAYS WITH]      9 = BLOWING SNOW
                                                   X = TORNADO
MAX 32 OR BELOW:   0    0.01 INCH OR MORE:   3
MAX 90 OR ABOVE:  11    0.10 INCH OR MORE:   2
MIN 32 OR BELOW:   0    0.50 INCH OR MORE:   2
MIN  0 OR BELOW:   0    1.00 INCH OR MORE:   0

[HDD (BASE 65) ]
TOTAL THIS MO.     0    CLEAR  (SCALE 0-3)   7
DPTR FM NORMAL    -9    PTCLDY (SCALE 4-7)  15
TOTAL FM JUL 1     0    CLOUDY (SCALE 8-10)  2
DPTR FM NORMAL    -9

[CDD (BASE 65) ]
TOTAL THIS MO.   300
DPTR FM NORMAL   123    [PRESSURE DATA]
TOTAL FM JAN 1  2067    HIGHEST SLP M ON M
DPTR FM NORMAL   613    LOWEST  SLP 29.80 ON  1

[REMARKS]
