000
CXUS55 KLOX 181655
CF6CMA
PRELIMINARY LOCAL CLIMATOLOGICAL DATA (WS FORM: F-6)

                                          STATION:   CAMARILLO AIRPORT CA
                                          MONTH:     AUGUST
                                          YEAR:      2017
                                          LATITUDE:   34 12 N
                                          LONGITUDE: 119  6 W

  TEMPERATURE IN F:       :PCPN:    SNOW:  WIND      :SUNSHINE: SKY     :PK WND
================================================================================
1   2   3   4   5  6A  6B    7    8   9   10  11  12  13   14  15   16   17  18
                                     12Z  AVG MX 2MIN
DY MAX MIN AVG DEP HDD CDD  WTR  SNW DPTH SPD SPD DIR MIN PSBL S-S WX    SPD DR
================================================================================

 1  84  63  74   7   0   9 0.00  0.0    0  4.9 13 310   M    M   0        15 270
 2  88  69  79  12   0  14 0.00  0.0    0  4.4 13 210   M    M   0        16 230
 3  88  70  79  12   0  14 0.00  0.0    0  5.4 16 200   M    M   0 8      20 210
 4  83  67  75   8   0  10 0.00  0.0    0  6.1 15 240   M    M   0 1      21 240
 5  80  66  73   6   0   8 0.00  0.0    0  5.2 14 260   M    M   3        19 220
 6  78  65  72   5   0   7 0.00  0.0    0  4.7 14 230   M    M   3        21 260
 7  78  63  71   3   0   6 0.00  0.0    0  4.7 14 260   M    M   3 1      19 270
 8  80  63  72   4   0   7 0.00  0.0    0  5.3 14 260   M    M   0 18     20 250
 9  78  62  70   2   0   5 0.00  0.0    0  4.4 13 240   M    M   1 18     18 260
10  79  61  70   2   0   5 0.00  0.0    0  4.9 14 230   M    M   2 18     19 220
11  78  60  69   1   0   4 0.00  0.0    0  3.7 14 260   M    M   3 18     18 250
12  76  61  69   1   0   4 0.00  0.0    0  4.9 13 260   M    M   4 128    16 260
13  78  64  71   3   0   6 0.00  0.0    0  5.3 14 260   M    M   6 18     21 270
14  76  64  70   2   0   5 0.00  0.0    0  5.5 15 240   M    M   8 18     22 220
15  75  63  69   1   0   4 0.00  0.0    0  5.4 15 230   M    M   6        20 230
16  77  60  69   1   0   4 0.00  0.0    0  4.7 14 280   M    M   3 8       M  M
17  77  59  68   0   0   3 0.00  0.0    0  4.4 13 260   M    M   0        18 230
================================================================================
SM 1353 1080         0 115  0.00     0.0  83.9          M       42
================================================================================
AV 79.6 63.5                               4.9 FASTST   M    M   2    MAX(MPH)
                                 MISC ---->  # 16 200               # 22  220
================================================================================
NOTES:
# LAST OF SEVERAL OCCURRENCES

COLUMN 17 PEAK WIND IN M.P.H.

PRELIMINARY LOCAL CLIMATOLOGICAL DATA (WS FORM: F-6) , PAGE 2

                                          STATION:  CAMARILLO AIRPORT CA
                                          MONTH:    AUGUST
                                          YEAR:     2017
                                          LATITUDE:   34 12 N
                                          LONGITUDE: 119  6 W

[TEMPERATURE DATA]      [PRECIPITATION DATA]       SYMBOLS USED IN COLUMN 16

AVERAGE MONTHLY: 71.6   TOTAL FOR MONTH:   0.00    1 = FOG OR MIST
DPTR FM NORMAL:   3.9   DPTR FM NORMAL:   -0.02    2 = FOG REDUCING VISIBILITY
HIGHEST:    88 ON  3, 2 GRTST 24HR  0.00 ON 17-17      TO 1/4 MILE OR LESS
LOWEST:     59 ON 17                               3 = THUNDER
                        SNOW, ICE PELLETS, HAIL    4 = ICE PELLETS
                        TOTAL MONTH:   0.0 INCH    5 = HAIL
                        GRTST 24HR     0.0         6 = FREEZING RAIN OR DRIZZLE
                        GRTST DEPTH:   0           7 = DUSTSTORM OR SANDSTORM:
                                                       VSBY 1/2 MILE OR LESS
                                                   8 = SMOKE OR HAZE
[NO. OF DAYS WITH]      [WEATHER - DAYS WITH]      9 = BLOWING SNOW
                                                   X = TORNADO
MAX 32 OR BELOW:   0    0.01 INCH OR MORE:   0
MAX 90 OR ABOVE:   0    0.10 INCH OR MORE:   0
MIN 32 OR BELOW:   0    0.50 INCH OR MORE:   0
MIN  0 OR BELOW:   0    1.00 INCH OR MORE:   0

[HDD (BASE 65) ]
TOTAL THIS MO.     0    CLEAR  (SCALE 0-3)  11
DPTR FM NORMAL     0    PTCLDY (SCALE 4-7)   6
TOTAL FM JUL 1     1    CLOUDY (SCALE 8-10)  0
DPTR FM NORMAL    -9

[CDD (BASE 65) ]
TOTAL THIS MO.   115
DPTR FM NORMAL    64    [PRESSURE DATA]
TOTAL FM JAN 1   397    HIGHEST SLP M ON M
DPTR FM NORMAL   221    LOWEST  SLP 29.75 ON 11

[REMARKS]
