000
CXUS55 KLOX 251655
CF6CMA
PRELIMINARY LOCAL CLIMATOLOGICAL DATA (WS FORM: F-6)

                                          STATION:   CAMARILLO AIRPORT CA
                                          MONTH:     MAY
                                          YEAR:      2015
                                          LATITUDE:   34 12 N
                                          LONGITUDE: 119  6 W

  TEMPERATURE IN F:       :PCPN:    SNOW:  WIND      :SUNSHINE: SKY     :PK WND
================================================================================
1   2   3   4   5  6A  6B    7    8   9   10  11  12  13   14  15   16   17  18
                                     12Z  AVG MX 2MIN
DY MAX MIN AVG DEP HDD CDD  WTR  SNW DPTH SPD SPD DIR MIN PSBL S-S WX    SPD DR
================================================================================

 1  77  55  66   6   0   1 0.00  0.0    0  4.8 12 260   M    M   3 128    15 260
 2  71  50  61   1   4   0 0.00  0.0    0  5.8 15 260   M    M   0 18     18 260
 3  68  54  61   1   4   0 0.00  0.0    0  7.5 18 270   M    M   3 8      22 280
 4  67  50  59  -1   6   0 0.00  0.0    0  6.2 14 260   M    M   3        19 210
 5  67  52  60   0   5   0 0.00  0.0    0  5.8 14 210   M    M   8        19 220
 6  68  54  61   1   4   0 0.00  0.0    0  6.9 18 270   M    M  10        23 260
 7  66  50  58  -2   7   0 0.01  0.0    0  9.3 24 270   M    M   7        30 270
 8  66  51  59  -2   6   0 0.00  0.0    0  6.0 15 280   M    M   7        21 240
 9  67  53  60  -1   5   0 0.00  0.0    0  5.5 15 260   M    M   5        19 280
10  72  48  60  -1   5   0 0.00  0.0    0  4.4 14 240   M    M   0         M  M
11  73  53  63   2   2   0 0.00  0.0    0  5.3 14 270   M    M   0        20 250
12  71  50  61   0   4   0 0.00  0.0    0  5.5 17 270   M    M   1 18     21 270
13  69  50  60  -1   5   0 0.00  0.0    0  6.3 17 260   M    M   2        24 220
14  64  52  58  -3   7   0 0.21  0.0    0  6.8 18 220   M    M   7        23 220
15  67  52  60  -1   5   0 0.00  0.0    0  6.4 18 270   M    M   4        23 260
16  71  51  61  -1   4   0 0.00  0.0    0  6.8 22 200   M    M   1        27 210
17  70  54  62   0   3   0 0.00  0.0    0  5.0 16 260   M    M   1        21 230
18  71  54  63   1   2   0 0.00  0.0    0  6.9 23 260   M    M   2        27 260
19  70  53  62   0   3   0 0.00  0.0    0  7.6 16 260   M    M   0        23 240
20  70  55  63   1   2   0 0.00  0.0    0  5.9 15 220   M    M   0        21 250
21  71  53  62   0   3   0 0.00  0.0    0  9.2 23 270   M    M   5        28 270
22  70  57  64   2   1   0 0.00  0.0    0  7.9 18 260   M    M   5        22 260
23  71  54  63   1   2   0 0.00  0.0    0  7.4 18 260   M    M   1        23 260
24  70  50  60  -2   5   0 0.00  0.0    0  4.7 16 210   M    M   3        21 190
================================================================================
SM 1667 1255        94   1  0.22     0.0 153.9          M       78
================================================================================
AV 69.5 52.3                               6.4 FASTST   M    M   3    MAX(MPH)
                                 MISC ---->    24   M                 30    M
================================================================================
NOTES:
# LAST OF SEVERAL OCCURRENCES

COLUMN 17 PEAK WIND IN M.P.H.

PRELIMINARY LOCAL CLIMATOLOGICAL DATA (WS FORM: F-6) , PAGE 2

                                          STATION:  CAMARILLO AIRPORT CA
                                          MONTH:    MAY
                                          YEAR:     2015
                                          LATITUDE:   34 12 N
                                          LONGITUDE: 119  6 W

[TEMPERATURE DATA]      [PRECIPITATION DATA]       SYMBOLS USED IN COLUMN 16

AVERAGE MONTHLY: 60.9   TOTAL FOR MONTH:   0.22    1 = FOG OR MIST
DPTR FM NORMAL:  -0.2   DPTR FM NORMAL:   -0.08    2 = FOG REDUCING VISIBILITY
HIGHEST:    77 ON  1    GRTST 24HR  0.21 ON 13-14      TO 1/4 MILE OR LESS
LOWEST:     48 ON 10                               3 = THUNDER
                        SNOW, ICE PELLETS, HAIL    4 = ICE PELLETS
                        TOTAL MONTH:   0.0 INCH    5 = HAIL
                        GRTST 24HR     0.0         6 = FREEZING RAIN OR DRIZZLE
                        GRTST DEPTH:   0           7 = DUSTSTORM OR SANDSTORM:
                                                       VSBY 1/2 MILE OR LESS
                                                   8 = SMOKE OR HAZE
[NO. OF DAYS WITH]      [WEATHER - DAYS WITH]      9 = BLOWING SNOW
                                                   X = TORNADO
MAX 32 OR BELOW:   0    0.01 INCH OR MORE:   2
MAX 90 OR ABOVE:   0    0.10 INCH OR MORE:   1
MIN 32 OR BELOW:   0    0.50 INCH OR MORE:   0
MIN  0 OR BELOW:   0    1.00 INCH OR MORE:   0

[HDD (BASE 65) ]
TOTAL THIS MO.    94    CLEAR  (SCALE 0-3)  14
DPTR FM NORMAL    -9    PTCLDY (SCALE 4-7)   9
TOTAL FM JUL 1   959    CLOUDY (SCALE 8-10)  1
DPTR FM NORMAL  -964

[CDD (BASE 65) ]
TOTAL THIS MO.     1
DPTR FM NORMAL     1    [PRESSURE DATA]
TOTAL FM JAN 1   109    HIGHEST SLP M ON M
DPTR FM NORMAL    89    LOWEST  SLP 29.75 ON M

[REMARKS]
