000
CXUS54 KMAF 281100
CF6CNM
PRELIMINARY LOCAL CLIMATOLOGICAL DATA (WS FORM: F-6)

                                          STATION:   Carlsbad
                                          MONTH:     APRIL
                                          YEAR:      2016
                                          LATITUDE:   32 20 N
                                          LONGITUDE: 104 15 W

  TEMPERATURE IN F:       :PCPN:    SNOW:  WIND      :SUNSHINE: SKY     :PK WND
================================================================================
1   2   3   4   5  6A  6B    7    8   9   10  11  12  13   14  15   16   17  18
                                     12Z  AVG MX 2MIN
DY MAX MIN AVG DEP HDD CDD  WTR  SNW DPTH SPD SPD DIR MIN PSBL S-S WX    SPD DR
================================================================================

 1  56  35  46 -13  19   0 0.32    M    0  9.1 32 290   M    M   9 1      38 290
 2  63  30  47 -12  18   0 0.00  0.0    0  5.2 12 200   M    M   0        14 160
 3  78  35  57  -3   8   0 0.00  0.0    0  9.0 16 250   M    M   0        22 250
 4  84  38  61   1   4   0 0.00  0.0    0  7.4 16 130   M    M   0        20 150
 5  92  43  68   8   0   3 0.00  0.0    0 10.4 25 240   M    M   0        33 250
 6  75  48  62   2   3   0 0.00  0.0    0  9.3 26  20   M    M   1 8      31  10
 7  86  42  64   3   1   0 0.00  0.0    0  9.2 20  60   M    M   0        24  60
 8  74  56  65   4   0   0    T  0.0    0  7.7 21 130   M    M   6 38     25 120
 9  82  46  64   3   1   0 0.05    M    0  8.3 20 240   M    M   1 13     25 230
10  85  46  66   4   0   1 0.00  0.0    0  9.5 33 190   M    M   2 12     55 200
11  77  47  62   0   3   0 0.00  0.0    0 12.3 31 260   M    M   0        40  20
12  53  39  46 -16  19   0    T    M    0  8.0 14 320   M    M   6 3      16 310
13  76  35  56  -6   9   0 0.00  0.0    0  5.8 12 190   M    M   2 12     17  50
14  87  42  65   2   0   0 0.00  0.0    0  9.4 21 140   M    M   0        33 120
15  90  51  71   8   0   6 0.00  0.0    0 12.5 30 220   M    M   0        37 210
16  77  57  67   4   0   2    T  0.0    0 18.2 37 280   M    M   1        46 270
17  71  46  59  -5   6   0 0.00  0.0    0 11.7 18 330   M    M   0        30 320
18  72  50  61  -3   4   0 0.00  0.0    0 10.1 17 130   M    M   4        22 130
19  83  52  68   4   0   3 0.00  0.0    0  8.4 23 260   M    M   4        27 260
20  87  46  67   3   0   2 0.00  0.0    0  8.1 22 250   M    M   1 8      31 270
21  82  54  68   3   0   3 0.00  0.0    0 10.9 24 310   M    M   2        31 320
22  84  49  67   2   0   2 0.00  0.0    0  9.7 20 120   M    M   0        29 110
23  89  48  69   4   0   4 0.00  0.0    0 13.1 26 170   M    M   0        33 180
24  89  53  71   5   0   6 0.00  0.0    0 14.6 31 270   M    M   0        39 250
25  90  61  76  10   0  11 0.00  0.0    0 12.9 31 250   M    M   0        43 200
26  82  56  69   3   0   4    T  0.0    0 17.3 37 250   M    M   0        48 260
27  83  48  66  -1   0   1 0.00  0.0    0 10.4 22 230   M    M   0        31 260
================================================================================
SM 2147 1253        95  48  0.37     0.0 278.5          M       39
================================================================================
AV 79.5 46.4                              10.3 FASTST   M    M   1    MAX(MPH)
                                 MISC ---->  # 37 280               # 55  200
================================================================================
NOTES:
# LAST OF SEVERAL OCCURRENCES

COLUMN 17 PEAK WIND IN M.P.H.

PRELIMINARY LOCAL CLIMATOLOGICAL DATA (WS FORM: F-6) , PAGE 2

                                          STATION:  Carlsbad
                                          MONTH:    APRIL
                                          YEAR:     2016
                                          LATITUDE:   32 20 N
                                          LONGITUDE: 104 15 W

[TEMPERATURE DATA]      [PRECIPITATION DATA]       SYMBOLS USED IN COLUMN 16

AVERAGE MONTHLY: 63.0   TOTAL FOR MONTH:   0.37    1 = FOG OR MIST
DPTR FM NORMAL:   0.2   DPTR FM NORMAL:   -0.13    2 = FOG REDUCING VISIBILITY
HIGHEST:    92 ON  5    GRTST 24HR  0.32 ON  1- 1      TO 1/4 MILE OR LESS
LOWEST:     30 ON  2                               3 = THUNDER
                        SNOW, ICE PELLETS, HAIL    4 = ICE PELLETS
                        TOTAL MONTH:   0.0 INCH    5 = HAIL
                        GRTST 24HR     0.0         6 = FREEZING RAIN OR DRIZZLE
                        GRTST DEPTH:   0           7 = DUSTSTORM OR SANDSTORM:
                                                       VSBY 1/2 MILE OR LESS
                                                   8 = SMOKE OR HAZE
[NO. OF DAYS WITH]      [WEATHER - DAYS WITH]      9 = BLOWING SNOW
                                                   X = TORNADO
MAX 32 OR BELOW:   0    0.01 INCH OR MORE:   2
MAX 90 OR ABOVE:   3    0.10 INCH OR MORE:   1
MIN 32 OR BELOW:   1    0.50 INCH OR MORE:   0
MIN  0 OR BELOW:   0    1.00 INCH OR MORE:   0

[HDD (BASE 65) ]
TOTAL THIS MO.    95    CLEAR  (SCALE 0-3)  22
DPTR FM NORMAL   -20    PTCLDY (SCALE 4-7)   4
TOTAL FM JUL 1  2456    CLOUDY (SCALE 8-10)  1
DPTR FM NORMAL  -343

[CDD (BASE 65) ]
TOTAL THIS MO.    48
DPTR FM NORMAL    -6    [PRESSURE DATA]
TOTAL FM JAN 1    53    HIGHEST SLP M ON M
DPTR FM NORMAL   -11    LOWEST  SLP 29.45 ON 15

[REMARKS]
