000
CXUS53 KICT 290800
CF6CNU
PRELIMINARY LOCAL CLIMATOLOGICAL DATA (WS FORM: F-6)

                                          STATION:   CHANUTE KS
                                          MONTH:     AUGUST
                                          YEAR:      2016
                                          LATITUDE:   37 40 N
                                          LONGITUDE:  95 29 W

  TEMPERATURE IN F:       :PCPN:    SNOW:  WIND      :SUNSHINE: SKY     :PK WND
================================================================================
1   2   3   4   5  6A  6B    7    8   9   10  11  12  13   14  15   16   17  18
                                     12Z  AVG MX 2MIN
DY MAX MIN AVG DEP HDD CDD  WTR  SNW DPTH SPD SPD DIR MIN PSBL S-S WX    SPD DR
================================================================================

 1  95  76  86   6   0  21 0.00    M    M  9.4 16 140   M    M   1        27 100
 2  95  74  85   5   0  20 0.00    M    M  5.8 16 200   M    M   1        20 190
 3  95  76  86   6   0  21 0.00    M    M  6.2 13 150   M    M   1 3      15 150
 4  97  75  86   6   0  21 0.00    M    M  8.1 15 190   M    M   0        19 190
 5  88  75  82   2   0  17 0.13    M    M  6.2 17 270   M    M   6 13     21 270
 6  77  71  74  -6   0   9 1.48    M    M  5.7 15  70   M    M   7 13     19  70
 7  81  70  76  -4   0  11 0.14    M    M  8.1 14 310   M    M   5 13     18  50
 8  87  72  80   0   0  15 0.45    M    M  4.7 20 310   M    M   5 13     24 280
 9  94  73  84   4   0  19 0.00    M    M  6.1 17 160   M    M   2 13     23 160
10  94  73  84   4   0  19 0.00    M    M  8.2 24 180   M    M   0 3      30 190
11  98  76  87   7   0  22 0.00  0.0    M  9.9 16 190   M    M   0        22 180
12  87  71  79  -1   0  14 0.03  0.0    M  5.9 13 350   M    M   3 13     16 340
13  88  66  77  -3   0  12 0.00  0.0    M  8.1 17  20   M    M   0        25  20
14  88  64  76  -4   0  11 0.00    M    M  5.7 14  70   M    M   1 8      25  50
15  83  64  74  -5   0   9 0.00    M    M  2.5  8 100   M    M   1        12  50
16  88  61  75  -4   0  10 0.00    M    M  6.0 13 150   M    M   1 12     16 150
17  89  66  78  -1   0  13 0.00    M    M  7.3 15 200   M    M   0        23  30
18  88  70  79   0   0  14 0.00    M    M  6.9 13 210   M    M   4 1      16 200
19  90  67  79   0   0  14 2.31    M    M  9.5 24 330   M    M   5 13     37 350
20  81  58  70  -9   0   5 0.11    M    M  7.5 18 350   M    M   6 1      24 340
21  83  54  69 -10   0   4 0.00    M    M  3.9  9 350   M    M   0        16 310
22  85  58  72  -6   0   7 0.00    M    M  8.6 15 180   M    M   1        20 170
23  87  68  78   0   0  13 0.00    M    M 12.7 28 180   M    M   6        35 180
24  93  72  83   5   0  18    T    M    M 10.6 24 280   M    M   1 3      30 280
25  90  67  79   1   0  14 0.75    M    M  6.0 22 280   M    M   3 13     30 290
26  88  68  78   0   0  13 0.04    M    M  6.8 17 180   M    M   4 13     27 180
27  90  69  80   3   0  15    T    M    M  5.7 13 180   M    M   2 1      17 230
28  89  71  80   3   0  15 0.00    M    M  5.1 12  60   M    M   1 3      15  70
================================================================================
SM 2488 1925         0 396  5.44     0.0 197.2          M       67
================================================================================
AV 88.9 68.8                               7.0 FASTST   M    M   2    MAX(MPH)
                                 MISC ---->  # 28 180               # 37  350
================================================================================
NOTES:
# LAST OF SEVERAL OCCURRENCES

COLUMN 17 PEAK WIND IN M.P.H.

PRELIMINARY LOCAL CLIMATOLOGICAL DATA (WS FORM: F-6) , PAGE 2

                                          STATION:  CHANUTE KS
                                          MONTH:    AUGUST
                                          YEAR:     2016
                                          LATITUDE:   37 40 N
                                          LONGITUDE:  95 29 W

[TEMPERATURE DATA]      [PRECIPITATION DATA]       SYMBOLS USED IN COLUMN 16

AVERAGE MONTHLY: 78.8   TOTAL FOR MONTH:   5.44    1 = FOG OR MIST
DPTR FM NORMAL:  -0.4   DPTR FM NORMAL:    2.09    2 = FOG REDUCING VISIBILITY
HIGHEST:    98 ON 11    GRTST 24HR  2.42 ON 19-20      TO 1/4 MILE OR LESS
LOWEST:     54 ON 21                               3 = THUNDER
                        SNOW, ICE PELLETS, HAIL    4 = ICE PELLETS
                        TOTAL MONTH:   0.0 INCH    5 = HAIL
                        GRTST 24HR     0.0         6 = FREEZING RAIN OR DRIZZLE
                        GRTST DEPTH:  M  ON   M    7 = DUSTSTORM OR SANDSTORM:
                                                       VSBY 1/2 MILE OR LESS
                                                   8 = SMOKE OR HAZE
[NO. OF DAYS WITH]      [WEATHER - DAYS WITH]      9 = BLOWING SNOW
                                                   X = TORNADO
MAX 32 OR BELOW:   0    0.01 INCH OR MORE:   9
MAX 90 OR ABOVE:  11    0.10 INCH OR MORE:   7
MIN 32 OR BELOW:   0    0.50 INCH OR MORE:   3
MIN  0 OR BELOW:   0    1.00 INCH OR MORE:   2

[HDD (BASE 65) ]
TOTAL THIS MO.     0    CLEAR  (SCALE 0-3)  18
DPTR FM NORMAL     0    PTCLDY (SCALE 4-7)  10
TOTAL FM JUL 1     0    CLOUDY (SCALE 8-10)  0
DPTR FM NORMAL     0

[CDD (BASE 65) ]
TOTAL THIS MO.   396
DPTR FM NORMAL     0    [PRESSURE DATA]
TOTAL FM JAN 1  1438    HIGHEST SLP M ON M
DPTR FM NORMAL   168    LOWEST  SLP 29.67 ON 19

[REMARKS]
