000
CXUS53 KICT 260800
CF6CNU
PRELIMINARY LOCAL CLIMATOLOGICAL DATA (WS FORM: F-6)

                                          STATION:   CHANUTE KS
                                          MONTH:     FEBRUARY
                                          YEAR:      2015
                                          LATITUDE:   37 40 N
                                          LONGITUDE:  95 29 W

  TEMPERATURE IN F:       :PCPN:    SNOW:  WIND      :SUNSHINE: SKY     :PK WND
================================================================================
1   2   3   4   5  6A  6B    7    8   9   10  11  12  13   14  15   16   17  18
                                     12Z  AVG MX 2MIN
DY MAX MIN AVG DEP HDD CDD  WTR  SNW DPTH SPD SPD DIR MIN PSBL S-S WX    SPD DR
================================================================================

 1  43  14  29  -5  36   0 0.23    M    M 18.4 32 320   M    M  10 1      43 320
 2  29   9  19 -15  46   0    T    M    M  8.3 22 330   M    M   2 8      31 340
 3  54  22  38   4  27   0 0.00    M    M 11.5 23 190   M    M   0        27 190
 4  38  17  28  -6  37   0    T    M    M 12.6 24  10   M    M   4 18     33  10
 5  34  10  22 -13  43   0 0.00    M    M  7.6 13 170   M    M   0        17  10
 6  56  27  42   7  23   0 0.00    M    M 15.0 25 200   M    M   0        32 210
 7  66  36  51  16  14   0 0.00    M    M 12.6 23 200   M    M   0 1      30 210
 8  73  43  58  23   7   0 0.00    M    M 10.0 22 330   M    M   0        28 340
 9  47  31  39   3  26   0 0.00    M    M  8.0 16 360   M    M   3 18     21  10
10  59  28  44   8  21   0 0.00    M    M  6.7 15 110   M    M   1 1      21 100
11  43  24  34  -2  31   0 0.00    M    M 10.2 24 340   M    M   2        32 340
12  31  18  25 -11  40   0 0.00    M    M  8.9 23  10   M    M   1        31  10
13  50  22  36  -1  29   0 0.00    M    M  5.7 14 200   M    M   0        16 210
14  56  22  39   2  26   0 0.00    M    M 12.4 23  10   M    M   0        29  40
15  32  18  25 -12  40   0 0.07    M    M 13.6 20  90   M    M   5        26  80
16  29  16  23 -15  42   0 0.04    M    M  8.7 16 350   M    M   7 1      20  20
17  45  14  30  -8  35   0 0.03    M    M  8.2 39 300   M    M   5 1      49 310
18  26  10  18 -20  47   0 0.00    M    M 10.8 23 330   M    M   0        31 330
19  30  10  20 -19  45   0 0.00    M    M  8.1 16 110   M    M   7        22  90
20  38  19  29 -10  36   0 0.03    M    M  8.2 14 170   M    M   7 18     19 140
21  55  32  44   5  21   0 0.01    M    M  8.6 22  30   M    M   6 12     27  30
22  34  20  27 -13  38   0    T    M    M 15.3 23  10   M    M   9        30  10
23  25  15  20 -20  45   0 0.00    M    M  8.0 17  30   M    M   9        22 360
24  47  18  33  -7  32   0 0.00    M    M  9.0 18 280   M    M   3        24 290
25  53  18  36  -5  29   0 0.00    M    M  9.9 30 350   M    M   2        37 330
================================================================================
SM 1093  513       816   0  0.41    M    256.3          M       83
================================================================================
AV 43.7 20.5                              10.3 FASTST   M    M   3    MAX(MPH)
                                 MISC ---->  # 39 300               # 49  310
================================================================================
NOTES:
# LAST OF SEVERAL OCCURRENCES

COLUMN 17 PEAK WIND IN M.P.H.

PRELIMINARY LOCAL CLIMATOLOGICAL DATA (WS FORM: F-6) , PAGE 2

                                          STATION:  CHANUTE KS
                                          MONTH:    FEBRUARY
                                          YEAR:     2015
                                          LATITUDE:   37 40 N
                                          LONGITUDE:  95 29 W

[TEMPERATURE DATA]      [PRECIPITATION DATA]       SYMBOLS USED IN COLUMN 16

AVERAGE MONTHLY: 32.1   TOTAL FOR MONTH:   0.41    1 = FOG OR MIST
DPTR FM NORMAL:  -4.8   DPTR FM NORMAL:   -1.24    2 = FOG REDUCING VISIBILITY
HIGHEST:    73 ON  8    GRTST 24HR  0.61 ON 31- 1      TO 1/4 MILE OR LESS
LOWEST:      9 ON  2                               3 = THUNDER
                        SNOW, ICE PELLETS, HAIL    4 = ICE PELLETS
                        TOTAL MONTH:    M          5 = HAIL
                        GRTST 24HR    M  ON   M    6 = FREEZING RAIN OR DRIZZLE
                        GRTST DEPTH:  M  ON   M    7 = DUSTSTORM OR SANDSTORM:
                                                       VSBY 1/2 MILE OR LESS
                                                   8 = SMOKE OR HAZE
[NO. OF DAYS WITH]      [WEATHER - DAYS WITH]      9 = BLOWING SNOW
                                                   X = TORNADO
MAX 32 OR BELOW:   7    0.01 INCH OR MORE:   6
MAX 90 OR ABOVE:   0    0.10 INCH OR MORE:   1
MIN 32 OR BELOW:  23    0.50 INCH OR MORE:   0
MIN  0 OR BELOW:   0    1.00 INCH OR MORE:   0

[HDD (BASE 65) ]
TOTAL THIS MO.   816    CLEAR  (SCALE 0-3)  15
DPTR FM NORMAL   114    PTCLDY (SCALE 4-7)   7
TOTAL FM JUL 1  3550    CLOUDY (SCALE 8-10)  3
DPTR FM NORMAL    49

[CDD (BASE 65) ]
TOTAL THIS MO.     0
DPTR FM NORMAL     0    [PRESSURE DATA]
TOTAL FM JAN 1     0    HIGHEST SLP M ON M
DPTR FM NORMAL     0    LOWEST  SLP 29.69 ON  7

[REMARKS]
