000
CXUS55 KGJT 251000
CF6CNY
PRELIMINARY LOCAL CLIMATOLOGICAL DATA (WS FORM: F-6)

                                          STATION:   CANYONLANDS AIRPORT UT
                                          MONTH:     MAY
                                          YEAR:      2015
                                          LATITUDE:   38 46 N
                                          LONGITUDE: 109 45 W

  TEMPERATURE IN F:       :PCPN:    SNOW:  WIND      :SUNSHINE: SKY     :PK WND
================================================================================
1   2   3   4   5  6A  6B    7    8   9   10  11  12  13   14  15   16   17  18
                                     12Z  AVG MX 2MIN
DY MAX MIN AVG DEP HDD CDD  WTR  SNW DPTH SPD SPD DIR MIN PSBL S-S WX    SPD DR
================================================================================

 1  84  52  68  11   0   3 0.00    M    M  6.7 23  80   M    M   0        29  70
 2  86  49  68  10   0   3 0.00    M    M  7.2 24 280   M    M   0        30 270
 3  80  57  69  11   0   4    T    M    M 10.4 26 240   M    M   4 3      35 210
 4  76  56  66   8   0   1 0.06    M    M  5.0 20 130   M    M   5 3      23 130
 5  65  54  60   1   5   0 0.38    M    M  5.7 16 240   M    M   9 13     21 250
 6  68  52  60   1   5   0 0.13    M    M  7.5 36 310   M    M   7 3      46 310
 7  73  48  61   1   4   0    T    M    M  7.9 24 160   M    M   2        35 180
 8  71  47  59  -1   6   0 0.14    M    M 11.1 32 200   M    M   3 13     48 170
 9  62  40  51  -9  14   0 0.00    M    M  8.4 22  60   M    M   2        29 270
10  63  46  55  -5  10   0    T    M    M  9.4 28 310   M    M   6        35 310
11  70  40  55  -6  10   0 0.00    M    M  5.5 12 140   M    M   0        15  70
12  79  49  64   3   1   0 0.00    M    M 12.7 33 160   M    M   0        40 160
13  77  57  67   5   0   2 0.00    M    M 11.7 22 240   M    M   1        30 220
14  65  50  58  -4   7   0 0.12    M    M  9.5 35 190   M    M   3 1      40 180
15  64  43  54  -8  11   0 0.04    M    M  9.8 43 230   M    M   5 13     56 230
16  63  44  54  -9  11   0 0.25    M    M  5.8 28 280   M    M   7 13     34 280
17  73  50  62  -1   3   0    T    M    M  5.7 14 180   M    M   2        19 270
18  74  50  62  -1   3   0 0.13    M    M  7.9 29 220   M    M   5 3      37 270
19  67  48  58  -6   7   0 0.00    M    M  6.7 33 280   M    M   2 3      42 280
20  75  46  61  -3   4   0 0.00    M    M  4.7 14  90   M    M   0        16  90
21  75  49  62  -2   3   0    T    M    M  6.7 26 230   M    M   1 3      35 230
22  75  53  64  -1   1   0    T    M    M 10.9 30 200   M    M   4 3      37 210
23  61  45  53 -12  12   0 0.08    M    M  7.6 30 170   M    M   6        35 170
24  69  45  57  -8   8   0 0.00    M    M  5.8 22  70   M    M   5        26  70
================================================================================
SM 1715 1170       125  13  1.33    M    190.3          M       79
================================================================================
AV 71.5 48.8                               7.9 FASTST   M    M   3    MAX(MPH)
                                 MISC ---->  # 43 230               # 56  230
================================================================================
NOTES:
# LAST OF SEVERAL OCCURRENCES

COLUMN 17 PEAK WIND IN M.P.H.

PRELIMINARY LOCAL CLIMATOLOGICAL DATA (WS FORM: F-6) , PAGE 2

                                          STATION:  CANYONLANDS AIRPORT UT
                                          MONTH:    MAY
                                          YEAR:     2015
                                          LATITUDE:   38 46 N
                                          LONGITUDE: 109 45 W

[TEMPERATURE DATA]      [PRECIPITATION DATA]       SYMBOLS USED IN COLUMN 16

AVERAGE MONTHLY: 60.1   TOTAL FOR MONTH:   1.33    1 = FOG OR MIST
DPTR FM NORMAL:  -1.3   DPTR FM NORMAL:    0.86    2 = FOG REDUCING VISIBILITY
HIGHEST:    86 ON  2    GRTST 24HR  0.50 ON  5- 6      TO 1/4 MILE OR LESS
LOWEST:     40 ON 11, 9                            3 = THUNDER
                        SNOW, ICE PELLETS, HAIL    4 = ICE PELLETS
                        TOTAL MONTH:    M          5 = HAIL
                        GRTST 24HR    M  ON   M    6 = FREEZING RAIN OR DRIZZLE
                        GRTST DEPTH:  M  ON   M    7 = DUSTSTORM OR SANDSTORM:
                                                       VSBY 1/2 MILE OR LESS
                                                   8 = SMOKE OR HAZE
[NO. OF DAYS WITH]      [WEATHER - DAYS WITH]      9 = BLOWING SNOW
                                                   X = TORNADO
MAX 32 OR BELOW:   0    0.01 INCH OR MORE:   9
MAX 90 OR ABOVE:   0    0.10 INCH OR MORE:   6
MIN 32 OR BELOW:   0    0.50 INCH OR MORE:   0
MIN  0 OR BELOW:   0    1.00 INCH OR MORE:   0

[HDD (BASE 65) ]
TOTAL THIS MO.   125    CLEAR  (SCALE 0-3)  11
DPTR FM NORMAL     4    PTCLDY (SCALE 4-7)  12
TOTAL FM JUL 1  4725    CLOUDY (SCALE 8-10)  1
DPTR FM NORMAL  -821

[CDD (BASE 65) ]
TOTAL THIS MO.    13
DPTR FM NORMAL   -20    [PRESSURE DATA]
TOTAL FM JAN 1    14    HIGHEST SLP M ON M
DPTR FM NORMAL   -22    LOWEST  SLP 29.53 ON 15

[REMARKS]
