000
CXUS51 KGYX 191306
CF6CON
PRELIMINARY LOCAL CLIMATOLOGICAL DATA (WS FORM: F-6)

                                          STATION:   CONCORD NH
                                          MONTH:     JANUARY
                                          YEAR:      2018
                                          LATITUDE:   43 12 N
                                          LONGITUDE:  71 30 W

  TEMPERATURE IN F:       :PCPN:    SNOW:  WIND      :SUNSHINE: SKY     :PK WND
================================================================================
1   2   3   4   5  6A  6B    7    8   9   10  11  12  13   14  15   16   17  18
                                     12Z  AVG MX 2MIN
DY MAX MIN AVG DEP HDD CDD  WTR  SNW DPTH SPD SPD DIR MIN PSBL S-S WX    SPD DR
================================================================================

 1   7 -11  -2 -24  67   0 0.00  0.0   12 11.5 24 300   M    M   0        29 310
 2  13 -19  -3 -25  68   0 0.00  0.0   12  3.5 14 280   M    M   0 8      17 300
 3  26  -9   9 -12  56   0 0.00  0.0   11  2.3 10 160   M    M   0        14 150
 4  25   0  13  -8  52   0 0.74 13.0   11 14.4 33 320   M    M   8 128    47 320
 5  20  -2   9 -12  56   0    T    T   21 19.4 31 310   M    M   9 89     44 320
 6   6  -5   1 -20  64   0    T    T   20 15.9 31 300   M    M   2 89     40 290
 7  16  -7   5 -16  60   0 0.00  0.0   19  8.3 22 310   M    M   2        29 320
 8  32  14  23   2  42   0 0.00  0.0   18  5.8 17 220   M    M   9        24 220
 9  38  24  31  11  34   0 0.00  0.0   17  9.9 23 280   M    M   8        31 290
10  37  12  25   5  40   0 0.00  0.0   17  4.9 16 280   M    M   0        20 280
11  52  31  42  22  23   0    T  0.0   17  6.7 15 210   M    M   5 1      21 200
12  57  38  48  28  17   0 0.48  0.0   12   M  19 140   M    M   M 12      M  M
13  57  12  35  15  30   0 0.72  0.0    6 15.3 30 320   M    M   1 1      41 310
14  20   3  12  -8  53   0 0.00  0.0    6  9.2 16 310   M    M   0        22 310
15  21  -1  10 -10  55   0 0.00  0.0    6  3.8 12  10   M    M   4        16  20
16  30  13  22   2  43   0 0.06  0.7    6  2.3  8 160   M    M   9 18     11 190
17  30  25  28   8  37   0 0.25  2.5    9  4.1 12 290   M    M  10 1      13 290
18  28   8  18  -2  47   0 0.00  0.0   10  5.9 15 290   M    M   1 18      M  M
================================================================================
SM  515  126       844   0  2.25    16.2 143.2          M       68
================================================================================
AV 28.6  7.0                               8.4 FASTST   M    M   4    MAX(MPH)
                                 MISC ---->  # 33 320               # 47  320
================================================================================
NOTES:
# LAST OF SEVERAL OCCURRENCES

COLUMN 17 PEAK WIND IN M.P.H.

PRELIMINARY LOCAL CLIMATOLOGICAL DATA (WS FORM: F-6) , PAGE 2

                                          STATION:  CONCORD NH
                                          MONTH:    JANUARY
                                          YEAR:     2018
                                          LATITUDE:   43 12 N
                                          LONGITUDE:  71 30 W

[TEMPERATURE DATA]      [PRECIPITATION DATA]       SYMBOLS USED IN COLUMN 16

AVERAGE MONTHLY: 17.8   TOTAL FOR MONTH:   2.25    1 = FOG OR MIST
DPTR FM NORMAL:  -2.8   DPTR FM NORMAL:    0.69    2 = FOG REDUCING VISIBILITY
HIGHEST:    57 ON 13,12 GRTST 24HR  0.74 ON  4- 4      TO 1/4 MILE OR LESS
LOWEST:    -19 ON  2                               3 = THUNDER
                        SNOW, ICE PELLETS, HAIL    4 = ICE PELLETS
                        TOTAL MONTH:  16.2 INCHES  5 = HAIL
                        GRTST 24HR  13.0 ON  4- 4  6 = FREEZING RAIN OR DRIZZLE
                        GRTST DEPTH:  21 ON  5     7 = DUSTSTORM OR SANDSTORM:
                                                       VSBY 1/2 MILE OR LESS
                                                   8 = SMOKE OR HAZE
[NO. OF DAYS WITH]      [WEATHER - DAYS WITH]      9 = BLOWING SNOW
                                                   X = TORNADO
MAX 32 OR BELOW:  13    0.01 INCH OR MORE:   5
MAX 90 OR ABOVE:   0    0.10 INCH OR MORE:   4
MIN 32 OR BELOW:  17    0.50 INCH OR MORE:   2
MIN  0 OR BELOW:   8    1.00 INCH OR MORE:   0

[HDD (BASE 65) ]
TOTAL THIS MO.   844    CLEAR  (SCALE 0-3)   9
DPTR FM NORMAL    44    PTCLDY (SCALE 4-7)   4
TOTAL FM JUL 1  3366    CLOUDY (SCALE 8-10)  4
DPTR FM NORMAL  -180

[CDD (BASE 65) ]
TOTAL THIS MO.     0
DPTR FM NORMAL     0    [PRESSURE DATA]
TOTAL FM JAN 1     0    HIGHEST SLP M ON M
DPTR FM NORMAL     0    LOWEST  SLP 29.00 ON  4

[REMARKS]
