000
CXUS55 KRIW 190945
CF6CPR
PRELIMINARY LOCAL CLIMATOLOGICAL DATA (WS FORM: F-6)

                                          STATION:   CASPER WY
                                          MONTH:     JANUARY
                                          YEAR:      2018
                                          LATITUDE:   42 55 N
                                          LONGITUDE: 106 28 W

  TEMPERATURE IN F:       :PCPN:    SNOW:  WIND      :SUNSHINE: SKY     :PK WND
================================================================================
1   2   3   4   5  6A  6B    7    8   9   10  11  12  13   14  15   16   17  18
                                     12Z  AVG MX 2MIN
DY MAX MIN AVG DEP HDD CDD  WTR  SNW DPTH SPD SPD DIR MIN PSBL S-S WX    SPD DR
================================================================================

 1  10 -19  -4 -28  69   0 0.00  0.0    6  3.5 15 250   M    M   2 18     17 240
 2  28  -1  14 -10  51   0 0.00  0.0    5 14.4 26 220   M    M   0        31 210
 3  35  15  25   1  40   0 0.00  0.0    5 14.5 30 220   M    M   2        34 220
 4  37  10  24   0  41   0 0.00  0.0    5 11.1 21 220   M    M   0        25 220
 5  41  22  32   8  33   0 0.00  0.0    4 14.7 29 210   M    M   3        37 210
 6  40  30  35  10  30   0 0.00  0.0    4 15.5 26 230   M    M   2        31 220
 7  39  25  32   7  33   0 0.00  0.0    3 15.6 28 200   M    M   1        33 220
 8  44  33  39  14  26   0 0.00  0.0    2 22.0 32 220   M    M   0        41 210
 9  50  37  44  19  21   0 0.00  0.0    1 26.3 44 210   M    M   0        52 210
10  46  11  29   4  36   0    T  0.1    T 17.0 33  10   M    M   5 18     40 210
11  36  15  26   1  39   0 0.00  0.0    T 16.2 33 210   M    M   2        40 210
12  39  18  29   4  36   0 0.01  0.1    T  9.6 29 220   M    M   6 1      36 220
13  45  23  34   9  31   0 0.00  0.0    0 10.7 28 280   M    M   6        33 280
14  45  22  34   9  31   0 0.01    T    0 12.6 22 220   M    M   4 1      28 220
15  22  -5   9 -16  56   0 0.03  0.8    1  6.1 17  60   M    M   6 1      22  50
16  37  -3  17  -8  48   0 0.00  0.0    1 15.5 26 200   M    M   0        33 200
17  43  20  32   7  33   0 0.00  0.0    T 17.7 25 220   M    M   0        34 220
18  51  35  43  18  22   0 0.00  0.0    T 25.1 39 220   M    M   0        48 220
================================================================================
SM  688  288       676   0  0.05     1.0 268.1          M       39
================================================================================
AV 38.2 16.0                              14.9 FASTST   M    M   2    MAX(MPH)
                                 MISC ---->  # 44 210               # 52  210
================================================================================
NOTES:
# LAST OF SEVERAL OCCURRENCES

COLUMN 17 PEAK WIND IN M.P.H.

PRELIMINARY LOCAL CLIMATOLOGICAL DATA (WS FORM: F-6) , PAGE 2

                                          STATION:  CASPER WY
                                          MONTH:    JANUARY
                                          YEAR:     2018
                                          LATITUDE:   42 55 N
                                          LONGITUDE: 106 28 W

[TEMPERATURE DATA]      [PRECIPITATION DATA]       SYMBOLS USED IN COLUMN 16

AVERAGE MONTHLY: 27.1   TOTAL FOR MONTH:   0.05    1 = FOG OR MIST
DPTR FM NORMAL:   2.4   DPTR FM NORMAL:   -0.24    2 = FOG REDUCING VISIBILITY
HIGHEST:    51 ON 18    GRTST 24HR  0.03 ON 15-15      TO 1/4 MILE OR LESS
LOWEST:    -19 ON  1                               3 = THUNDER
                        SNOW, ICE PELLETS, HAIL    4 = ICE PELLETS
                        TOTAL MONTH:   1.0 INCH    5 = HAIL
                        GRTST 24HR   0.8 ON 15-15  6 = FREEZING RAIN OR DRIZZLE
                        GRTST DEPTH:   6 ON  1     7 = DUSTSTORM OR SANDSTORM:
                                                       VSBY 1/2 MILE OR LESS
                                                   8 = SMOKE OR HAZE
[NO. OF DAYS WITH]      [WEATHER - DAYS WITH]      9 = BLOWING SNOW
                                                   X = TORNADO
MAX 32 OR BELOW:   3    0.01 INCH OR MORE:   3
MAX 90 OR ABOVE:   0    0.10 INCH OR MORE:   0
MIN 32 OR BELOW:  15    0.50 INCH OR MORE:   0
MIN  0 OR BELOW:   4    1.00 INCH OR MORE:   0

[HDD (BASE 65) ]
TOTAL THIS MO.   676    CLEAR  (SCALE 0-3)  12
DPTR FM NORMAL   -49    PTCLDY (SCALE 4-7)   6
TOTAL FM JUL 1  3730    CLOUDY (SCALE 8-10)  0
DPTR FM NORMAL  -124

[CDD (BASE 65) ]
TOTAL THIS MO.     0
DPTR FM NORMAL     0    [PRESSURE DATA]
TOTAL FM JAN 1     0    HIGHEST SLP M ON M
DPTR FM NORMAL     0    LOWEST  SLP 29.51 ON 10

[REMARKS]
