788
CXUS52 KILM 241000
CF6CRE
PRELIMINARY LOCAL CLIMATOLOGICAL DATA (WS FORM: F-6)

                                          STATION:   N.MYRTLE BEACH SOUTH CAROLINA
                                          MONTH:     FEBRUARY
                                          YEAR:      2018
                                          LATITUDE:   33 49 N
                                          LONGITUDE:  78 43 W

  TEMPERATURE IN F:       :PCPN:    SNOW:  WIND      :SUNSHINE: SKY     :PK WND
================================================================================
1   2   3   4   5  6A  6B    7    8   9   10  11  12  13   14  15   16   17  18
                                     12Z  AVG MX 2MIN
DY MAX MIN AVG DEP HDD CDD  WTR  SNW DPTH SPD SPD DIR MIN PSBL S-S WX    SPD DR
================================================================================

 1  61  33  47   1  18   0 0.00    M    M  9.3 22 210   M    M   0 1      30 210
 2  61  33  47   1  18   0 0.09    M    M 10.3 22 220   M    M   4 1      28 340
 3  42  29  36 -10  29   0 0.00    M    M  8.8 16  40   M    M   0        20  40
 4  61  38  50   4  15   0 0.55    M    M 10.4 22 210   M    M   7 1      30 210
 5  56  39  48   2  17   0 0.00    M    M  5.0 16 310   M    M   7 1      23 310
 6  61  35  48   1  17   0 0.00    M    M  4.0 12 130   M    M   0 1      13 130
 7  65  55  60  13   5   0 0.01    M    M 11.7 22 220   M    M   6 1      30 220
 8  61  37  49   2  16   0 0.02    M    M  7.4 17  10   M    M   7 1      24  10
 9  63  34  49   2  16   0 0.23    M    M  8.8 17  90   M    M   3 1      26  90
10  70  56  63  16   2   0 0.29    M    M  7.7 16 190   M    M   9 12     22 190
11  67  59  63  16   2   0 0.05    M    M 12.8 23 200   M    M  10 12     29 200
12  72  50  61  14   4   0 0.06    M    M  7.2 24  30   M    M   8 12     34  20
13  50  45  48   0  17   0 0.00    M    M 10.7 18  50   M    M  10 1      23  60
14  63  43  53   5  12   0 0.00    M    M  5.7 10 220   M    M   7        14 130
15  65  51  58  10   7   0 0.00    M    M 13.0 23 220   M    M   1 1      28 210
16  81  56  69  21   0   4 0.00    M    M 12.7 25 250   M    M   1        34 230
17  65  54  60  12   5   0    T    M    M  9.8 21 110   M    M  10 12     27  80
18  67  52  60  12   5   0 0.01    M    M  8.5 20  50   M    M   8 12     26 100
19  65  51  58   9   7   0 0.03    M    M  4.9 14 250   M    M   9 12     17 260
20  74  59  67  18   0   2 0.01    M    M  4.8 10 150   M    M   5 12     14 130
21  75  60  68  19   0   3 0.01    M    M  6.3 12 180   M    M   3 12     15 190
22  75  63  69  20   0   4 0.00    M    M  7.2 13 190   M    M   3 1      19 180
23  74  57  66  17   0   1 0.01    M    M  4.8 13 160   M    M   6 12     17 160
================================================================================
SM 1494 1089       212  14  1.37    M    191.8          M      124
================================================================================
AV 65.0 47.4                               8.3 FASTST   M    M   5    MAX(MPH)
                                 MISC ---->  # 25 250               # 34   20
================================================================================
NOTES:
# LAST OF SEVERAL OCCURRENCES

COLUMN 17 PEAK WIND IN M.P.H.

PRELIMINARY LOCAL CLIMATOLOGICAL DATA (WS FORM: F-6) , PAGE 2

                                          STATION:  N.MYRTLE BEACH SOUTH CAROLINA
                                          MONTH:    FEBRUARY
                                          YEAR:     2018
                                          LATITUDE:   33 49 N
                                          LONGITUDE:  78 43 W

[TEMPERATURE DATA]      [PRECIPITATION DATA]       SYMBOLS USED IN COLUMN 16

AVERAGE MONTHLY: 56.2   TOTAL FOR MONTH:   1.37    1 = FOG OR MIST
DPTR FM NORMAL:   8.7   DPTR FM NORMAL:   -1.44    2 = FOG REDUCING VISIBILITY
HIGHEST:    81 ON 16    GRTST 24HR  0.55 ON  4- 4      TO 1/4 MILE OR LESS
LOWEST:     29 ON  3                               3 = THUNDER
                        SNOW, ICE PELLETS, HAIL    4 = ICE PELLETS
                        TOTAL MONTH:    M          5 = HAIL
                        GRTST 24HR    M  ON   M    6 = FREEZING RAIN OR DRIZZLE
                        GRTST DEPTH:  M  ON   M    7 = DUSTSTORM OR SANDSTORM:
                                                       VSBY 1/2 MILE OR LESS
                                                   8 = SMOKE OR HAZE
[NO. OF DAYS WITH]      [WEATHER - DAYS WITH]      9 = BLOWING SNOW
                                                   X = TORNADO
MAX 32 OR BELOW:   0    0.01 INCH OR MORE:  13
MAX 90 OR ABOVE:   0    0.10 INCH OR MORE:   3
MIN 32 OR BELOW:   1    0.50 INCH OR MORE:   1
MIN  0 OR BELOW:   0    1.00 INCH OR MORE:   0

[HDD (BASE 65) ]
TOTAL THIS MO.   212    CLEAR  (SCALE 0-3)   7
DPTR FM NORMAL  -191    PTCLDY (SCALE 4-7)  11
TOTAL FM JUL 1  1738    CLOUDY (SCALE 8-10)  5
DPTR FM NORMAL  -133

[CDD (BASE 65) ]
TOTAL THIS MO.    14
DPTR FM NORMAL    14    [PRESSURE DATA]
TOTAL FM JAN 1    14    HIGHEST SLP M ON M
DPTR FM NORMAL    14    LOWEST  SLP 29.83 ON  4

[REMARKS]
