000
CXUS52 KILM 231000
CF6CRE
PRELIMINARY LOCAL CLIMATOLOGICAL DATA (WS FORM: F-6)

                                          STATION:   NORTH MYRTLE BEACH SC
                                          MONTH:     SEPTEMBER
                                          YEAR:      2014
                                          LATITUDE:   33 49 N
                                          LONGITUDE:  78 43 W

  TEMPERATURE IN F:       :PCPN:    SNOW:  WIND      :SUNSHINE: SKY     :PK WND
================================================================================
1   2   3   4   5  6A  6B    7    8   9   10  11  12  13   14  15   16   17  18
                                     12Z  AVG MX 2MIN
DY MAX MIN AVG DEP HDD CDD  WTR  SNW DPTH SPD SPD DIR MIN PSBL S-S WX    SPD DR
================================================================================

 1  87  76  82   4   0  17 0.00    M    M  7.8 16 190   M    M   1        20 200
 2  89  77  83   5   0  18 0.00    M    M  8.4 17 190   M    M   1        22 210
 3  87  75  81   3   0  16 0.00    M    M  8.8 17 200   M    M   1        21 180
 4  87  74  81   3   0  16    T    M    M  6.0 13 150   M    M   1        17 160
 5  88  76  82   4   0  17 0.10    M    M  6.1 18 190   M    M   1 1      24 190
 6  85  75  80   3   0  15 0.29    M    M  8.0 17 190   M    M   5 1      22 170
 7  87  74  81   4   0  16 0.17    M    M  7.1 18 200   M    M   5 1      22 200
 8  82  73  78   1   0  13 0.70    M    M 10.9 25 210   M    M   7 1      32 200
 9  77  71  74  -3   0   9 0.01    M    M  3.2 10 320   M    M  10 1      15 320
10  83  71  77   0   0  12 0.00    M    M  3.3  9 160   M    M   7        15 130
11  86  68  77   1   0  12 0.00    M    M  6.7 15 190   M    M   1 1      18 210
12  87  74  81   5   0  16 0.44    M    M  6.1 17 180   M    M   4 1      22 180
13  86  73  80   4   0  15 0.16    M    M  4.3 12 190   M    M   3 1      15 200
14  77  68  73  -3   0   8 0.71    M    M  7.1 21 190   M    M  10 1      23 190
15  77  69  73  -3   0   8 0.47    M    M  5.3  9  60   M    M   8 1      12  20
16  87  70  79   4   0  14 0.00    M    M  3.6 12 110   M    M   5 1      15 340
17  84  67  76   1   0  11    T    M    M  4.9 18  40   M    M   4 1      22  40
18  82  68  75   0   0  10 0.68    M    M  6.6 15  70   M    M   2 1      21  90
19  82  67  75   0   0  10 0.01    M    M 10.8 21  80   M    M   1        27  90
20  76  66  71  -3   0   6 0.01    M    M 10.1 17  30   M    M   1        23  40
21  86  68  77   3   0  12 0.05    M    M  8.1 15 240   M    M   1 1      21 240
22  79  67  73  -1   0   8 0.27    M    M  6.0 15  20   M    M   6 1      20  20
================================================================================
SM 1841 1567         0 279  4.07    M    149.2          M       85
================================================================================
AV 83.7 71.2                               6.8 FASTST   M    M   4    MAX(MPH)
                                 MISC ---->  # 25 210               # 32  200
================================================================================
NOTES:
# LAST OF SEVERAL OCCURRENCES

COLUMN 17 PEAK WIND IN M.P.H.

PRELIMINARY LOCAL CLIMATOLOGICAL DATA (WS FORM: F-6) , PAGE 2

                                          STATION:  NORTH MYRTLE BEACH SC
                                          MONTH:    SEPTEMBER
                                          YEAR:     2014
                                          LATITUDE:   33 49 N
                                          LONGITUDE:  78 43 W

[TEMPERATURE DATA]      [PRECIPITATION DATA]       SYMBOLS USED IN COLUMN 16

AVERAGE MONTHLY: 77.5   TOTAL FOR MONTH:   4.07    1 = FOG OR MIST
DPTR FM NORMAL:   1.2   DPTR FM NORMAL:   -0.69    2 = FOG REDUCING VISIBILITY
HIGHEST:    89 ON  2    GRTST 24HR  0.87 ON 13-14      TO 1/4 MILE OR LESS
LOWEST:     66 ON 20                               3 = THUNDER
                        SNOW, ICE PELLETS, HAIL    4 = ICE PELLETS
                        TOTAL MONTH:    M          5 = HAIL
                        GRTST 24HR    M  ON   M    6 = FREEZING RAIN OR DRIZZLE
                        GRTST DEPTH:  M  ON   M    7 = DUSTSTORM OR SANDSTORM:
                                                       VSBY 1/2 MILE OR LESS
                                                   8 = SMOKE OR HAZE
[NO. OF DAYS WITH]      [WEATHER - DAYS WITH]      9 = BLOWING SNOW
                                                   X = TORNADO
MAX 32 OR BELOW:   0    0.01 INCH OR MORE:  14
MAX 90 OR ABOVE:   0    0.10 INCH OR MORE:  10
MIN 32 OR BELOW:   0    0.50 INCH OR MORE:   3
MIN  0 OR BELOW:   0    1.00 INCH OR MORE:   0

[HDD (BASE 65) ]
TOTAL THIS MO.     0    CLEAR  (SCALE 0-3)  11
DPTR FM NORMAL     0    PTCLDY (SCALE 4-7)   8
TOTAL FM JUL 1     0    CLOUDY (SCALE 8-10)  3
DPTR FM NORMAL     0

[CDD (BASE 65) ]
TOTAL THIS MO.   279
DPTR FM NORMAL    32    [PRESSURE DATA]
TOTAL FM JAN 1  1867    HIGHEST SLP M ON M
DPTR FM NORMAL   144    LOWEST  SLP 29.77 ON 21

[REMARKS]
