000
CXUS52 KILM 171000
CF6CRE
PRELIMINARY LOCAL CLIMATOLOGICAL DATA (WS FORM: F-6)

                                          STATION:   N.MYRTLE BEACH SOUTH CAROLINA
                                          MONTH:     AUGUST
                                          YEAR:      2017
                                          LATITUDE:   33 49 N
                                          LONGITUDE:  78 43 W

  TEMPERATURE IN F:       :PCPN:    SNOW:  WIND      :SUNSHINE: SKY     :PK WND
================================================================================
1   2   3   4   5  6A  6B    7    8   9   10  11  12  13   14  15   16   17  18
                                     12Z  AVG MX 2MIN
DY MAX MIN AVG DEP HDD CDD  WTR  SNW DPTH SPD SPD DIR MIN PSBL S-S WX    SPD DR
================================================================================

 1  86  61  74  -6   0   9 0.00    M    M  7.2 15 110   M    M   0        19 120
 2  85  65  75  -5   0  10    T    M    M  5.1 12 160   M    M   0        15 160
 3  82  69  76  -4   0  11 0.10    M    M  4.7 15 130   M    M   4 1      19 140
 4  83  74  79  -1   0  14 0.09    M    M  9.9 24 220   M    M   5 1      30 220
 5  85  74  80   0   0  15 0.48    M    M 10.4 21 210   M    M   6 13     26 220
 6  86  74  80   1   0  15 0.00    M    M  6.5 17 180   M    M   2 3      22 190
 7  88  73  81   2   0  16 0.24    M    M 14.3 39 220   M    M   4 13     56 190
 8  85  72  79   0   0  14 1.57    M    M  9.2 25 240   M    M   7 13     35 230
 9  78  73  76  -3   0  11 0.03    M    M  6.8 13  50   M    M  10 1      15  50
10  80  71  76  -3   0  11 0.45    M    M  6.0 15 160   M    M   9 13     21 180
11  85  74  80   1   0  15 0.30    M    M  7.2 15 190   M    M   5 1      19 180
12  86  76  81   2   0  16 0.06    M    M 11.9 22 190   M    M   5 1      31 190
13  87  78  83   4   0  18 0.09    M    M  7.2 17 190   M    M   4 138    22 210
14  87  78  83   4   0  18    T    M    M  6.8 14 170   M    M   4 13     17 170
15  88  77  83   4   0  18    T    M    M  6.2 17 200   M    M   2 13     21 200
16  92  76  84   5   0  19 0.47    M    M  6.9 25 210   M    M   1 13     33 220
================================================================================
SM 1363 1165         0 230  3.88    M    126.3          M       68
================================================================================
AV 85.2 72.8                               7.9 FASTST   M    M   4    MAX(MPH)
                                 MISC ---->  # 39 220               # 56  190
================================================================================
NOTES:
# LAST OF SEVERAL OCCURRENCES

COLUMN 17 PEAK WIND IN M.P.H.

PRELIMINARY LOCAL CLIMATOLOGICAL DATA (WS FORM: F-6) , PAGE 2

                                          STATION:  N.MYRTLE BEACH SOUTH CAROLINA
                                          MONTH:    AUGUST
                                          YEAR:     2017
                                          LATITUDE:   33 49 N
                                          LONGITUDE:  78 43 W

[TEMPERATURE DATA]      [PRECIPITATION DATA]       SYMBOLS USED IN COLUMN 16

AVERAGE MONTHLY: 79.0   TOTAL FOR MONTH:   3.88    1 = FOG OR MIST
DPTR FM NORMAL:  -0.3   DPTR FM NORMAL:    0.51    2 = FOG REDUCING VISIBILITY
HIGHEST:    92 ON 16    GRTST 24HR  1.57 ON  8- 8      TO 1/4 MILE OR LESS
LOWEST:     61 ON  1                               3 = THUNDER
                        SNOW, ICE PELLETS, HAIL    4 = ICE PELLETS
                        TOTAL MONTH:    M          5 = HAIL
                        GRTST 24HR    M  ON   M    6 = FREEZING RAIN OR DRIZZLE
                        GRTST DEPTH:  M  ON   M    7 = DUSTSTORM OR SANDSTORM:
                                                       VSBY 1/2 MILE OR LESS
                                                   8 = SMOKE OR HAZE
[NO. OF DAYS WITH]      [WEATHER - DAYS WITH]      9 = BLOWING SNOW
                                                   X = TORNADO
MAX 32 OR BELOW:   0    0.01 INCH OR MORE:  11
MAX 90 OR ABOVE:   1    0.10 INCH OR MORE:   7
MIN 32 OR BELOW:   0    0.50 INCH OR MORE:   1
MIN  0 OR BELOW:   0    1.00 INCH OR MORE:   1

[HDD (BASE 65) ]
TOTAL THIS MO.     0    CLEAR  (SCALE 0-3)   5
DPTR FM NORMAL     0    PTCLDY (SCALE 4-7)   9
TOTAL FM JUL 1     0    CLOUDY (SCALE 8-10)  2
DPTR FM NORMAL     0

[CDD (BASE 65) ]
TOTAL THIS MO.   230
DPTR FM NORMAL     1    [PRESSURE DATA]
TOTAL FM JAN 1  1445    HIGHEST SLP M ON M
DPTR FM NORMAL   171    LOWEST  SLP 29.83 ON 15

[REMARKS]
