000
CXUS52 KILM 191000
CF6CRE
PRELIMINARY LOCAL CLIMATOLOGICAL DATA (WS FORM: F-6)

                                          STATION:   N.MYRTLE BEACH SOUTH CAROLINA
                                          MONTH:     JANUARY
                                          YEAR:      2017
                                          LATITUDE:   33 49 N
                                          LONGITUDE:  78 43 W

  TEMPERATURE IN F:       :PCPN:    SNOW:  WIND      :SUNSHINE: SKY     :PK WND
================================================================================
1   2   3   4   5  6A  6B    7    8   9   10  11  12  13   14  15   16   17  18
                                     12Z  AVG MX 2MIN
DY MAX MIN AVG DEP HDD CDD  WTR  SNW DPTH SPD SPD DIR MIN PSBL S-S WX    SPD DR
================================================================================

 1  62  46  54   8  11   0 0.03    M    M  4.2 10  60   M    M   8 1      14 120
 2  68  60  64  18   1   0 0.23    M    M  4.6 16 220   M    M   9 12     23 220
 3  68  58  63  17   2   0 0.14    M    M  8.6 24 200   M    M   6 123    35 190
 4  66  51  59  13   6   0 0.00    M    M  7.1 12 300   M    M   0        18 300
 5  57  42  50   4  15   0 0.00    M    M  7.5 15  70   M    M   3        20 100
 6  56  42  49   3  16   0 0.02    M    M  6.6 17  40   M    M   5        22  20
 7  43  27  35 -11  30   0 0.27    M    M 12.8 26 360   M    M   8 16     37 360
 8  33  20  27 -19  38   0 0.00    M    M  8.5 18 360   M    M   0        27 360
 9  39  19  29 -17  36   0 0.00    M    M  4.6 10  20   M    M   0 8      14  10
10  54  27  41  -5  24   0    T    M    M  5.1 10 100   M    M   6 18     14 120
11  66  44  55   9  10   0 0.00    M    M  5.8 15 220   M    M   3 12     19 220
12  69  51  60  14   5   0 0.00    M    M  6.0 14 200   M    M   4 1      19 170
13  75  48  62  16   3   0 0.00    M    M  4.8 12 220   M    M   0 1      15 270
14  62  44  53   8  12   0 0.00    M    M  5.4 14  90   M    M   2 1      20  70
15  69  44  57  12   8   0 0.00    M    M  4.0 13  90   M    M   2 1      18  90
16  61  50  56  11   9   0 0.00    M    M  5.9 12  30   M    M  10 1      13  30
17  73  47  60  15   5   0 0.00    M    M  5.4 14 220   M    M   4 1      17 220
18  78  48  63  18   2   0 0.00    M    M  7.7 18 240   M    M   1        26 280
================================================================================
SM 1099  768       233   0  0.69    M    114.6          M       71
================================================================================
AV 61.1 42.7                               6.4 FASTST   M    M   4    MAX(MPH)
                                 MISC ---->  # 26 360               # 37  360
================================================================================
NOTES:
# LAST OF SEVERAL OCCURRENCES

COLUMN 17 PEAK WIND IN M.P.H.

PRELIMINARY LOCAL CLIMATOLOGICAL DATA (WS FORM: F-6) , PAGE 2

                                          STATION:  N.MYRTLE BEACH SOUTH CAROLINA
                                          MONTH:    JANUARY
                                          YEAR:     2017
                                          LATITUDE:   33 49 N
                                          LONGITUDE:  78 43 W

[TEMPERATURE DATA]      [PRECIPITATION DATA]       SYMBOLS USED IN COLUMN 16

AVERAGE MONTHLY: 51.9   TOTAL FOR MONTH:   0.69    1 = FOG OR MIST
DPTR FM NORMAL:   6.1   DPTR FM NORMAL:   -1.30    2 = FOG REDUCING VISIBILITY
HIGHEST:    78 ON 18    GRTST 24HR  0.29 ON  6- 7      TO 1/4 MILE OR LESS
LOWEST:     19 ON  9                               3 = THUNDER
                        SNOW, ICE PELLETS, HAIL    4 = ICE PELLETS
                        TOTAL MONTH:    M          5 = HAIL
                        GRTST 24HR    M  ON   M    6 = FREEZING RAIN OR DRIZZLE
                        GRTST DEPTH:  M  ON   M    7 = DUSTSTORM OR SANDSTORM:
                                                       VSBY 1/2 MILE OR LESS
                                                   8 = SMOKE OR HAZE
[NO. OF DAYS WITH]      [WEATHER - DAYS WITH]      9 = BLOWING SNOW
                                                   X = TORNADO
MAX 32 OR BELOW:   0    0.01 INCH OR MORE:   5
MAX 90 OR ABOVE:   0    0.10 INCH OR MORE:   3
MIN 32 OR BELOW:   4    0.50 INCH OR MORE:   0
MIN  0 OR BELOW:   0    1.00 INCH OR MORE:   0

[HDD (BASE 65) ]
TOTAL THIS MO.   233    CLEAR  (SCALE 0-3)   9
DPTR FM NORMAL  -117    PTCLDY (SCALE 4-7)   7
TOTAL FM JUL 1   972    CLOUDY (SCALE 8-10)  2
DPTR FM NORMAL  -246

[CDD (BASE 65) ]
TOTAL THIS MO.     0
DPTR FM NORMAL     0    [PRESSURE DATA]
TOTAL FM JAN 1     0    HIGHEST SLP M ON M
DPTR FM NORMAL     0    LOWEST  SLP 29.69 ON  3

[REMARKS]
