000
CXUS54 KOUN 270800
CF6CSM
PRELIMINARY LOCAL CLIMATOLOGICAL DATA (WS FORM: F-6)

                                          STATION:   CLINTON
                                          MONTH:     DECEMBER
                                          YEAR:      2014
                                          LATITUDE:   35 20 N
                                          LONGITUDE:  99 12 W

  TEMPERATURE IN F:       :PCPN:    SNOW:  WIND      :SUNSHINE: SKY     :PK WND
================================================================================
1   2   3   4   5  6A  6B    7    8   9   10  11  12  13   14  15   16   17  18
                                     12Z  AVG MX 2MIN
DY MAX MIN AVG DEP HDD CDD  WTR  SNW DPTH SPD SPD DIR MIN PSBL S-S WX    SPD DR
================================================================================

 1  34  18  26 -17  39   0 0.00  0.0    0 16.2 35 360   M    M   0        40 360
 2  48  20  34  -9  31   0 0.00  0.0    0 14.3 24 200   M    M   0        30 190
 3  43  32  38  -5  27   0    T  0.0    0  9.9 20 170   M    M   7 128    23 170
 4  52  42  47   5  18   0 0.02  0.0    0  5.2 14 190   M    M  10 12     15 190
 5  57  45  51   9  14   0 0.01  0.0    0  9.7 20 350   M    M   8 12     23 350
 6  47  41  44   2  21   0 0.00  0.0    0  9.3 15 350   M    M   7 12     17 350
 7  48  41  45   4  20   0 0.00  0.0    0 10.3 22 190   M    M  10 12     25 190
 8  64  40  52  11  13   0 0.00  0.0    0  7.0 13 240   M    M   4 12     16 240
 9  59  37  48   7  17   0 0.00  0.0    0  8.1 15 240   M    M   0 1      16 240
10  56  36  46   6  19   0    T  0.0    0  5.4 12 200   M    M   7 128    14 190
11  58  47  53  13  12   0 0.00  0.0    0  5.3 12 110   M    M  10 18     13 110
12  56  50  53  13  12   0    T  0.0    0  8.4 15 160   M    M  10 12     17 160
13  61  52  57  17   8   0    T  0.0    0 18.0 29 170   M    M  10 12     33 180
14  64  48  56  17   9   0 0.15    M    0 23.1 33 210   M    M   6 13     40 200
15  54  37  46   7  19   0 0.00  0.0    0 21.9 36 310   M    M   0        46 310
16  48  32  40   1  25   0 0.00  0.0    0 11.5 24 320   M    M   0        32 320
17  41  37  39   0  26   0 0.04  0.0    0  9.4 16 140   M    M  10 128    18 140
18  43  39  41   3  24   0    T  0.0    0  6.1 13  50   M    M  10 12     15  40
19  45  37  41   3  24   0    T  0.0    0  5.4 12  40   M    M  10 128    13  30
20  46  39  43   5  22   0 0.00  0.0    0 11.0 18 170   M    M  10 18     20 160
21  51  40  46   8  19   0 0.00  0.0    0 17.5 24 170   M    M   8 128    29 180
22  59  36  48  10  17   0 0.00  0.0    0 12.7 26 340   M    M   3 12     33 340
23  47  35  41   3  24   0 0.00  0.0    0 18.0 32 330   M    M   5        41 320
24  49  30  40   2  25   0 0.00  0.0    0 15.1 25 320   M    M   3        30 330
25  56  34  45   7  20   0 0.00  0.0    0 25.3 38 200   M    M   0        45 200
26  50  35  43   5  22   0 0.00  0.0    0 16.3 28 180   M    M   3        33 180
================================================================================
SM 1336  980       527   0  0.22     0.0 320.4          M      151
================================================================================
AV 51.4 37.7                              12.3 FASTST   M    M   6    MAX(MPH)
                                 MISC ---->  # 38 200               # 46  310
================================================================================
NOTES:
# LAST OF SEVERAL OCCURRENCES

COLUMN 17 PEAK WIND IN M.P.H.

PRELIMINARY LOCAL CLIMATOLOGICAL DATA (WS FORM: F-6) , PAGE 2

                                          STATION:  CLINTON
                                          MONTH:    DECEMBER
                                          YEAR:     2014
                                          LATITUDE:   35 20 N
                                          LONGITUDE:  99 12 W

[TEMPERATURE DATA]      [PRECIPITATION DATA]       SYMBOLS USED IN COLUMN 16

AVERAGE MONTHLY: 44.5   TOTAL FOR MONTH:   0.22    1 = FOG OR MIST
DPTR FM NORMAL:   4.7   DPTR FM NORMAL:   -0.55    2 = FOG REDUCING VISIBILITY
HIGHEST:    64 ON 14, 8 GRTST 24HR  0.15 ON 14-14      TO 1/4 MILE OR LESS
LOWEST:     18 ON  1                               3 = THUNDER
                        SNOW, ICE PELLETS, HAIL    4 = ICE PELLETS
                        TOTAL MONTH:   0.0 INCH    5 = HAIL
                        GRTST 24HR     0.0         6 = FREEZING RAIN OR DRIZZLE
                        GRTST DEPTH:   0           7 = DUSTSTORM OR SANDSTORM:
                                                       VSBY 1/2 MILE OR LESS
                                                   8 = SMOKE OR HAZE
[NO. OF DAYS WITH]      [WEATHER - DAYS WITH]      9 = BLOWING SNOW
                                                   X = TORNADO
MAX 32 OR BELOW:   0    0.01 INCH OR MORE:   4
MAX 90 OR ABOVE:   0    0.10 INCH OR MORE:   1
MIN 32 OR BELOW:   5    0.50 INCH OR MORE:   0
MIN  0 OR BELOW:   0    1.00 INCH OR MORE:   0

[HDD (BASE 65) ]
TOTAL THIS MO.   527    CLEAR  (SCALE 0-3)   9
DPTR FM NORMAL  -126    PTCLDY (SCALE 4-7)   8
TOTAL FM JUL 1  1200    CLOUDY (SCALE 8-10)  9
DPTR FM NORMAL  -114

[CDD (BASE 65) ]
TOTAL THIS MO.     0
DPTR FM NORMAL     0    [PRESSURE DATA]
TOTAL FM JAN 1  2225    HIGHEST SLP M ON M
DPTR FM NORMAL   252    LOWEST  SLP 29.50 ON 22

[REMARKS]
