000
CXUS55 KOHX 231010
CF6CSV
PRELIMINARY LOCAL CLIMATOLOGICAL DATA (WS FORM: F-6)

                                          STATION:   CROSSVILLE
                                          MONTH:     MAY
                                          YEAR:      2017
                                          LATITUDE:   35 57 N
                                          LONGITUDE:  85  5 W

  TEMPERATURE IN F:       :PCPN:    SNOW:  WIND      :SUNSHINE: SKY     :PK WND
================================================================================
1   2   3   4   5  6A  6B    7    8   9   10  11  12  13   14  15   16   17  18
                                     12Z  AVG MX 2MIN
DY MAX MIN AVG DEP HDD CDD  WTR  SNW DPTH SPD SPD DIR MIN PSBL S-S WX    SPD DR
================================================================================

 1  71  52  62   2   3   0 1.04    M    M 13.7 26 270   M    M   6 138    38 220
 2  72  45  59  -1   6   0 0.00    M    M  7.7 24 270   M    M   1        36 280
 3  74  47  61   1   4   0 0.00    M    M  4.2 13 140   M    M   0        18  60
 4  66  50  58  -3   7   0 2.01    M    M  8.4 23 170   M    M   9 18     38 170
 5  51  43  47 -14  18   0 0.68    M    M  9.0 22 340   M    M  10 1      34 330
 6  52  39  46 -15  19   0 0.15    M    M  6.0 15 340   M    M   5 1      22 330
 7  63  37  50 -12  15   0 0.00    M    M  6.0 17 280   M    M   1        24 270
 8  71  41  56  -6   9   0 0.00    M    M  4.2 14 340   M    M   0        19 360
 9  78  54  66   4   0   1 0.00    M    M  8.9 22 260   M    M   1        28 260
10  79  56  68   6   0   3 0.00    M    M  5.0 16 260   M    M   1 8      21 260
11  77  58  68   6   0   3 0.44    M    M  7.5 18 260   M    M   2 138    27 270
12  67  57  62  -1   3   0 0.31    M    M  5.0 12  20   M    M   9 13      M  M
13  71  49  60  -3   5   0 0.00    M    M  8.3 16  30   M    M   4 1      23  30
14  79  46  63   0   2   0 0.00    M    M  1.6  9 300   M    M   0 1      14 350
15  83  51  67   4   0   2 0.00    M    M  2.4 10 330   M    M   0 1      13  30
16  83  56  70   6   0   5 0.00    M    M  4.6 14 180   M    M   0        21 190
17  82  60  71   7   0   6 0.00    M    M  6.7 17 180   M    M   1        27 160
18  81  65  73   9   0   8    T    M    M  4.9 16 220   M    M   4        22 220
19  83  66  75  11   0  10 0.21  0.0    0  3.7 10 180   M    M   4 138    15 220
20  83  64  74  10   0   9 0.55  0.0    0  5.2 25 260   M    M   2 13     32 260
21  74  62  68   3   0   3 0.12    M    M  3.4 17 260   M    M   8 13     23 270
22  73  58  66   1   0   1 0.00    M    M  5.0 15  20   M    M   3        19  20
================================================================================
SM 1613 1156        91  51  5.51     0.0 131.4          M       71
================================================================================
AV 73.3 52.6                               6.0 FASTST   M    M   3    MAX(MPH)
                                 MISC ---->  # 26 270               # 38  220
================================================================================
NOTES:
# LAST OF SEVERAL OCCURRENCES

COLUMN 17 PEAK WIND IN M.P.H.

PRELIMINARY LOCAL CLIMATOLOGICAL DATA (WS FORM: F-6) , PAGE 2

                                          STATION:  CROSSVILLE
                                          MONTH:    MAY
                                          YEAR:     2017
                                          LATITUDE:   35 57 N
                                          LONGITUDE:  85  5 W

[TEMPERATURE DATA]      [PRECIPITATION DATA]       SYMBOLS USED IN COLUMN 16

AVERAGE MONTHLY: 62.9   TOTAL FOR MONTH:   5.51    1 = FOG OR MIST
DPTR FM NORMAL:   0.4   DPTR FM NORMAL:    1.68    2 = FOG REDUCING VISIBILITY
HIGHEST:    83 ON 20,19 GRTST 24HR  2.01 ON  4- 4      TO 1/4 MILE OR LESS
LOWEST:     37 ON  7                               3 = THUNDER
                        SNOW, ICE PELLETS, HAIL    4 = ICE PELLETS
                        TOTAL MONTH:   0.0 INCH    5 = HAIL
                        GRTST 24HR     0.0         6 = FREEZING RAIN OR DRIZZLE
                        GRTST DEPTH:   0           7 = DUSTSTORM OR SANDSTORM:
                                                       VSBY 1/2 MILE OR LESS
                                                   8 = SMOKE OR HAZE
[NO. OF DAYS WITH]      [WEATHER - DAYS WITH]      9 = BLOWING SNOW
                                                   X = TORNADO
MAX 32 OR BELOW:   0    0.01 INCH OR MORE:   9
MAX 90 OR ABOVE:   0    0.10 INCH OR MORE:   9
MIN 32 OR BELOW:   0    0.50 INCH OR MORE:   4
MIN  0 OR BELOW:   0    1.00 INCH OR MORE:   2

[HDD (BASE 65) ]
TOTAL THIS MO.    91    CLEAR  (SCALE 0-3)  13
DPTR FM NORMAL     0    PTCLDY (SCALE 4-7)   6
TOTAL FM JUL 1  3283    CLOUDY (SCALE 8-10)  3
DPTR FM NORMAL  -950

[CDD (BASE 65) ]
TOTAL THIS MO.    51
DPTR FM NORMAL    14    [PRESSURE DATA]
TOTAL FM JAN 1    91    HIGHEST SLP  0.00 ON  7
DPTR FM NORMAL    37    LOWEST  SLP 29.44 ON  5

[REMARKS]
