000
CXUS56 KTFX 201205
CF6CTB
PRELIMINARY LOCAL CLIMATOLOGICAL DATA (WS FORM: F-6)

                                          STATION:   CUT BANK MT
                                          MONTH:     SEPTEMBER
                                          YEAR:      2017
                                          LATITUDE:   48 37 N
                                          LONGITUDE: 112 23 W

  TEMPERATURE IN F:       :PCPN:    SNOW:  WIND      :SUNSHINE: SKY     :PK WND
================================================================================
1   2   3   4   5  6A  6B    7    8   9   10  11  12  13   14  15   16   17  18
                                     12Z  AVG MX 2MIN
DY MAX MIN AVG DEP HDD CDD  WTR  SNW DPTH SPD SPD DIR MIN PSBL S-S WX    SPD DR
================================================================================

 1  85  47  66   7   0   1 0.00    M    0 10.9 26 260   M    M   0 18     33 280
 2  91  58  75  16   0  10 0.00    M    0 13.0 29 250   M    M   0 8      34 250
 3  78  49  64   6   1   0 0.00    M    0 11.7 31  10   M    M   1 8      40 340
 4  69  47  58   0   7   0 0.00    M    0  6.1 13  50   M    M   5        16  30
 5  78  37  58   0   7   0 0.00    M    0  7.2 20 140   M    M   0        24 140
 6  85  39  62   5   3   0 0.00    M    0  4.3 10 290   M    M   0 8      11  50
 7  88  41  65   8   0   0 0.00    M    0  7.3 15 130   M    M   0 8      20 150
 8  87  43  65   9   0   0 0.00    M    0  5.8 16 260   M    M   2 8      20 260
 9  88  55  72  16   0   7 0.00    M    0 12.6 29 250   M    M   1 8      37 240
10  78  54  66  10   0   1 0.00    M    0 16.8 29 260   M    M   1        36 250
11  88  52  70  15   0   5 0.00    M    0 14.4 28 240   M    M   0        33 230
12  76  50  63   8   2   0 0.00    M    0 12.6 29 330   M    M   2 8      35 340
13  60  40  50  -5  15   0 0.00    M    0 17.5 28 360   M    M   3        39  10
14  43  39  41 -13  24   0 0.13    M    0 13.2 21 360   M    M  10 1      24 350
15  41  37  39 -15  26   0 0.34    M    0 11.6 20  20   M    M  10        22  30
16  54  37  46  -8  19   0    T    M    0  8.9 21 140   M    M   4        25 140
17  66  37  52  -1  13   0 0.00    M    0 10.1 24 250   M    M   1 8      30 240
18  62  43  53   0  12   0 0.04    M    0 14.3 32 250   M    M   4        40 260
19  57  33  45  -8  20   0 0.00    M    0 15.5 37 250   M    M   2        44 240
================================================================================
SM 1374  838       149  24  0.51    M    213.8          M       46
================================================================================
AV 72.3 44.1                              11.3 FASTST   M    M   2    MAX(MPH)
                                 MISC ---->  # 37 250               # 44  240
================================================================================
NOTES:
# LAST OF SEVERAL OCCURRENCES

COLUMN 17 PEAK WIND IN M.P.H.

PRELIMINARY LOCAL CLIMATOLOGICAL DATA (WS FORM: F-6) , PAGE 2

                                          STATION:  CUT BANK MT
                                          MONTH:    SEPTEMBER
                                          YEAR:     2017
                                          LATITUDE:   48 37 N
                                          LONGITUDE: 112 23 W

[TEMPERATURE DATA]      [PRECIPITATION DATA]       SYMBOLS USED IN COLUMN 16

AVERAGE MONTHLY: 58.2   TOTAL FOR MONTH:   0.51    1 = FOG OR MIST
DPTR FM NORMAL:   2.4   DPTR FM NORMAL:   -0.33    2 = FOG REDUCING VISIBILITY
HIGHEST:    91 ON  2    GRTST 24HR  0.34 ON 15-15      TO 1/4 MILE OR LESS
LOWEST:     33 ON 19                               3 = THUNDER
                        SNOW, ICE PELLETS, HAIL    4 = ICE PELLETS
                        TOTAL MONTH:    M          5 = HAIL
                        GRTST 24HR    M  ON   M    6 = FREEZING RAIN OR DRIZZLE
                        GRTST DEPTH:   0           7 = DUSTSTORM OR SANDSTORM:
                                                       VSBY 1/2 MILE OR LESS
                                                   8 = SMOKE OR HAZE
[NO. OF DAYS WITH]      [WEATHER - DAYS WITH]      9 = BLOWING SNOW
                                                   X = TORNADO
MAX 32 OR BELOW:   0    0.01 INCH OR MORE:   3
MAX 90 OR ABOVE:   1    0.10 INCH OR MORE:   2
MIN 32 OR BELOW:   0    0.50 INCH OR MORE:   0
MIN  0 OR BELOW:   0    1.00 INCH OR MORE:   0

[HDD (BASE 65) ]
TOTAL THIS MO.   149    CLEAR  (SCALE 0-3)  13
DPTR FM NORMAL   -35    PTCLDY (SCALE 4-7)   4
TOTAL FM JUL 1   232    CLOUDY (SCALE 8-10)  2
DPTR FM NORMAL  -146

[CDD (BASE 65) ]
TOTAL THIS MO.    24
DPTR FM NORMAL    18    [PRESSURE DATA]
TOTAL FM JAN 1   250    HIGHEST SLP M ON M
DPTR FM NORMAL    91    LOWEST  SLP 29.64 ON M

[REMARKS]
