000
CXUS56 KTFX 311205
CF6CTB
PRELIMINARY LOCAL CLIMATOLOGICAL DATA (WS FORM: F-6)

                                          STATION:   CUT BANK MT
                                          MONTH:     JULY
                                          YEAR:      2015
                                          LATITUDE:   48 37 N
                                          LONGITUDE: 112 23 W

  TEMPERATURE IN F:       :PCPN:    SNOW:  WIND      :SUNSHINE: SKY     :PK WND
================================================================================
1   2   3   4   5  6A  6B    7    8   9   10  11  12  13   14  15   16   17  18
                                     12Z  AVG MX 2MIN
DY MAX MIN AVG DEP HDD CDD  WTR  SNW DPTH SPD SPD DIR MIN PSBL S-S WX    SPD DR
================================================================================

 1  79  52  66   5   0   1 0.03    M    0 10.7 28  20   M    M   3 138    33  20
 2  85  51  68   6   0   3 0.00    M    0  5.5 14 150   M    M   1        17 150
 3  92  55  74  12   0   9 0.00    M    0  6.4 18 260   M    M   0        23 260
 4  84  52  68   6   0   3 0.06    M    0 15.3 44 360   M    M   1 13     54 360
 5  56  45  51 -11  14   0 0.59    M    0 10.0 23 350   M    M   8 18     26 350
 6  75  39  57  -6   8   0 0.00    M    0  6.8 16 190   M    M   0 1      20 150
 7  71  53  62  -1   3   0 0.01    M    0  8.2 24 340   M    M   5        30 320
 8  82  45  64   1   1   0 0.00    M    0  7.0 16 180   M    M   0        22 180
 9  90  47  69   6   0   4 0.00    M    0  3.5 12 190   M    M   0        16 190
10  93  52  73   9   0   8 0.00    M    0  6.9 18  40   M    M   1        26  60
11  81  56  69   5   0   4 0.00    M    0 14.1 30 240   M    M   3 3      35 250
12  83  57  70   6   0   5 0.00    M    0 19.1 30 270   M    M   2        36 280
13  82  52  67   3   0   2 0.00    M    0 10.8 23 260   M    M   2        28 300
14  78  53  66   2   0   1 0.03    M    0  7.9 25 330   M    M   7        30 300
15  84  46  65   0   0   0 0.00    M    0  8.4 24 250   M    M   1        31 240
16  69  45  57  -8   8   0 0.08    M    0 13.8 33 360   M    M   5 13     43 360
17  58  37  48 -17  17   0 0.06    M    0 16.7 40 290   M    M   7        51 290
18  79  47  63  -2   2   0 0.00    M    0 10.8 21 250   M    M   2        26 270
19  80  47  64  -1   1   0 0.00    M    0  6.9 20  10   M    M   5        24  20
20  86  55  71   5   0   6    T    M    0  8.0 16 200   M    M   2 3      21 140
21  90  48  69   3   0   4 0.00    M    0 14.3 29 250   M    M   0        35 250
22  84  52  68   2   0   3 0.00    M    0 13.0 30 240   M    M   2 8      36 230
23  83  47  65  -1   0   0 0.00    M    0 10.6 26 240   M    M   2        31 230
24  85  48  67   1   0   2 0.00    M    0 14.2 30 250   M    M   0        38 240
25  85  56  71   5   0   6 0.00    M    0 15.5 35 270   M    M   0        42 270
26  79  54  67   1   0   2 0.00    M    0 11.9 29 260   M    M   1        36 260
27  63  48  56 -10   9   0 0.09    M    0 12.2 26 290   M    M   8 1      32 300
28  74  47  61  -5   4   0 0.00    M    0 16.0 28 280   M    M   3        37 280
29  83  46  65  -1   0   0 0.00    M    0 11.7 24 250   M    M   1        30 240
30  88  44  66   0   0   1 0.00    M    0  6.8 18 290   M    M   0        26 290
================================================================================
SM 2401 1476        67  64  0.95    M    323.0          M       72
================================================================================
AV 80.0 49.2                              10.8 FASTST   M    M   2    MAX(MPH)
                                 MISC ---->  # 44 360               # 54  360
================================================================================
NOTES:
# LAST OF SEVERAL OCCURRENCES

COLUMN 17 PEAK WIND IN M.P.H.

PRELIMINARY LOCAL CLIMATOLOGICAL DATA (WS FORM: F-6) , PAGE 2

                                          STATION:  CUT BANK MT
                                          MONTH:    JULY
                                          YEAR:     2015
                                          LATITUDE:   48 37 N
                                          LONGITUDE: 112 23 W

[TEMPERATURE DATA]      [PRECIPITATION DATA]       SYMBOLS USED IN COLUMN 16

AVERAGE MONTHLY: 64.6   TOTAL FOR MONTH:   0.95    1 = FOG OR MIST
DPTR FM NORMAL:   0.2   DPTR FM NORMAL:   -0.29    2 = FOG REDUCING VISIBILITY
HIGHEST:    93 ON 10    GRTST 24HR  0.65 ON  4- 5      TO 1/4 MILE OR LESS
LOWEST:     37 ON 17                               3 = THUNDER
                        SNOW, ICE PELLETS, HAIL    4 = ICE PELLETS
                        TOTAL MONTH:    M          5 = HAIL
                        GRTST 24HR    M  ON   M    6 = FREEZING RAIN OR DRIZZLE
                        GRTST DEPTH:   0           7 = DUSTSTORM OR SANDSTORM:
                                                       VSBY 1/2 MILE OR LESS
                                                   8 = SMOKE OR HAZE
[NO. OF DAYS WITH]      [WEATHER - DAYS WITH]      9 = BLOWING SNOW
                                                   X = TORNADO
MAX 32 OR BELOW:   0    0.01 INCH OR MORE:   8
MAX 90 OR ABOVE:   4    0.10 INCH OR MORE:   1
MIN 32 OR BELOW:   0    0.50 INCH OR MORE:   1
MIN  0 OR BELOW:   0    1.00 INCH OR MORE:   0

[HDD (BASE 65) ]
TOTAL THIS MO.    67    CLEAR  (SCALE 0-3)  22
DPTR FM NORMAL   -19    PTCLDY (SCALE 4-7)   7
TOTAL FM JUL 1    67    CLOUDY (SCALE 8-10)  1
DPTR FM NORMAL   -19

[CDD (BASE 65) ]
TOTAL THIS MO.    64
DPTR FM NORMAL    -5    [PRESSURE DATA]
TOTAL FM JAN 1   124    HIGHEST SLP M ON M
DPTR FM NORMAL    38    LOWEST  SLP 29.66 ON  4

[REMARKS]
