000
CXUS52 KTAE 280800
CF6CTY
PRELIMINARY LOCAL CLIMATOLOGICAL DATA (WS FORM: F-6)

                                          STATION:   CROSS CITY
                                          MONTH:     AUGUST
                                          YEAR:      2015
                                          LATITUDE:   29 37 N
                                          LONGITUDE:  83  6 W

  TEMPERATURE IN F:       :PCPN:    SNOW:  WIND      :SUNSHINE: SKY     :PK WND
================================================================================
1   2   3   4   5  6A  6B    7    8   9   10  11  12  13   14  15   16   17  18
                                     12Z  AVG MX 2MIN
DY MAX MIN AVG DEP HDD CDD  WTR  SNW DPTH SPD SPD DIR MIN PSBL S-S WX    SPD DR
================================================================================

 1  81  75  78  -4   0  13 6.92  0.0    0  4.2 18 170   M    M   0        22 170
 2  86  76  81  -1   0  16 2.46  0.0    0  7.8 20 180   M    M   0        26 180
 3  89  77  83   1   0  18 0.41  0.0    0  7.3 18 200   M    M   0        23 200
 4  88  76  82   0   0  17 0.11  0.0    0  5.4 15 330   M    M   0        19 340
 5  90  77  84   2   0  19 0.20  0.0    0  5.4 14 240   M    M   0        19 220
 6  90  76  83   1   0  18 0.06  0.0    0  4.7 18 200   M    M   0        23 220
 7  90  73  82   0   0  17 0.38  0.0    0  8.0 22 290   M    M   0        30 260
 8  90  76  83   1   0  18 0.02  0.0    0  5.1 16 270   M    M   0        20 240
 9  96  75  86   4   0  21 0.00  0.0    0  2.2 20 200   M    M   0        25 200
10  95  75  85   3   0  20 0.00  0.0    0  2.7  9 100   M    M   0        12 100
11  93  76  85   3   0  20 0.00  0.0    0  3.5 12 230   M    M   0        15 240
12  94  78  86   5   0  21 0.01  0.0    0  4.3 15 270   M    M   0        19 270
13  90  73  82   1   0  17 0.07  0.0    0  2.7 17 160   M    M   0        22 170
14  93  72  83   2   0  18 0.06  0.0    0  2.7 15 100   M    M   0        23  90
15  93  72  83   2   0  18 1.97  0.0    0  2.9 15 130   M    M   0        24 120
16  90  71  81   0   0  16 0.48  0.0    0  4.3 23 200   M    M   0        35 190
17  92  73  83   2   0  18 0.02  0.0    0  3.9 14 240   M    M   0        18 180
18  94  74  84   3   0  19 0.01  0.0    0  2.7 12 220   M    M   0        17 230
19  93  76  85   4   0  20 0.01  0.0    0  2.4  9 210   M    M   0        12 190
20  91  77  84   3   0  19 0.07  0.0    0  0.8 14 180   M    M   0        17 190
21  93  76  85   4   0  20 0.04  0.0    0  2.4 15 240   M    M   0        19 230
22  97  75  86   5   0  21 0.05  0.0    0  2.5 20  30   M    M   0        29  60
23  96  74  85   4   0  20 0.18  0.0    0  3.7 16  20   M    M   0        21  80
24  92  75  84   3   0  19 0.32  0.0    0  2.2 12 350   M    M   0        14  80
25  95  75  85   4   0  20 0.00  0.0    0  3.2 12 250   M    M   0        15 240
26  95  75  85   4   0  20 0.99  0.0    0  4.0 14 240   M    M   0        17  90
27   M   M   M   M   M   M    M    M    M   M   M   M   M    M   M         M  M
================================================================================
SM 2386 1948         0 483 14.84     0.0 101.0          M        0
================================================================================
AV 91.8 74.9                               3.9 FASTST   M    M   0    MAX(MPH)
                                 MISC ---->  # 23 200               # 35  190
================================================================================
NOTES:
# LAST OF SEVERAL OCCURRENCES

COLUMN 17 PEAK WIND IN M.P.H.

PRELIMINARY LOCAL CLIMATOLOGICAL DATA (WS FORM: F-6) , PAGE 2

                                          STATION:  CROSS CITY
                                          MONTH:    AUGUST
                                          YEAR:     2015
                                          LATITUDE:   29 37 N
                                          LONGITUDE:  83  6 W

[TEMPERATURE DATA]      [PRECIPITATION DATA]       SYMBOLS USED IN COLUMN 16

AVERAGE MONTHLY: 83.3   TOTAL FOR MONTH:  14.84    1 = FOG OR MIST
DPTR FM NORMAL:   1.9   DPTR FM NORMAL:    8.36    2 = FOG REDUCING VISIBILITY
HIGHEST:    97 ON 22    GRTST 24HR  6.93 ON  1- 2      TO 1/4 MILE OR LESS
LOWEST:     71 ON 16                               3 = THUNDER
                        SNOW, ICE PELLETS, HAIL    4 = ICE PELLETS
                        TOTAL MONTH:   0.0 INCH    5 = HAIL
                        GRTST 24HR     0.0         6 = FREEZING RAIN OR DRIZZLE
                        GRTST DEPTH:   0           7 = DUSTSTORM OR SANDSTORM:
                                                       VSBY 1/2 MILE OR LESS
                                                   8 = SMOKE OR HAZE
[NO. OF DAYS WITH]      [WEATHER - DAYS WITH]      9 = BLOWING SNOW
                                                   X = TORNADO
MAX 32 OR BELOW:   0    0.01 INCH OR MORE:  22
MAX 90 OR ABOVE:  22    0.10 INCH OR MORE:  11
MIN 32 OR BELOW:   0    0.50 INCH OR MORE:   4
MIN  0 OR BELOW:   0    1.00 INCH OR MORE:   3

[HDD (BASE 65) ]
TOTAL THIS MO.     0    CLEAR  (SCALE 0-3)  26
DPTR FM NORMAL     0    PTCLDY (SCALE 4-7)   0
TOTAL FM JUL 1     0    CLOUDY (SCALE 8-10)  0
DPTR FM NORMAL     0

[CDD (BASE 65) ]
TOTAL THIS MO.   483
DPTR FM NORMAL    41    [PRESSURE DATA]
TOTAL FM JAN 1  2412    HIGHEST SLP M ON M
DPTR FM NORMAL   536    LOWEST  SLP 29.84 ON M

[REMARKS]
