000
CXUS52 KCHS 240715
CF6CXM
PRELIMINARY LOCAL CLIMATOLOGICAL DATA (WS FORM: F-6)

                                          STATION:   DOWNTOWN CHARLESTON SC
                                          MONTH:     MAY
                                          YEAR:      2015
                                          LATITUDE:   32 46 N
                                          LONGITUDE:  79 56 W

  TEMPERATURE IN F:       :PCPN:    SNOW:  WIND      :SUNSHINE: SKY     :PK WND
================================================================================
1   2   3   4   5  6A  6B    7    8   9   10  11  12  13   14  15   16   17  18
                                     12Z  AVG MX 2MIN
DY MAX MIN AVG DEP HDD CDD  WTR  SNW DPTH SPD SPD DIR MIN PSBL S-S WX    SPD DR
================================================================================

 1  69  58  64  -5   1   0 0.00    M    M   M  24   M   M    M   M         M  M
 2  77  55  66  -4   0   1 0.00    M    M   M  12  15   M    M   M        16   5
 3  77  61  69  -1   0   4 0.00    M    M   M  11 180   M    M   M        14 190
 4  78  64  71   1   0   6 0.00    M    M   M  13 120   M    M   M        16 120
 5  78  63  71   1   0   6 0.00    M    M   M  18  90   M    M   M        21  90
 6  75  64  70  -1   0   5 0.00    M    M   M   M   M   M    M   M         M  M
 7  69  63  66  -5   0   1 0.97    M    M 13.3 21 360   M    M   M        28 350
 8  79  66  73   2   0   8 0.19    M    M 13.4 19  40   M    M   M        25  40
 9  80  69  75   4   0  10 0.17    M    M  9.8 18 350   M    M   M        23 350
10  83  68  76   4   0  11 0.01    M    M  7.5 13 260   M    M   M        18 250
11  81  73  77   5   0  12 0.00    M    M  7.7 15 180   M    M   M        19 170
12  82  73  78   6   0  13 0.00    M    M  7.9 14 180   M    M   M        17 220
13  81  70  76   4   0  11 0.00    M    M  5.7 13 100   M    M   M        15 100
14  77  68  73   0   0   8 0.00    M    M 11.6 21  80   M    M   M        24  80
15  75  70  73   0   0   8 0.00    M    M 10.5 13 100   M    M   M        16 100
16  78  69  74   1   0   9 0.00    M    M  5.8 11 120   M    M   M        13 120
17  83  71  77   4   0  12 0.00    M    M  6.2 13 150   M    M   M        16 160
18  80  71  76   3   0  11 0.00    M    M  6.0 14 190   M    M   M        16 190
19  83  71  77   3   0  12 0.00    M    M  6.3 13 180   M    M   M        17 180
20  83  68  76   2   0  11 1.23    M    M  4.2 19 250   M    M   M        33 300
21  90  73  82   8   0  17 0.00  0.0    M  5.7 11 290   M    M   M        19 260
22  78  69  74   0   0   9 0.00  0.0    M  9.1 17  50   M    M   M        22  40
23  76  67  72  -3   0   7 0.00  0.0    M 11.2 16 100   M    M   M        21  90
================================================================================
SM 1812 1544         1 192  2.57     0.0 141.9          M        M
================================================================================
AV 78.8 67.1                               8.3 FASTST   M    M   4    MAX(MPH)
                                 MISC ---->    24   M               # 33  300
================================================================================
NOTES:
# LAST OF SEVERAL OCCURRENCES

COLUMN 17 PEAK WIND IN M.P.H.

PRELIMINARY LOCAL CLIMATOLOGICAL DATA (WS FORM: F-6) , PAGE 2

                                          STATION:  DOWNTOWN CHARLESTON SC
                                          MONTH:    MAY
                                          YEAR:     2015
                                          LATITUDE:   32 46 N
                                          LONGITUDE:  79 56 W

[TEMPERATURE DATA]      [PRECIPITATION DATA]       SYMBOLS USED IN COLUMN 16

AVERAGE MONTHLY: 73.0   TOTAL FOR MONTH:   2.57    1 = FOG OR MIST
DPTR FM NORMAL:   0.9   DPTR FM NORMAL:    1.08    2 = FOG REDUCING VISIBILITY
HIGHEST:    90 ON 21    GRTST 24HR  1.23 ON 20-20      TO 1/4 MILE OR LESS
LOWEST:     55 ON  2                               3 = THUNDER
                        SNOW, ICE PELLETS, HAIL    4 = ICE PELLETS
                        TOTAL MONTH:   0.0 INCH    5 = HAIL
                        GRTST 24HR     0.0         6 = FREEZING RAIN OR DRIZZLE
                        GRTST DEPTH:  M  ON   M    7 = DUSTSTORM OR SANDSTORM:
                                                       VSBY 1/2 MILE OR LESS
                                                   8 = SMOKE OR HAZE
[NO. OF DAYS WITH]      [WEATHER - DAYS WITH]      9 = BLOWING SNOW
                                                   X = TORNADO
MAX 32 OR BELOW:   0    0.01 INCH OR MORE:   5
MAX 90 OR ABOVE:   1    0.10 INCH OR MORE:   4
MIN 32 OR BELOW:   0    0.50 INCH OR MORE:   2
MIN  0 OR BELOW:   0    1.00 INCH OR MORE:   1

[HDD (BASE 65) ]
TOTAL THIS MO.     1    CLEAR  (SCALE 0-3)   0
DPTR FM NORMAL    -4    PTCLDY (SCALE 4-7)   0
TOTAL FM JUL 1  1688    CLOUDY (SCALE 8-10)  0
DPTR FM NORMAL   -43

[CDD (BASE 65) ]
TOTAL THIS MO.   192
DPTR FM NORMAL    25    [PRESSURE DATA]
TOTAL FM JAN 1   335    HIGHEST SLP M ON M
DPTR FM NORMAL    63    LOWEST  SLP 29.77 ON 21

[REMARKS]
