000
CXUS52 KCHS 280915
CF6CXM
PRELIMINARY LOCAL CLIMATOLOGICAL DATA (WS FORM: F-6)

                                          STATION:   DOWNTOWN CHARLESTON SC
                                          MONTH:     AUGUST
                                          YEAR:      2014
                                          LATITUDE:   32 46 N
                                          LONGITUDE:  79 56 W

  TEMPERATURE IN F:       :PCPN:    SNOW:  WIND      :SUNSHINE: SKY     :PK WND
================================================================================
1   2   3   4   5  6A  6B    7    8   9   10  11  12  13   14  15   16   17  18
                                     12Z  AVG MX 2MIN
DY MAX MIN AVG DEP HDD CDD  WTR  SNW DPTH SPD SPD DIR MIN PSBL S-S WX    SPD DR
================================================================================

 1  85  77  81  -1   0  16 0.00  0.0    0   M   M   M   M    M   M         M  M
 2  81  75  78  -4   0  13 1.27  0.0    0   M  14  20   M    M   M        16  20
 3  82  76  79  -3   0  14 0.61  0.0    0  6.7 18  80   M    M   M        23  80
 4  82  75  79  -3   0  14 0.00  0.0    0   M  14  10   M    M   M        17  20
 5  88  75  82   0   0  17 0.31  0.0    0   M  14 350   M    M   M        19 280
 6  93  78  86   4   0  21 0.00  0.0    0  7.6  9 250   M    M   M        15 290
 7  95  79  87   5   0  22 0.00  0.0    0  5.4 10 220   M    M   M        15 310
 8  87  77  82   0   0  17 0.00  0.0    0   M   M   M   M    M   M         M  M
 9  89  76  83   1   0  18 0.95  0.0    0   M   M   M   M    M   M         M  M
10  87  77  82   0   0  17 0.20  0.0    0   M  13 190   M    M   M        19 180
11  87  78  83   1   0  18 0.01  0.0    0   M   M   M   M    M   M         M  M
12  87  77  82   0   0  17 0.02  0.0    0   M   M   M   M    M   M         M  M
13  90  77  84   2   0  19 0.00  0.0    0   M  14 210   M    M   M        18 210
14  86  75  81  -1   0  16 0.00  0.0    0  8.0 22  80   M    M   M         M  M
15  85  78  82   1   0  17 0.00  0.0    0   M   M   M   M    M   M         M  M
16  88  80  84   3   0  19 0.02  0.0    0   M  16 180   M    M   M        21 220
17  93  79  86   5   0  21 0.00  0.0    0   M  12 215   M    M   M        17 210
18  90  75  83   2   0  18 0.16  0.0    0   M  18 215   M    M   M        26 215
19  91  75  83   2   0  18 0.03  0.0    0   M  18 240   M    M   M        28 250
20  94  75  85   4   0  20 0.00  0.0    0   M   9 210   M    M   M        15 230
21  96  77  87   6   0  22 0.00  0.0    0   M  10  20   M    M   M        12 310
22  96  82  89   8   0  24 0.00  0.0    0   M  14 180   M    M   M        18 180
23  98  81  90   9   0  25 0.00  0.0    0   M  13  30   M    M   M        18  40
24  85  77  81   0   0  16 0.00  0.0    0   M   M   M   M    M   M         M  M
25  84  70  77  -4   0  12 0.00  0.0    0   M  22  20   M    M   M        29  30
26  86  72  79  -2   0  14 0.00  0.0    M   M  20  30   M    M   M        27  30
27  88  70  79  -2   0  14 0.00  0.0    M 12.0 14  10   M    M   M        18  20
================================================================================
SM 2393 2063         0 479  3.58     0.0  39.7          M        M
================================================================================
AV 88.6 76.4                               7.9 FASTST   M    M   5    MAX(MPH)
                                 MISC ---->  # 22  80               # 29   30
================================================================================
NOTES:
# LAST OF SEVERAL OCCURRENCES

COLUMN 17 PEAK WIND IN M.P.H.

PRELIMINARY LOCAL CLIMATOLOGICAL DATA (WS FORM: F-6) , PAGE 2

                                          STATION:  DOWNTOWN CHARLESTON SC
                                          MONTH:    AUGUST
                                          YEAR:     2014
                                          LATITUDE:   32 46 N
                                          LONGITUDE:  79 56 W

[TEMPERATURE DATA]      [PRECIPITATION DATA]       SYMBOLS USED IN COLUMN 16

AVERAGE MONTHLY: 82.5   TOTAL FOR MONTH:   3.58    1 = FOG OR MIST
DPTR FM NORMAL:   1.0   DPTR FM NORMAL:   -2.22    2 = FOG REDUCING VISIBILITY
HIGHEST:    98 ON 23    GRTST 24HR  1.27 ON  2- 2      TO 1/4 MILE OR LESS
LOWEST:     70 ON 27,25                            3 = THUNDER
                        SNOW, ICE PELLETS, HAIL    4 = ICE PELLETS
                        TOTAL MONTH:   0.0 INCH    5 = HAIL
                        GRTST 24HR     0.0         6 = FREEZING RAIN OR DRIZZLE
                        GRTST DEPTH:   0           7 = DUSTSTORM OR SANDSTORM:
                                                       VSBY 1/2 MILE OR LESS
                                                   8 = SMOKE OR HAZE
[NO. OF DAYS WITH]      [WEATHER - DAYS WITH]      9 = BLOWING SNOW
                                                   X = TORNADO
MAX 32 OR BELOW:   0    0.01 INCH OR MORE:  10
MAX 90 OR ABOVE:  10    0.10 INCH OR MORE:   6
MIN 32 OR BELOW:   0    0.50 INCH OR MORE:   3
MIN  0 OR BELOW:   0    1.00 INCH OR MORE:   1

[HDD (BASE 65) ]
TOTAL THIS MO.     0    CLEAR  (SCALE 0-3)   0
DPTR FM NORMAL     0    PTCLDY (SCALE 4-7)   0
TOTAL FM JUL 1     0    CLOUDY (SCALE 8-10)  0
DPTR FM NORMAL     0

[CDD (BASE 65) ]
TOTAL THIS MO.   479
DPTR FM NORMAL    36    [PRESSURE DATA]
TOTAL FM JAN 1  1913    HIGHEST SLP M ON M
DPTR FM NORMAL   149    LOWEST  SLP M ON M

[REMARKS]
