000
CXUS56 KSGX 301445
CF6CZZ
PRELIMINARY LOCAL CLIMATOLOGICAL DATA (WS FORM: F-6)

                                          STATION:   CAMPO ASOS CA
                                          MONTH:     MAY
                                          YEAR:      2015
                                          LATITUDE:   32 37 N
                                          LONGITUDE: 116 28 W

  TEMPERATURE IN F:       :PCPN:    SNOW:  WIND      :SUNSHINE: SKY     :PK WND
================================================================================
1   2   3   4   5  6A  6B    7    8   9   10  11  12  13   14  15   16   17  18
                                     12Z  AVG MX 2MIN
DY MAX MIN AVG DEP HDD CDD  WTR  SNW DPTH SPD SPD DIR MIN PSBL S-S WX    SPD DR
================================================================================

 1  88  44  66   8   0   1 0.00  0.0    0  7.4 21 280   M    M   0        30 290
 2  85  46  66   8   0   1 0.00  0.0    0  9.2 23 210   M    M   0        29 280
 3  76  42  59   0   6   0 0.00  0.0    0  9.2 20 220   M    M   0        25 250
 4  74  51  63   4   2   0 0.00  0.0    0 11.7 23 220   M    M   0        28 240
 5  67  48  58  -1   7   0 0.00  0.0    0 10.2 20 220   M    M   0        25 210
 6  64  49  57  -2   8   0 0.00  0.0    0 11.3 25 220   M    M   0        32 210
 7  55  45  50  -9  15   0 0.00  0.0    0 14.2 23 240   M    M   0        30 230
 8  50  42  46 -14  19   0 0.62    M    0 12.3 25 220   M    M   0        31 240
 9  59  47  53  -7  12   0 0.00  0.0    0  7.1 17 220   M    M   0        21 220
10  78  41  60   0   5   0 0.00  0.0    0  7.4 18 300   M    M   0        26  30
11  80  42  61   1   4   0 0.00  0.0    0  7.0 23 220   M    M   0        26 220
12  72  40  56  -4   9   0 0.00  0.0    0  8.6 18 220   M    M   0        25 190
13  67  32  50 -10  15   0 0.00  0.0    0  8.1 21 230   M    M   0        25 210
14  58  40  49 -12  16   0 0.18    M    0 12.8 25 240   M    M   0        34 220
15  53  46  50 -11  15   0 1.47    M    0  5.8 16 230   M    M   0        20 300
16  60  45  53  -8  12   0 0.00    M    0  6.8 20 230   M    M   0        23 230
17  68  39  54  -7  11   0 0.00  0.0    0  7.7 21 220   M    M   0        25 210
18  63  47  55  -6  10   0 0.00  0.0    0  9.1 23 220   M    M   0        29 220
19  69  44  57  -4   8   0 0.00  0.0    0  8.2 21 220   M    M   0        27 230
20  69  40  55  -6  10   0 0.00  0.0    0  9.5 22 220   M    M   0        27 220
21  57  48  53  -9  12   0 0.00  0.0    0 11.7 20 230   M    M   0        25 260
22  56  48  52 -10  13   0 0.02    M    0 12.2 22 230   M    M   0        27 230
23  59  48  54  -8  11   0 0.02    M    0  9.0 16 230   M    M   0        21 230
24  65  45  55  -7  10   0 0.00  0.0    0  8.1 16 290   M    M   0        22 220
25   M   M   M   M   M   M    M    M    M   M   M   M   M    M   M         M  M
26  72  42  57  -5   8   0 0.00  0.0    M  8.4 22 220   M    M   0        26 210
27  72  47  60  -2   5   0 0.00  0.0    0  8.7 21 220   M    M   0        25 190
28  84  44  64   2   1   0 0.00  0.0    0  7.8 21 220   M    M   0        24 220
29  89  47  68   5   0   3 0.00  0.0    0  7.0 23 220   M    M   0        25 210
================================================================================
SM 1909 1239       244   5  2.31     0.0 256.5          M        0
================================================================================
AV 68.2 44.2                               9.2 FASTST   M    M   0    MAX(MPH)
                                 MISC ---->  # 25 220               # 34  220
================================================================================
NOTES:
# LAST OF SEVERAL OCCURRENCES

COLUMN 17 PEAK WIND IN M.P.H.

PRELIMINARY LOCAL CLIMATOLOGICAL DATA (WS FORM: F-6) , PAGE 2

                                          STATION:  CAMPO ASOS CA
                                          MONTH:    MAY
                                          YEAR:     2015
                                          LATITUDE:   32 37 N
                                          LONGITUDE: 116 28 W

[TEMPERATURE DATA]      [PRECIPITATION DATA]       SYMBOLS USED IN COLUMN 16

AVERAGE MONTHLY: 56.2   TOTAL FOR MONTH:   2.31    1 = FOG OR MIST
DPTR FM NORMAL:  -4.4   DPTR FM NORMAL:    2.13    2 = FOG REDUCING VISIBILITY
HIGHEST:    89 ON 29    GRTST 24HR  1.63 ON 14-15      TO 1/4 MILE OR LESS
LOWEST:     32 ON 13                               3 = THUNDER
                        SNOW, ICE PELLETS, HAIL    4 = ICE PELLETS
                        TOTAL MONTH:   0.0 INCH    5 = HAIL
                        GRTST 24HR     0.0         6 = FREEZING RAIN OR DRIZZLE
                        GRTST DEPTH:   0           7 = DUSTSTORM OR SANDSTORM:
                                                       VSBY 1/2 MILE OR LESS
                                                   8 = SMOKE OR HAZE
[NO. OF DAYS WITH]      [WEATHER - DAYS WITH]      9 = BLOWING SNOW
                                                   X = TORNADO
MAX 32 OR BELOW:   0    0.01 INCH OR MORE:   5
MAX 90 OR ABOVE:   0    0.10 INCH OR MORE:   3
MIN 32 OR BELOW:   1    0.50 INCH OR MORE:   2
MIN  0 OR BELOW:   0    1.00 INCH OR MORE:   1

[HDD (BASE 65) ]
TOTAL THIS MO.   244    CLEAR  (SCALE 0-3)  28
DPTR FM NORMAL    93    PTCLDY (SCALE 4-7)   0
TOTAL FM JUL 1  2463    CLOUDY (SCALE 8-10)  0
DPTR FM NORMAL  -456

[CDD (BASE 65) ]
TOTAL THIS MO.     5
DPTR FM NORMAL   -19    [PRESSURE DATA]
TOTAL FM JAN 1    10    HIGHEST SLP M ON M
DPTR FM NORMAL   -17    LOWEST  SLP 29.73 ON M

[REMARKS]
