000
CXUS53 KUNR 250945
CF6D07
PRELIMINARY LOCAL CLIMATOLOGICAL DATA (WS FORM: F-6)

                                          STATION:   FAITH SD
                                          MONTH:     SEPTEMBER
                                          YEAR:      2016
                                          LATITUDE:   45  1 N
                                          LONGITUDE: 102  1 W

  TEMPERATURE IN F:       :PCPN:    SNOW:  WIND      :SUNSHINE: SKY     :PK WND
================================================================================
1   2   3   4   5  6A  6B    7    8   9   10  11  12  13   14  15   16   17  18
                                     12Z  AVG MX 2MIN
DY MAX MIN AVG DEP HDD CDD  WTR  SNW DPTH SPD SPD DIR MIN PSBL S-S WX    SPD DR
================================================================================

 1  86  59  73   5   0   8 0.00    M    M 21.7 37 170   M    M   M        47 150
 2  85  63  74   7   0   9 0.00    M    M 22.5 33 160   M    M   M        40 170
 3  88  61  75   8   0  10 0.00    M    M 10.5 23 160   M    M   M        28 160
 4  78  55  67   1   0   2 0.07    M    M 14.5 28  60   M    M   M        36  60
 5  66  53  60  -6   5   0 0.20    M    M  7.1 25  40   M    M   M        27  40
 6  62  51  57  -8   8   0 0.03    M    M  6.1 12 100   M    M   M        15 100
 7  76  52  64  -1   1   0 0.04    M    M 13.4 28 310   M    M   M        34 320
 8  82  49  66   2   0   1 0.00    M    M 10.9 28 190   M    M   M        35 170
 9  64  46  55  -9  10   0 0.04    M    M 14.4 36 320   M    M   M        44 320
10  77  44  61  -2   4   0 0.00    M    M 10.4 18 200   M    M   M        25 190
11  93  48  71   8   0   6 0.00    M    M 10.2 29  10   M    M   M        35  20
12  62  48  55  -7  10   0 0.00    M    M 17.6 28 350   M    M   M        37 350
13  51  44  48 -14  17   0 0.03    M    M   M   M  99   M    M   M        21 160
14  76  40  58  -3   7   0 0.00    M    M   M   M   M   M    M   M        36 140
15  76  56  66   5   0   1 0.70    M    M   M   M   M   M    M   M 3      38 330
16  73  49  61   1   4   0 0.06    M    M   M   M   M   M    M   M        35 330
17  84  47  66   6   0   1 0.00    M    M   M   M   M   M    M   M        22 220
18  85  53  69  10   0   4 0.00    M    M   M   M   M   M    M   M        37 270
19  81  52  67   9   0   2 0.00    M    M  9.2 20 290   M    M   M        26 290
20  79  54  67   9   0   2 0.00    M    M 12.6 22 150   M    M   M        28 130
21  75  52  64   7   1   0 0.00    M    M 16.4 26  40   M    M   M        30  30
22  60  50  55  -2  10   0 0.04    M    M 14.2 21  80   M    M   M        25  50
23  66  53  60   4   5   0 0.17    M    M 14.7 24  90   M    M   M        31  90
24  72  50  61   5   4   0 0.01    M    M 20.5 45 300   M    M   M        58 310
================================================================================
SM 1797 1229        86  46  1.39    M    246.9          M        M
================================================================================
AV 74.9 51.2                              13.7 FASTST   M    M   3    MAX(MPH)
                                 MISC ---->  # 45 300               # 58  310
================================================================================
NOTES:
# LAST OF SEVERAL OCCURRENCES

COLUMN 17 PEAK WIND IN M.P.H.

PRELIMINARY LOCAL CLIMATOLOGICAL DATA (WS FORM: F-6) , PAGE 2

                                          STATION:  FAITH SD
                                          MONTH:    SEPTEMBER
                                          YEAR:     2016
                                          LATITUDE:   45  1 N
                                          LONGITUDE: 102  1 W

[TEMPERATURE DATA]      [PRECIPITATION DATA]       SYMBOLS USED IN COLUMN 16

AVERAGE MONTHLY: 63.0   TOTAL FOR MONTH:   1.39    1 = FOG OR MIST
DPTR FM NORMAL:   1.2   DPTR FM NORMAL:    0.25    2 = FOG REDUCING VISIBILITY
HIGHEST:    93 ON 11    GRTST 24HR  0.70 ON 15-15      TO 1/4 MILE OR LESS
LOWEST:     40 ON 14                               3 = THUNDER
                        SNOW, ICE PELLETS, HAIL    4 = ICE PELLETS
                        TOTAL MONTH:    M          5 = HAIL
                        GRTST 24HR    M  ON   M    6 = FREEZING RAIN OR DRIZZLE
                        GRTST DEPTH:  M  ON   M    7 = DUSTSTORM OR SANDSTORM:
                                                       VSBY 1/2 MILE OR LESS
                                                   8 = SMOKE OR HAZE
[NO. OF DAYS WITH]      [WEATHER - DAYS WITH]      9 = BLOWING SNOW
                                                   X = TORNADO
MAX 32 OR BELOW:   0    0.01 INCH OR MORE:  11
MAX 90 OR ABOVE:   1    0.10 INCH OR MORE:   3
MIN 32 OR BELOW:   0    0.50 INCH OR MORE:   1
MIN  0 OR BELOW:   0    1.00 INCH OR MORE:   0

[HDD (BASE 65) ]
TOTAL THIS MO.    86    CLEAR  (SCALE 0-3)   0
DPTR FM NORMAL   -45    PTCLDY (SCALE 4-7)   0
TOTAL FM JUL 1   115    CLOUDY (SCALE 8-10)  0
DPTR FM NORMAL   -49

[CDD (BASE 65) ]
TOTAL THIS MO.    46
DPTR FM NORMAL   -13    [PRESSURE DATA]
TOTAL FM JAN 1   732    HIGHEST SLP M ON M
DPTR FM NORMAL    98    LOWEST  SLP 29.43 ON 23

[REMARKS]
