000
CXUS52 KMLB 291428
CF6DAB
PRELIMINARY LOCAL CLIMATOLOGICAL DATA (WS FORM: F-6)

                                          STATION:   DAYTONA BEACH
                                          MONTH:     JUNE
                                          YEAR:      2015
                                          LATITUDE:   29 10 N
                                          LONGITUDE:  81  3 W

  TEMPERATURE IN F:       :PCPN:    SNOW:  WIND      :SUNSHINE: SKY     :PK WND
================================================================================
1   2   3   4   5  6A  6B    7    8   9   10  11  12  13   14  15   16   17  18
                                     12Z  AVG MX 2MIN
DY MAX MIN AVG DEP HDD CDD  WTR  SNW DPTH SPD SPD DIR MIN PSBL S-S WX    SPD DR
================================================================================

 1  87  69  78   0   0  13    T  0.0    0  4.2 15  90   M    M   6 3      21  80
 2  84  69  77  -2   0  12 0.05  0.0    0  3.9 16 230   M    M  10 13     21 230
 3  85  69  77  -2   0  12    T  0.0    0  4.7 16  70   M    M   5        21  70
 4  86  68  77  -2   0  12 0.00  0.0    0  5.0 15  80   M    M   3        19  60
 5  87  70  79   0   0  14 0.00  0.0    0  4.7 16  60   M    M   6 3      21  70
 6  87  68  78  -1   0  13    T  0.0    0  4.6 15  80   M    M   6        19  70
 7  88  70  79   0   0  14 0.00  0.0    0  5.9 17  60   M    M   4 1      22  60
 8  88  71  80   1   0  15    T  0.0    0  5.3 20 250   M    M   4        24 260
 9  90  71  81   2   0  16 0.02  0.0    0  6.6 20 200   M    M   4 13     26 200
10  89  69  79  -1   0  14 0.90  0.0    0  5.8 17 220   M    M   7 13     22 210
11  88  70  79  -1   0  14 0.00  0.0    0  5.8 12 160   M    M   6        17 110
12  90  71  81   1   0  16 0.00  0.0    0  3.8 13 150   M    M   6        18 130
13  90  72  81   1   0  16 0.00  0.0    0  4.6 14  70   M    M   4 1      19  80
14  90  71  81   1   0  16 0.00  0.0    0  4.3 15  70   M    M   2 1      20 110
15  90  71  81   1   0  16 0.00  0.0    0  4.6 15  70   M    M   1 1      18  80
16  93  74  84   4   0  19 0.00  0.0    0  4.6 14  70   M    M   1        17  80
17  94  74  84   4   0  19 0.00  0.0    0  5.6 15  80   M    M   1        19 110
18  94  75  85   5   0  20 0.00  0.0    0  5.1 16 280   M    M   3 3      22 300
19  96  71  84   4   0  19 1.79  0.0    0  5.2 29 230   M    M   3 13     39 230
20  94  73  84   4   0  19 0.35  0.0    0  5.1 15 180   M    M   3 3      20 200
21  95  73  84   4   0  19 0.00  0.0    0  4.7 13  70   M    M   3 1      18  70
22  96  77  87   6   0  22 0.00  0.0    0  5.9 15  80   M    M   5        19  80
23  95  74  85   4   0  20 0.02  0.0    0  5.8 24 320   M    M   7 13     30 330
24  92  73  83   2   0  18    T  0.0    0  3.7 16 310   M    M   6 3      20 310
25  92  72  82   1   0  17 1.77  0.0    0  5.5 29 300   M    M   8 13     37 290
26  91  72  82   1   0  17 0.31  0.0    0  3.5 23 290   M    M   5 13     29 300
27  95  74  85   4   0  20    T  0.0    0  7.7 17 220   M    M   5        23 220
28  94  75  85   4   0  20 0.00  0.0    0  7.0 17 230   M    M   4 3      24 250
================================================================================
SM 2540 2006         0 462  5.21     0.0 143.2          M      128
================================================================================
AV 90.7 71.6                               5.1 FASTST   M    M   5    MAX(MPH)
                                 MISC ---->  # 29 230               # 39  230
================================================================================
NOTES:
# LAST OF SEVERAL OCCURRENCES

COLUMN 17 PEAK WIND IN M.P.H.

PRELIMINARY LOCAL CLIMATOLOGICAL DATA (WS FORM: F-6) , PAGE 2

                                          STATION:  DAYTONA BEACH
                                          MONTH:    JUNE
                                          YEAR:     2015
                                          LATITUDE:   29 10 N
                                          LONGITUDE:  81  3 W

[TEMPERATURE DATA]      [PRECIPITATION DATA]       SYMBOLS USED IN COLUMN 16

AVERAGE MONTHLY: 81.2   TOTAL FOR MONTH:   5.21    1 = FOG OR MIST
DPTR FM NORMAL:   1.3   DPTR FM NORMAL:   -0.24    2 = FOG REDUCING VISIBILITY
HIGHEST:    96 ON 22,19 GRTST 24HR  2.14 ON 19-20      TO 1/4 MILE OR LESS
LOWEST:     68 ON  6, 4                            3 = THUNDER
                        SNOW, ICE PELLETS, HAIL    4 = ICE PELLETS
                        TOTAL MONTH:   0.0 INCH    5 = HAIL
                        GRTST 24HR     0.0         6 = FREEZING RAIN OR DRIZZLE
                        GRTST DEPTH:   0           7 = DUSTSTORM OR SANDSTORM:
                                                       VSBY 1/2 MILE OR LESS
                                                   8 = SMOKE OR HAZE
[NO. OF DAYS WITH]      [WEATHER - DAYS WITH]      9 = BLOWING SNOW
                                                   X = TORNADO
MAX 32 OR BELOW:   0    0.01 INCH OR MORE:   8
MAX 90 OR ABOVE:  18    0.10 INCH OR MORE:   5
MIN 32 OR BELOW:   0    0.50 INCH OR MORE:   3
MIN  0 OR BELOW:   0    1.00 INCH OR MORE:   2

[HDD (BASE 65) ]
TOTAL THIS MO.     0    CLEAR  (SCALE 0-3)   8
DPTR FM NORMAL     0    PTCLDY (SCALE 4-7)  19
TOTAL FM JUL 1   682    CLOUDY (SCALE 8-10)  1
DPTR FM NORMAL  -127

[CDD (BASE 65) ]
TOTAL THIS MO.   462
DPTR FM NORMAL    46    [PRESSURE DATA]
TOTAL FM JAN 1  1375    HIGHEST SLP M ON M
DPTR FM NORMAL   358    LOWEST  SLP 29.91 ON M

[REMARKS]
