000
CXUS54 KFWD 280730
CF6DAL
PRELIMINARY LOCAL CLIMATOLOGICAL DATA (WS FORM: F-6)

                                          STATION:   DALLAS LOVE FIELD
                                          MONTH:     JANUARY
                                          YEAR:      2015
                                          LATITUDE:   32 50 N
                                          LONGITUDE:  96 51 W

  TEMPERATURE IN F:       :PCPN:    SNOW:  WIND      :SUNSHINE: SKY     :PK WND
================================================================================
1   2   3   4   5  6A  6B    7    8   9   10  11  12  13   14  15   16   17  18
                                     12Z  AVG MX 2MIN
DY MAX MIN AVG DEP HDD CDD  WTR  SNW DPTH SPD SPD DIR MIN PSBL S-S WX    SPD DR
================================================================================

 1  37  33  35 -11  30   0 0.69    M    0  4.0  9  30   M    M   9 18     16  30
 2  42  38  40  -6  25   0 0.34    M    0  6.5 14 360   M    M  10 13     17  40
 3  53  39  46   0  19   0 0.62    M    0  5.8 13 290   M    M   6 13     16 280
 4  44  28  36 -10  29   0 0.00  0.0    0 12.2 26 330   M    M   2        37 320
 5  47  25  36 -10  29   0 0.00  0.0    0  6.4 15 180   M    M   5        18 180
 6  59  32  46   0  19   0 0.00  0.0    0  4.1 12 350   M    M   3        19  20
 7  41  23  32 -14  33   0 0.00  0.0    0 16.2 29 360   M    M   2        39 350
 8  39  18  29 -18  36   0 0.00  0.0    0  8.5 17 180   M    M   2        23 170
 9  40  30  35 -12  30   0 0.00  0.0    0  9.4 18 350   M    M   9        25  40
10  39  31  35 -12  30   0 0.11  0.0    0  7.2 14  50   M    M  10 1      17  50
11  42  34  38  -9  27   0 0.71  0.0    0  7.6 15 130   M    M  10 1      17 130
12  44  36  40  -7  25   0 0.00  0.0    0 11.8 20 360   M    M   9 18     27  10
13  39  32  36 -11  29   0    T    M    0  8.7 15 360   M    M  10 168    20  20
14  43  37  40  -7  25   0 0.00  0.0    0  6.2 12 340   M    M  10        15 360
15  56  34  45  -2  20   0 0.00  0.0    0  4.2 13 340   M    M   4        17 320
16  63  33  48   1  17   0 0.00  0.0    0  4.6 16 160   M    M   6 18     19 160
17  69  42  56   9   9   0 0.00  0.0    0  9.3 24 340   M    M   1        29 330
18  69  33  51   4  14   0 0.00  0.0    0  5.1 15 180   M    M   1        21 180
19  70  40  55   8  10   0 0.00  0.0    0  5.0 12 220   M    M   1        18 190
20  71  44  58  11   7   0 0.00  0.0    0  6.5 18  30   M    M   2 18     23  40
21  63  41  52   5  13   0 0.33  0.0    0  8.2 17  80   M    M   8 1      22  80
22  48  39  44  -3  21   0 1.12  0.0    0 13.6 25  40   M    M  10 18     34  30
23  53  40  47   0  18   0 0.00  0.0    0  9.0 20 320   M    M   7        26 330
24  61  34  48   0  17   0 0.00  0.0    0  5.4 13 320   M    M   4        16 320
25  65  38  52   4  13   0 0.00  0.0    0  9.2 29 330   M    M   1 8      38 310
26  72  36  54   6  11   0 0.00  0.0    0  2.9 13 260   M    M   2        15 260
27  79  44  62  14   3   0 0.00  0.0    0  2.7  9 140   M    M   4        10 140
================================================================================
SM 1448  934       559   0  3.92     0.0 200.3          M      148
================================================================================
AV 53.6 34.6                               7.4 FASTST   M    M   5    MAX(MPH)
                                 MISC ---->  # 29 360               # 39  350
================================================================================
NOTES:
# LAST OF SEVERAL OCCURRENCES

COLUMN 17 PEAK WIND IN M.P.H.

PRELIMINARY LOCAL CLIMATOLOGICAL DATA (WS FORM: F-6) , PAGE 2

                                          STATION:  DALLAS LOVE FIELD
                                          MONTH:    JANUARY
                                          YEAR:     2015
                                          LATITUDE:   32 50 N
                                          LONGITUDE:  96 51 W

[TEMPERATURE DATA]      [PRECIPITATION DATA]       SYMBOLS USED IN COLUMN 16

AVERAGE MONTHLY: 44.1   TOTAL FOR MONTH:   3.92    1 = FOG OR MIST
DPTR FM NORMAL:  -2.8   DPTR FM NORMAL:    2.17    2 = FOG REDUCING VISIBILITY
HIGHEST:    79 ON 27    GRTST 24HR  1.45 ON 21-22      TO 1/4 MILE OR LESS
LOWEST:     18 ON  8                               3 = THUNDER
                        SNOW, ICE PELLETS, HAIL    4 = ICE PELLETS
                        TOTAL MONTH:   0.0 INCH    5 = HAIL
                        GRTST 24HR     0.0         6 = FREEZING RAIN OR DRIZZLE
                        GRTST DEPTH:   0           7 = DUSTSTORM OR SANDSTORM:
                                                       VSBY 1/2 MILE OR LESS
                                                   8 = SMOKE OR HAZE
[NO. OF DAYS WITH]      [WEATHER - DAYS WITH]      9 = BLOWING SNOW
                                                   X = TORNADO
MAX 32 OR BELOW:   0    0.01 INCH OR MORE:   7
MAX 90 OR ABOVE:   0    0.10 INCH OR MORE:   7
MIN 32 OR BELOW:   8    0.50 INCH OR MORE:   4
MIN  0 OR BELOW:   0    1.00 INCH OR MORE:   1

[HDD (BASE 65) ]
TOTAL THIS MO.   559    CLEAR  (SCALE 0-3)   9
DPTR FM NORMAL    66    PTCLDY (SCALE 4-7)   8
TOTAL FM JUL 1  1345    CLOUDY (SCALE 8-10) 10
DPTR FM NORMAL    -6

[CDD (BASE 65) ]
TOTAL THIS MO.     0
DPTR FM NORMAL     0    [PRESSURE DATA]
TOTAL FM JAN 1     0    HIGHEST SLP M ON M
DPTR FM NORMAL     0    LOWEST  SLP 29.84 ON  3

[REMARKS]
