000
CXUS54 KFWD 240730
CF6DAL
PRELIMINARY LOCAL CLIMATOLOGICAL DATA (WS FORM: F-6)

                                          STATION:   DALLAS LOVE FIELD
                                          MONTH:     NOVEMBER
                                          YEAR:      2017
                                          LATITUDE:   32 50 N
                                          LONGITUDE:  96 51 W

  TEMPERATURE IN F:       :PCPN:    SNOW:  WIND      :SUNSHINE: SKY     :PK WND
================================================================================
1   2   3   4   5  6A  6B    7    8   9   10  11  12  13   14  15   16   17  18
                                     12Z  AVG MX 2MIN
DY MAX MIN AVG DEP HDD CDD  WTR  SNW DPTH SPD SPD DIR MIN PSBL S-S WX    SPD DR
================================================================================

 1  80  51  66   3   0   1 0.00  0.0    0 10.4 21 170   M    M   5 18     26 170
 2  92  66  79  16   0  14 0.00  0.0    0 10.4 17 180   M    M   1 18     27 190
 3  74  55  65   3   0   0    T  0.0    0  5.7 13 320   M    M   6 18     16 340
 4  88  60  74  12   0   9 0.00  0.0    0 10.1 22 170   M    M   7 18     26 170
 5  92  73  83  21   0  18 0.00  0.0    0 10.8 16 180   M    M   5        26 210
 6  75  59  67   6   0   2 0.00  0.0    0  7.7 13 350   M    M   8        17 200
 7  62  50  56  -5   9   0 0.00  0.0    0 10.9 20 360   M    M   9        24 360
 8  50  46  48 -12  17   0 0.84  0.0    0  8.8 18 360   M    M  10 1      24 360
 9  54  45  50 -10  15   0 0.00  0.0    0  3.2  9 360   M    M   9 1      12 350
10  64  42  53  -7  12   0 0.00  0.0    0  6.2 15 130   M    M   5 18     19 170
11  70  56  63   4   2   0 0.00  0.0    0 13.1 22 150   M    M   9        27 150
12  71  61  66   7   0   1 0.01  0.0    0  5.8 14  40   M    M  10 18     19 160
13  67  55  61   3   4   0 0.00  0.0    0  6.9 17 130   M    M   9 18     20 130
14  79  61  70  12   0   5 0.00  0.0    0 12.7 18 170   M    M   8 18     23 170
15  74  66  70  12   0   5    T  0.0    0  9.5 18  50   M    M   9        24 170
16  75  63  69  12   0   4    T  0.0    0  6.9 18 150   M    M   9 8      25 150
17  82  69  76  19   0  11 0.00  0.0    0 13.6 20 210   M    M   8        29 200
18  76  47  62   6   3   0 0.00  0.0    0 15.3 32 340   M    M   6        45 350
19  63  42  53  -3  12   0 0.00  0.0    0  3.7  9 360   M    M   3        11  20
20  66  43  55  -1  10   0 0.00    M    0  9.4 22 180   M    M   4        28 170
21  70  50  60   5   5   0 0.00  0.0    0 11.0 22  20   M    M   5        30  30
22  56  40  48  -7  17   0 0.00  0.0    0  8.9 20  20   M    M   3        25 360
23  68  37  53  -1  12   0 0.00  0.0    0  4.0  9 180   M    M   2        12 150
================================================================================
SM 1648 1237       118  70  0.85     0.0 205.0          M      150
================================================================================
AV 71.7 53.8                               8.9 FASTST   M    M   7    MAX(MPH)
                                 MISC ---->  # 32 340               # 45  350
================================================================================
NOTES:
# LAST OF SEVERAL OCCURRENCES

COLUMN 17 PEAK WIND IN M.P.H.

PRELIMINARY LOCAL CLIMATOLOGICAL DATA (WS FORM: F-6) , PAGE 2

                                          STATION:  DALLAS LOVE FIELD
                                          MONTH:    NOVEMBER
                                          YEAR:     2017
                                          LATITUDE:   32 50 N
                                          LONGITUDE:  96 51 W

[TEMPERATURE DATA]      [PRECIPITATION DATA]       SYMBOLS USED IN COLUMN 16

AVERAGE MONTHLY: 62.7   TOTAL FOR MONTH:   0.85    1 = FOG OR MIST
DPTR FM NORMAL:   3.9   DPTR FM NORMAL:   -1.48    2 = FOG REDUCING VISIBILITY
HIGHEST:    92 ON  5, 2 GRTST 24HR  0.84 ON  7- 8      TO 1/4 MILE OR LESS
LOWEST:     37 ON 23                               3 = THUNDER
                        SNOW, ICE PELLETS, HAIL    4 = ICE PELLETS
                        TOTAL MONTH:   0.0 INCH    5 = HAIL
                        GRTST 24HR     0.0         6 = FREEZING RAIN OR DRIZZLE
                        GRTST DEPTH:   0           7 = DUSTSTORM OR SANDSTORM:
                                                       VSBY 1/2 MILE OR LESS
                                                   8 = SMOKE OR HAZE
[NO. OF DAYS WITH]      [WEATHER - DAYS WITH]      9 = BLOWING SNOW
                                                   X = TORNADO
MAX 32 OR BELOW:   0    0.01 INCH OR MORE:   2
MAX 90 OR ABOVE:   2    0.10 INCH OR MORE:   1
MIN 32 OR BELOW:   0    0.50 INCH OR MORE:   1
MIN  0 OR BELOW:   0    1.00 INCH OR MORE:   0

[HDD (BASE 65) ]
TOTAL THIS MO.   118    CLEAR  (SCALE 0-3)   4
DPTR FM NORMAL   -55    PTCLDY (SCALE 4-7)  10
TOTAL FM JUL 1   174    CLOUDY (SCALE 8-10)  9
DPTR FM NORMAL   -62

[CDD (BASE 65) ]
TOTAL THIS MO.    70
DPTR FM NORMAL    39    [PRESSURE DATA]
TOTAL FM JAN 1  3287    HIGHEST SLP M ON M
DPTR FM NORMAL   349    LOWEST  SLP 29.63 ON 18

[REMARKS]
