000
CXUS51 KRNK 240600
CF6DAN
PRELIMINARY LOCAL CLIMATOLOGICAL DATA (WS FORM: F-6)

                                          STATION:   DANVILLE VA
                                          MONTH:     JULY
                                          YEAR:      2016
                                          LATITUDE:   36 34 N
                                          LONGITUDE:  79 20 W

  TEMPERATURE IN F:       :PCPN:    SNOW:  WIND      :SUNSHINE: SKY     :PK WND
================================================================================
1   2   3   4   5  6A  6B    7    8   9   10  11  12  13   14  15   16   17  18
                                     12Z  AVG MX 2MIN
DY MAX MIN AVG DEP HDD CDD  WTR  SNW DPTH SPD SPD DIR MIN PSBL S-S WX    SPD DR
================================================================================

 1  87  67  77  -1   0  12 0.28  0.0    0  4.3 20 350   M    M   5 13     24 360
 2  87  66  77  -1   0  12 0.07  0.0    0  2.9 13  50   M    M   4 13     16  60
 3  72  66  69  -9   0   4 0.94  0.0    0  6.0 13  50   M    M   9 13     22  30
 4  79  66  73  -5   0   8 0.30  0.0    0  2.7 10 340   M    M   8 13     13 330
 5  91  70  81   3   0  16 0.24  0.0    0  5.1 17 260   M    M   4 123    24 250
 6  88  71  80   2   0  15 0.20  0.0    0  4.2 21 270   M    M   2 13     31 260
 7  89  70  80   2   0  15 0.03  0.0    0  6.8 17 250   M    M   2        21 240
 8  92  67  80   2   0  15 0.59  0.0    0  7.1 38 350   M    M   3 3      53 350
 9  88  67  78   0   0  13    T  0.0    0  8.2 18 240   M    M   1        27 230
10  86  64  75  -3   0  10 0.00  0.0    0  4.2 12 250   M    M   1        20 220
11  88  68  78   0   0  13 0.00  0.0    0  1.8  8 200   M    M   5        10 200
12  88  69  79   1   0  14 0.09  0.0    0  1.5 16 230   M    M   2 13     20 240
13  90  70  80   2   0  15 0.09  0.0    0  4.3 26 330   M    M   1 13     37 330
14  92  68  80   2   0  15 0.00  0.0    0  4.0 13 320   M    M   1 3      24 210
15  90  70  80   2   0  15 0.00  0.0    0  3.8 22 220   M    M   1 3      12 350
16  85  70  78   0   0  13    T  0.0    0  3.5 10 220   M    M   2 3      28 220
17  90  68  79   1   0  14 0.00  0.0    0  3.0 10 270   M    M   3 1      31 320
18  92  69  81   3   0  16 0.01  0.0    0  3.6 18 240   M    M   0 13     26 250
19  90  70  80   2   0  15 0.00  0.0    0  3.7 15  60   M    M   2 3      21  70
20  88  66  77  -1   0  12 0.00  0.0    0  3.6 14  30   M    M   1 3      21  50
21  89  66  78   0   0  13 0.00  0.0    0  2.3  8 220   M    M   1 1      18 320
22  94  68  81   3   0  16 0.00  0.0    0  4.0 10 230   M    M   1 1      14 250
23  94  70  82   4   0  17 0.00  0.0    0  3.6  8 190   M    M   0        18 150
================================================================================
SM 2029 1566         0 308  2.84     0.0  94.2          M       59
================================================================================
AV 88.2 68.1                               4.1 FASTST   M    M   3    MAX(MPH)
                                 MISC ---->  # 38 350               # 53  350
================================================================================
NOTES:
# LAST OF SEVERAL OCCURRENCES

COLUMN 17 PEAK WIND IN M.P.H.

PRELIMINARY LOCAL CLIMATOLOGICAL DATA (WS FORM: F-6) , PAGE 2

                                          STATION:  DANVILLE VA
                                          MONTH:    JULY
                                          YEAR:     2016
                                          LATITUDE:   36 34 N
                                          LONGITUDE:  79 20 W

[TEMPERATURE DATA]      [PRECIPITATION DATA]       SYMBOLS USED IN COLUMN 16

AVERAGE MONTHLY: 78.2   TOTAL FOR MONTH:   2.84    1 = FOG OR MIST
DPTR FM NORMAL:   0.2   DPTR FM NORMAL:   -0.63    2 = FOG REDUCING VISIBILITY
HIGHEST:    94 ON 23,22 GRTST 24HR  1.01 ON  2- 3      TO 1/4 MILE OR LESS
LOWEST:     64 ON 10                               3 = THUNDER
                        SNOW, ICE PELLETS, HAIL    4 = ICE PELLETS
                        TOTAL MONTH:   0.0 INCH    5 = HAIL
                        GRTST 24HR     0.0         6 = FREEZING RAIN OR DRIZZLE
                        GRTST DEPTH:   0           7 = DUSTSTORM OR SANDSTORM:
                                                       VSBY 1/2 MILE OR LESS
                                                   8 = SMOKE OR HAZE
[NO. OF DAYS WITH]      [WEATHER - DAYS WITH]      9 = BLOWING SNOW
                                                   X = TORNADO
MAX 32 OR BELOW:   0    0.01 INCH OR MORE:  11
MAX 90 OR ABOVE:  10    0.10 INCH OR MORE:   6
MIN 32 OR BELOW:   0    0.50 INCH OR MORE:   2
MIN  0 OR BELOW:   0    1.00 INCH OR MORE:   0

[HDD (BASE 65) ]
TOTAL THIS MO.     0    CLEAR  (SCALE 0-3)  17
DPTR FM NORMAL     0    PTCLDY (SCALE 4-7)   4
TOTAL FM JUL 1     0    CLOUDY (SCALE 8-10)  2
DPTR FM NORMAL     0

[CDD (BASE 65) ]
TOTAL THIS MO.   308
DPTR FM NORMAL     9    [PRESSURE DATA]
TOTAL FM JAN 1   723    HIGHEST SLP M ON M
DPTR FM NORMAL   -17    LOWEST  SLP 29.85 ON  7

[REMARKS]
