000
CXUS55 KDVN 231100
CF6DBQ
PRELIMINARY LOCAL CLIMATOLOGICAL DATA (WS FORM: F-6)

                                          STATION:   DUBUQUE IA
                                          MONTH:     JULY
                                          YEAR:      2017
                                          LATITUDE:   42 24 N
                                          LONGITUDE:  90 42 W

  TEMPERATURE IN F:       :PCPN:    SNOW:  WIND      :SUNSHINE: SKY     :PK WND
================================================================================
1   2   3   4   5  6A  6B    7    8   9   10  11  12  13   14  15   16   17  18
                                     12Z  AVG MX 2MIN
DY MAX MIN AVG DEP HDD CDD  WTR  SNW DPTH SPD SPD DIR MIN PSBL S-S WX    SPD DR
================================================================================

 1  77  57  67  -5   0   2 0.00  0.0    0  9.2 23 300   M    M   2        28 300
 2  84  52  68  -4   0   3 0.00  0.0    0  8.9 25 260   M    M   0        31 260
 3  80  64  72   0   0   7 0.44  0.0    0  6.2 15 100   M    M   3 13     18 120
 4  83  61  72   0   0   7 0.00  0.0    0  5.8 10 100   M    M   2 8      13 110
 5  86  67  77   5   0  12 0.00  0.0    0  5.1 20 100   M    M   1 138    23  90
 6  87  64  76   4   0  11 0.00  0.0    0  7.4 17 240   M    M   1 1      21 250
 7  83  64  74   2   0   9 0.00  0.0    0 11.6 21 340   M    M   1        25 340
 8  79  59  69  -3   0   4 0.00  0.0    0  5.5 13  10   M    M   0        17 340
 9  84  59  72   0   0   7 0.00  0.0    0  7.5 16 190   M    M   2 3      21 200
10  83  65  74   2   0   9 0.88  0.0    0  6.6 23 320   M    M   5 13     31 310
11  80  65  73   1   0   8 0.39  0.0    0  6.8 46 270   M    M   5 123    74 270
12  85  65  75   3   0  10 1.08  0.0    0  9.5 30  20   M    M   4 13     38  20
13  79  61  70  -2   0   5 0.00  0.0    0  9.8 17 340   M    M   1 1      21 320
14  70  55  63  -9   2   0 0.00  0.0    0  7.3 21 330   M    M   6        24 350
15  81  53  67  -5   0   2 0.01  0.0    0  6.5 15 220   M    M   1        18 220
16  80  64  72   0   0   7 0.00  0.0    0  7.1 15  70   M    M   4 1      20  30
17  79  57  68  -4   0   3 0.00  0.0    0  5.3 12 140   M    M   0 1      14 140
18  86  63  75   3   0  10 0.00  0.0    0  8.4 15 210   M    M   3        19 260
19  88  66  77   5   0  12 1.21  0.0    0  6.1 38 360   M    M   4 13     47 350
20  86  67  77   5   0  12 0.16  0.0    0  8.1 33  30   M    M   4 13     40  30
21  78  68  73   1   0   8 2.52  0.0    0  9.6 32 360   M    M   5 13     40 350
22  85  68  77   5   0  12 0.73  0.0    0  5.1 33 170   M    M   5 13     43 170
================================================================================
SM 1803 1364         2 160  7.42     0.0 163.4          M       59
================================================================================
AV 82.0 62.0                               7.4 FASTST   M    M   3    MAX(MPH)
                                 MISC ---->  # 46 270               # 74  270
================================================================================
NOTES:
# LAST OF SEVERAL OCCURRENCES

COLUMN 17 PEAK WIND IN M.P.H.

PRELIMINARY LOCAL CLIMATOLOGICAL DATA (WS FORM: F-6) , PAGE 2

                                          STATION:  DUBUQUE IA
                                          MONTH:    JULY
                                          YEAR:     2017
                                          LATITUDE:   42 24 N
                                          LONGITUDE:  90 42 W

[TEMPERATURE DATA]      [PRECIPITATION DATA]       SYMBOLS USED IN COLUMN 16

AVERAGE MONTHLY: 72.0   TOTAL FOR MONTH:   7.42    1 = FOG OR MIST
DPTR FM NORMAL:  -0.0   DPTR FM NORMAL:    4.34    2 = FOG REDUCING VISIBILITY
HIGHEST:    88 ON 19    GRTST 24HR  2.52 ON 21-21      TO 1/4 MILE OR LESS
LOWEST:     52 ON  2                               3 = THUNDER
                        SNOW, ICE PELLETS, HAIL    4 = ICE PELLETS
                        TOTAL MONTH:   0.0 INCH    5 = HAIL
                        GRTST 24HR     0.0         6 = FREEZING RAIN OR DRIZZLE
                        GRTST DEPTH:   0           7 = DUSTSTORM OR SANDSTORM:
                                                       VSBY 1/2 MILE OR LESS
                                                   8 = SMOKE OR HAZE
[NO. OF DAYS WITH]      [WEATHER - DAYS WITH]      9 = BLOWING SNOW
                                                   X = TORNADO
MAX 32 OR BELOW:   0    0.01 INCH OR MORE:   9
MAX 90 OR ABOVE:   0    0.10 INCH OR MORE:   8
MIN 32 OR BELOW:   0    0.50 INCH OR MORE:   5
MIN  0 OR BELOW:   0    1.00 INCH OR MORE:   3

[HDD (BASE 65) ]
TOTAL THIS MO.     2    CLEAR  (SCALE 0-3)  12
DPTR FM NORMAL     2    PTCLDY (SCALE 4-7)  10
TOTAL FM JUL 1     2    CLOUDY (SCALE 8-10)  0
DPTR FM NORMAL     2

[CDD (BASE 65) ]
TOTAL THIS MO.   160
DPTR FM NORMAL     5    [PRESSURE DATA]
TOTAL FM JAN 1   355    HIGHEST SLP M ON M
DPTR FM NORMAL    24    LOWEST  SLP 29.68 ON 10

[REMARKS]
