000
CXUS53 KDDC 301200
CF6DDC
PRELIMINARY LOCAL CLIMATOLOGICAL DATA (WS FORM: F-6)

                                          STATION:   DODGE CITY KS
                                          MONTH:     MAY
                                          YEAR:      2016
                                          LATITUDE:   37 46 N
                                          LONGITUDE:  99 58 W

  TEMPERATURE IN F:       :PCPN:    SNOW:  WIND      :SUNSHINE: SKY     :PK WND
================================================================================
1   2   3   4   5  6A  6B    7    8   9   10  11  12  13   14  15   16   17  18
                                     12Z  AVG MX 2MIN
DY MAX MIN AVG DEP HDD CDD  WTR  SNW DPTH SPD SPD DIR MIN PSBL S-S WX    SPD DR
================================================================================

 1  47  37  42 -17  23   0    T  0.0    0 15.3 28 360   M    M  10        35 320
 2  61  35  48 -12  17   0 0.00  0.0    0  8.3 17 350   M    M   2        25 350
 3  67  43  55  -5  10   0 0.00  0.0    0  8.7 18 350   M    M   3        28  20
 4  76  44  60   0   5   0 0.00  0.0    0 10.6 20  10   M    M   0        24 360
 5  78  45  62   1   3   0 0.00  0.0    0  9.8 16 130   M    M   0        23 150
 6  82  51  67   6   0   2 0.00  0.0    0 17.5 33 190   M    M   0        42 180
 7  80  53  67   6   0   2 0.01  0.0    0 18.3 33 150   M    M   0 3      41 150
 8  80  47  64   2   1   0    T  0.0    0 13.0 30 130   M    M   1        38 140
 9  75  47  61  -1   4   0 0.00  0.0    0  9.3 25 270   M    M   2 1      31 270
10  83  48  66   4   0   1 0.00  0.0    0 10.7 46 310   M    M   0 8      59 320
11  73  48  61  -2   4   0 0.00  0.0    0 17.4 37  20   M    M   2 8      45  10
12  73  42  58  -5   7   0 0.00  0.0    0  7.8 15 270   M    M   1 8      20 260
13  82  44  63   0   2   0 0.00  0.0    0 18.7 32 360   M    M   0        42 210
14  58  37  48 -16  17   0 0.00  0.0    0 10.2 25  20   M    M   7        31  20
15  61  47  54 -10  11   0    T  0.0    0 10.9 23 140   M    M  10 1      29 150
16  61  46  54 -10  11   0 0.26    M    0 13.0 30  20   M    M  10 13     34  30
17  60  45  53 -12  12   0 0.03    M    0 15.4 28  30   M    M   8 1      32  30
18  65  38  52 -13  13   0 0.00  0.0    0  7.3 15 120   M    M   3 1      19 120
19  57  46  52 -13  13   0 0.00  0.0    0 11.5 18 150   M    M   7        22 150
20  65  51  58  -8   7   0    T  0.0    0 12.9 20 130   M    M   9 1      24 130
21  76  57  67   1   0   2 0.00  0.0    0 20.7 29 150   M    M   7 1      37 160
22  79  64  72   6   0   7 0.02  0.0    0 23.0 36 180   M    M   7 13     45 180
23  81  58  70   4   0   5 0.00  0.0    0 13.9 26 150   M    M   3        36 150
24  83  63  73   6   0   8 1.13  0.0    0 16.0 45 170   M    M   7 138    55 160
25  85  63  74   7   0   9 0.00  0.0    0 10.6 20 170   M    M   3 12     27 170
26  82  58  70   3   0   5 0.14  0.0    0 12.5 30 130   M    M   3 123    39 130
27  75  55  65  -3   0   0 0.01  0.0    0 10.8 23 190   M    M   8 13     31 180
28  79  49  64  -4   1   0 0.00  0.0    0  8.1 17 300   M    M   0        22 280
29  81  56  69   1   0   4    T  0.0    0 11.4 26 180   M    M   1        33 180
================================================================================
SM 2105 1417       161  45  1.60     0.0 373.6          M      114
================================================================================
AV 72.6 48.9                              12.9 FASTST   M    M   4    MAX(MPH)
                                 MISC ---->  # 46 310               # 59  320
================================================================================
NOTES:
# LAST OF SEVERAL OCCURRENCES

COLUMN 17 PEAK WIND IN M.P.H.

PRELIMINARY LOCAL CLIMATOLOGICAL DATA (WS FORM: F-6) , PAGE 2

                                          STATION:  DODGE CITY KS
                                          MONTH:    MAY
                                          YEAR:     2016
                                          LATITUDE:   37 46 N
                                          LONGITUDE:  99 58 W

[TEMPERATURE DATA]      [PRECIPITATION DATA]       SYMBOLS USED IN COLUMN 16

AVERAGE MONTHLY: 60.7   TOTAL FOR MONTH:   1.60    1 = FOG OR MIST
DPTR FM NORMAL:  -3.2   DPTR FM NORMAL:   -1.02    2 = FOG REDUCING VISIBILITY
HIGHEST:    85 ON 25    GRTST 24HR  1.13 ON 24-24      TO 1/4 MILE OR LESS
LOWEST:     35 ON  2                               3 = THUNDER
                        SNOW, ICE PELLETS, HAIL    4 = ICE PELLETS
                        TOTAL MONTH:   0.0 INCH    5 = HAIL
                        GRTST 24HR     0.0         6 = FREEZING RAIN OR DRIZZLE
                        GRTST DEPTH:   0           7 = DUSTSTORM OR SANDSTORM:
                                                       VSBY 1/2 MILE OR LESS
                                                   8 = SMOKE OR HAZE
[NO. OF DAYS WITH]      [WEATHER - DAYS WITH]      9 = BLOWING SNOW
                                                   X = TORNADO
MAX 32 OR BELOW:   0    0.01 INCH OR MORE:   7
MAX 90 OR ABOVE:   0    0.10 INCH OR MORE:   3
MIN 32 OR BELOW:   0    0.50 INCH OR MORE:   1
MIN  0 OR BELOW:   0    1.00 INCH OR MORE:   1

[HDD (BASE 65) ]
TOTAL THIS MO.   161    CLEAR  (SCALE 0-3)  18
DPTR FM NORMAL    48    PTCLDY (SCALE 4-7)   6
TOTAL FM JUL 1  4338    CLOUDY (SCALE 8-10)  5
DPTR FM NORMAL  -614

[CDD (BASE 65) ]
TOTAL THIS MO.    45
DPTR FM NORMAL   -34    [PRESSURE DATA]
TOTAL FM JAN 1    56    HIGHEST SLP M ON M
DPTR FM NORMAL   -42    LOWEST  SLP 29.44 ON  9

[REMARKS]
