000
CXUS55 KALY 300800
CF6DDH
PRELIMINARY LOCAL CLIMATOLOGICAL DATA (WS FORM: F-6)

                                          STATION:   BENNINGTON VT
                                          MONTH:     SEPTEMBER
                                          YEAR:      2014
                                          LATITUDE:   42 53 N
                                          LONGITUDE:  73 15 W

  TEMPERATURE IN F:       :PCPN:    SNOW:  WIND      :SUNSHINE: SKY     :PK WND
================================================================================
1   2   3   4   5  6A  6B    7    8   9   10  11  12  13   14  15   16   17  18
                                     12Z  AVG MX 2MIN
DY MAX MIN AVG DEP HDD CDD  WTR  SNW DPTH SPD SPD DIR MIN PSBL S-S WX    SPD DR
================================================================================

 1  85  63  74  10   0   9 0.00    M    M  2.1  8 350   M    M   5 12     14 260
 2  85  65  75  11   0  10 0.23    M    M  3.7 20 280   M    M   5 1      30 270
 3  78  55  67   4   0   2 0.00    M    M  5.9 13 280   M    M   2 1      17 280
 4  82  50  66   3   0   1 0.00    M    M  2.3 12 210   M    M   1 18     15 200
 5  87  58  73  10   0   8 0.00    M    M  4.2 15 190   M    M   2 18     23 190
 6  86  63  75  13   0  10 0.23    M    M  4.2 16 320   M    M   6 138    26 330
 7  74  51  63   1   2   0 0.00    M    M  3.4 12 310   M    M   3 1      16 300
 8  75  46  61  -1   4   0 0.00    M    M  4.9 14 160   M    M   0 1      17 160
 9  72  43  58  -3   7   0 0.00    M    M  6.1 15 170   M    M   1        20 180
10  76  50  63   2   2   0 0.00    M    M  5.7 14 190   M    M   0        17 200
11  73  57  65   4   0   0 0.07    M    M  8.2 22 190   M    M   9        28 190
12  63  42  53  -7  12   0 0.00    M    M  5.3 14 360   M    M   6        19 360
13  59  39  49 -11  16   0 0.30    M    M  5.8 20 140   M    M   6 1      24 140
14  59  37  48 -12  17   0 0.00    M    M  4.4 13 270   M    M   4 1      20 160
15  64  35  50  -9  15   0    T    M    M  2.0  9 300   M    M   2 12     13 270
16  62  44  53  -6  12   0 0.16    M    M  2.4  9 230   M    M   8 1      13 220
17  65  36  51  -8  14   0 0.00    M    M  2.1 12 280   M    M   2 1      19 270
18  68  36  52  -6  13   0    T    M    M  2.4 10 290   M    M   5 12     16 250
19  61  35  48 -10  17   0 0.00    M    M  4.1 13 140   M    M   1 1      16 140
20  71  47  59   2   6   0 0.00    M    M  6.7 20 180   M    M   6        26 190
21  79  58  69  12   0   4 0.02    M    M  5.8 21 150   M    M   5        29 300
22  62  47  55  -2  10   0 0.01    M    M  8.9 21 270   M    M   9 1      31 290
23  65  34  50  -6  15   0 0.00    M    M  2.5 12 240   M    M   3 1      16 240
24  71  43  57   1   8   0 0.00    M    M  3.9 13 150   M    M   0 1      16 140
25  66  44  55   0  10   0 0.00    M    M  1.2  9  90   M    M   1 18     12 100
26  76  40  58   3   7   0 0.00    M    M  1.7 12 340   M    M   3 12     17 320
27  80  43  62   7   3   0 0.00    M    M  1.8  9 290   M    M   3 12     13 280
28  81  48  65  11   0   0 0.00    M    M  1.9  9 270   M    M   3 12     11 260
29  75  48  62   8   3   0 0.00    M    M  2.2  9 110   M    M   0 18     14  90
================================================================================
SM 2100 1357       193  44  1.02    M    115.8          M      101
================================================================================
AV 72.4 46.8                               4.0 FASTST   M    M   3    MAX(MPH)
                                 MISC ---->  # 22 190               # 31  290
================================================================================
NOTES:
# LAST OF SEVERAL OCCURRENCES

COLUMN 17 PEAK WIND IN M.P.H.

PRELIMINARY LOCAL CLIMATOLOGICAL DATA (WS FORM: F-6) , PAGE 2

                                          STATION:  BENNINGTON VT
                                          MONTH:    SEPTEMBER
                                          YEAR:     2014
                                          LATITUDE:   42 53 N
                                          LONGITUDE:  73 15 W

[TEMPERATURE DATA]      [PRECIPITATION DATA]       SYMBOLS USED IN COLUMN 16

AVERAGE MONTHLY: 59.6   TOTAL FOR MONTH:   1.02    1 = FOG OR MIST
DPTR FM NORMAL:   0.5   DPTR FM NORMAL:   -2.42    2 = FOG REDUCING VISIBILITY
HIGHEST:    87 ON  5    GRTST 24HR  0.30 ON 13-13      TO 1/4 MILE OR LESS
LOWEST:     34 ON 23                               3 = THUNDER
                        SNOW, ICE PELLETS, HAIL    4 = ICE PELLETS
                        TOTAL MONTH:    M          5 = HAIL
                        GRTST 24HR    M  ON   M    6 = FREEZING RAIN OR DRIZZLE
                        GRTST DEPTH:  M  ON   M    7 = DUSTSTORM OR SANDSTORM:
                                                       VSBY 1/2 MILE OR LESS
                                                   8 = SMOKE OR HAZE
[NO. OF DAYS WITH]      [WEATHER - DAYS WITH]      9 = BLOWING SNOW
                                                   X = TORNADO
MAX 32 OR BELOW:   0    0.01 INCH OR MORE:   7
MAX 90 OR ABOVE:   0    0.10 INCH OR MORE:   4
MIN 32 OR BELOW:   0    0.50 INCH OR MORE:   0
MIN  0 OR BELOW:   0    1.00 INCH OR MORE:   0

[HDD (BASE 65) ]
TOTAL THIS MO.   193    CLEAR  (SCALE 0-3)  16
DPTR FM NORMAL     0    PTCLDY (SCALE 4-7)  11
TOTAL FM JUL 1   246    CLOUDY (SCALE 8-10)  2
DPTR FM NORMAL   -19

[CDD (BASE 65) ]
TOTAL THIS MO.    44
DPTR FM NORMAL    22    [PRESSURE DATA]
TOTAL FM JAN 1   297    HIGHEST SLP M ON M
DPTR FM NORMAL   -13    LOWEST  SLP 29.56 ON 21

[REMARKS]
