000
CXUS54 KSHV 221300
CF6DEQ
PRELIMINARY LOCAL CLIMATOLOGICAL DATA (WS FORM: F-6)

                                          STATION:   DE QUEEN
                                          MONTH:     APRIL
                                          YEAR:      2014
                                          LATITUDE:   34  2 N
                                          LONGITUDE:  94 24 W

  TEMPERATURE IN F:       :PCPN:    SNOW:  WIND      :SUNSHINE: SKY     :PK WND
================================================================================
1   2   3   4   5  6A  6B    7    8   9   10  11  12  13   14  15   16   17  18
                                     12Z  AVG MX 2MIN
DY MAX MIN AVG DEP HDD CDD  WTR  SNW DPTH SPD SPD DIR MIN PSBL S-S WX    SPD DR
================================================================================

 1  78  47  63   6   2   0 0.00  0.0    0  4.4 15 210   M    M   7 128    22 200
 2  77  65  71  14   0   6    T  0.0    0  8.1 15 160   M    M   9 18     21 150
 3  81  61  71  13   0   6 0.11  0.0    0  7.8 25 210   M    M   7 138    39 220
 4  65  42  54  -4  11   0 0.00  0.0    0  7.1 20 340   M    M   0 8      28 340
 5  55  38  47 -11  18   0 0.00  0.0    0  5.3 14 100   M    M   2        18 120
 6  50  45  48 -10  17   0 0.78  0.0    0  6.1 17  50   M    M   8 13     20  80
 7  65  45  55  -4  10   0    T  0.0    0  5.0 14 270   M    M   4 18     17 280
 8  66  38  52  -7  13   0    T  0.0    0  8.0 28 320   M    M   4 12     41 330
 9  75  32  54  -5  11   0 0.00  0.0    0  3.5 13 190   M    M   1 1      18 190
10  83  42  63   4   2   0 0.00  0.0    0  7.5 21 220   M    M   0        31 220
11  78  53  66   6   0   1 0.00  0.0    0  4.9 12 140   M    M   7        14 140
12  79  59  69   9   0   4 0.00  0.0    0  7.3 20 150   M    M   4        27 160
13  72  58  65   5   0   0 2.14  0.0    0  6.4 26 250   M    M   7 13     34 330
14  59  38  49 -12  16   0 0.05  0.0    0  7.5 18 340   M    M   7 13     27 330
15  63  29  46 -15  19   0 0.00  0.0    0  2.2 15  50   M    M   0 12     19 340
16  63  36  50 -11  15   0 0.00  0.0    0  6.1 16 130   M    M   0        22 130
17  67  37  52 -10  13   0    T  0.0    0  3.2 14 150   M    M   4 1      18 150
18  77  43  60  -2   5   0 0.00  0.0    0  2.3 12 110   M    M   1 12     16 120
19  77  45  61  -1   4   0 0.00  0.0    0  2.3 10 140   M    M   2 1      13 170
20  79  49  64   2   1   0 0.03  0.0    0  3.1 14 120   M    M   5 18     18 150
21  72  57  65   2   0   0 0.20  0.0    0  3.1 14  10   M    M   9 1238   19  20
================================================================================
SM 1481  959       157  17  3.31     0.0 111.2          M       88
================================================================================
AV 70.5 45.7                               5.3 FASTST   M    M   4    MAX(MPH)
                                 MISC ---->  # 28 320               # 41  330
================================================================================
NOTES:
# LAST OF SEVERAL OCCURRENCES

COLUMN 17 PEAK WIND IN M.P.H.

PRELIMINARY LOCAL CLIMATOLOGICAL DATA (WS FORM: F-6) , PAGE 2

                                          STATION:  DE QUEEN
                                          MONTH:    APRIL
                                          YEAR:     2014
                                          LATITUDE:   34  2 N
                                          LONGITUDE:  94 24 W

[TEMPERATURE DATA]      [PRECIPITATION DATA]       SYMBOLS USED IN COLUMN 16

AVERAGE MONTHLY: 58.1   TOTAL FOR MONTH:   3.31    1 = FOG OR MIST
DPTR FM NORMAL:  -1.7   DPTR FM NORMAL:    0.86    2 = FOG REDUCING VISIBILITY
HIGHEST:    83 ON 10    GRTST 24HR  5.54 ON  6- 7      TO 1/4 MILE OR LESS
LOWEST:     29 ON 15                               3 = THUNDER
                        SNOW, ICE PELLETS, HAIL    4 = ICE PELLETS
                        TOTAL MONTH:   0.0 INCH    5 = HAIL
                        GRTST 24HR     0.0         6 = FREEZING RAIN OR DRIZZLE
                        GRTST DEPTH:   0           7 = DUSTSTORM OR SANDSTORM:
                                                       VSBY 1/2 MILE OR LESS
                                                   8 = SMOKE OR HAZE
[NO. OF DAYS WITH]      [WEATHER - DAYS WITH]      9 = BLOWING SNOW
                                                   X = TORNADO
MAX 32 OR BELOW:   0    0.01 INCH OR MORE:   6
MAX 90 OR ABOVE:   0    0.10 INCH OR MORE:   4
MIN 32 OR BELOW:   2    0.50 INCH OR MORE:   2
MIN  0 OR BELOW:   0    1.00 INCH OR MORE:   1

[HDD (BASE 65) ]
TOTAL THIS MO.   157    CLEAR  (SCALE 0-3)   8
DPTR FM NORMAL    28    PTCLDY (SCALE 4-7)  11
TOTAL FM JUL 1  3390    CLOUDY (SCALE 8-10)  2
DPTR FM NORMAL   393

[CDD (BASE 65) ]
TOTAL THIS MO.    17
DPTR FM NORMAL    -4    [PRESSURE DATA]
TOTAL FM JAN 1    18    HIGHEST SLP M ON M
DPTR FM NORMAL   -14    LOWEST  SLP 29.67 ON 13

[REMARKS]
