000
CXUS53 KIWX 010800
CF6DFI
PRELIMINARY LOCAL CLIMATOLOGICAL DATA (WS FORM: F-6)

                                          STATION:   DEFIANCE MEMORIAL
                                          MONTH:     FEBRUARY
                                          YEAR:      2015
                                          LATITUDE:   41 20 N
                                          LONGITUDE:  84 26 W

  TEMPERATURE IN F:       :PCPN:    SNOW:  WIND      :SUNSHINE: SKY     :PK WND
================================================================================
1   2   3   4   5  6A  6B    7    8   9   10  11  12  13   14  15   16   17  18
                                     12Z  AVG MX 2MIN
DY MAX MIN AVG DEP HDD CDD  WTR  SNW DPTH SPD SPD DIR MIN PSBL S-S WX    SPD DR
================================================================================

 1  33  20  27   2  38   0 0.08    M    M 10.9 25  30   M    M  10 128    34  30
 2  20   4  12 -13  53   0    T    M    M 10.9 20 330   M    M   4 1      26 320
 3  29   3  16 -10  49   0    T    M    M  7.7 15 210   M    M   6 1      21 220
 4  35  12  24  -2  41   0 0.09    M    M 10.0 21 310   M    M   9 18     25 310
 5  15  -6   5 -21  60   0 0.00  0.0    0  5.7 13 220   M    M   1 128    18 220
 6  29  10  20  -6  45   0 0.00  0.0    0  8.8 16 220   M    M   7        22 220
 7  42  24  33   7  32   0 0.00  0.0    0  6.9 14 200   M    M   0        18 210
 8  47  30  39  13  26   0 0.01    M    0  7.8 18 360   M    M   5 168    22  20
 9  30  17  24  -2  41   0 0.00  0.0    0 11.0 17  30   M    M  10 18     23  30
10  25  11  18  -9  47   0    T    M    0  5.0 12 110   M    M   2 18     14 100
11  35  18  27   0  38   0    T    M    0  6.7 16 300   M    M  10 18     20 300
12  30   8  19  -8  46   0    T    M    0 12.0 25 340   M    M   3        32 340
13  27   4  16 -11  49   0    T    M    0  8.4 18 220   M    M   7        26 220
14  28   6  17 -11  48   0    T    M    0 17.9 40 320   M    M   7 128    49 320
15   6  -4   1 -27  64   0 0.00  0.0    0  6.0 15  20   M    M   0        20 340
16   9  -3   3 -25  62   0 0.00  0.0    0  5.6 14 100   M    M   3        17 110
17  21  -6   8 -20  57   0    T    M    M  6.5 15 210   M    M   8 18     19 240
18  15   3   9 -20  56   0    T    M    M  9.8 22 300   M    M   5 8      30 240
19   8  -3   3 -26  62   0    T    M    M  6.0 14 310   M    M   6 8      17 250
20  17 -14   2 -27  63   0    T    M    M  7.2 17 200   M    M   4 18     23 180
21  27   6  17 -13  48   0 0.16    M    M  3.1 18 200   M    M   8 128    29 190
22  33   8  21  -9  44   0    T    M    M  7.9 20 320   M    M   6 18     24 320
23   9  -9   0 -30  65   0    T    M    M  5.0 10 190   M    M   0        13 210
24  26  -3  12 -18  53   0 0.00  0.0    M 12.5 25 210   M    M   4        36 210
25  26  11  19 -12  46   0 0.00  0.0    M  4.6 14 340   M    M   3        18 330
26  17   6  12 -19  53   0    T    M    M  8.1 16  30   M    M  10 8      20  30
27  19  -9   5 -26  60   0    T    M    M  2.5  9 220   M    M   0 1      10 230
28  21  -7   7 -25  58   0 0.04    M    M  3.5 10  90   M    M   2 18     14 170
================================================================================
SM  679  137      1404   0  0.38     0.0 218.0          M      140
================================================================================
AV 24.2  4.9                               7.8 FASTST   M    M   5    MAX(MPH)
                                 MISC ---->  # 40 320               # 49  320
================================================================================
NOTES:
# LAST OF SEVERAL OCCURRENCES

COLUMN 17 PEAK WIND IN M.P.H.

PRELIMINARY LOCAL CLIMATOLOGICAL DATA (WS FORM: F-6) , PAGE 2

                                          STATION:  DEFIANCE MEMORIAL
                                          MONTH:    FEBRUARY
                                          YEAR:     2015
                                          LATITUDE:   41 20 N
                                          LONGITUDE:  84 26 W

[TEMPERATURE DATA]      [PRECIPITATION DATA]       SYMBOLS USED IN COLUMN 16

AVERAGE MONTHLY: 14.6   TOTAL FOR MONTH:   0.38    1 = FOG OR MIST
DPTR FM NORMAL: -13.3   DPTR FM NORMAL:   -1.25    2 = FOG REDUCING VISIBILITY
HIGHEST:    47 ON  8    GRTST 24HR  0.16 ON 21-21      TO 1/4 MILE OR LESS
LOWEST:    -14 ON 20                               3 = THUNDER
                        SNOW, ICE PELLETS, HAIL    4 = ICE PELLETS
                        TOTAL MONTH:   0.0 INCH    5 = HAIL
                        GRTST 24HR     0.0         6 = FREEZING RAIN OR DRIZZLE
                        GRTST DEPTH:   0           7 = DUSTSTORM OR SANDSTORM:
                                                       VSBY 1/2 MILE OR LESS
                                                   8 = SMOKE OR HAZE
[NO. OF DAYS WITH]      [WEATHER - DAYS WITH]      9 = BLOWING SNOW
                                                   X = TORNADO
MAX 32 OR BELOW:  22    0.01 INCH OR MORE:   5
MAX 90 OR ABOVE:   0    0.10 INCH OR MORE:   1
MIN 32 OR BELOW:  28    0.50 INCH OR MORE:   0
MIN  0 OR BELOW:  10    1.00 INCH OR MORE:   0

[HDD (BASE 65) ]
TOTAL THIS MO.  1404    CLEAR  (SCALE 0-3)   8
DPTR FM NORMAL   367    PTCLDY (SCALE 4-7)  15
TOTAL FM JUL 1  4971    CLOUDY (SCALE 8-10)  5
DPTR FM NORMAL   320

[CDD (BASE 65) ]
TOTAL THIS MO.     0
DPTR FM NORMAL     0    [PRESSURE DATA]
TOTAL FM JAN 1     0    HIGHEST SLP 30.83 ON 28
DPTR FM NORMAL     0    LOWEST  SLP 29.62 ON  1

[REMARKS]
#FINAL-02-15#
