000
CXUS53 KIWX 280800
CF6DFI
PRELIMINARY LOCAL CLIMATOLOGICAL DATA (WS FORM: F-6)

                                          STATION:   DEFIANCE MEMORIAL
                                          MONTH:     JULY
                                          YEAR:      2014
                                          LATITUDE:   41 20 N
                                          LONGITUDE:  84 26 W

  TEMPERATURE IN F:       :PCPN:    SNOW:  WIND      :SUNSHINE: SKY     :PK WND
================================================================================
1   2   3   4   5  6A  6B    7    8   9   10  11  12  13   14  15   16   17  18
                                     12Z  AVG MX 2MIN
DY MAX MIN AVG DEP HDD CDD  WTR  SNW DPTH SPD SPD DIR MIN PSBL S-S WX    SPD DR
================================================================================

 1  85  68  77   5   0  12 0.05  0.0    0  9.1 15 200   M    M   3 3      24 200
 2  80  64  72   0   0   7 0.00  0.0    0  6.5 14 250   M    M   3        24 220
 3  74  58  66  -6   0   1 0.00  0.0    0  6.1 18 320   M    M   6        27 310
 4  78  49  64  -8   1   0 0.00  0.0    0  4.8 17 340   M    M   0        25 330
 5  79  50  65  -8   0   0 0.00  0.0    0  3.8 12 200   M    M   0        16 210
 6  81  63  72  -1   0   7    T  0.0    0  9.0 17 210   M    M   6        26 200
 7  87  69  78   5   0  13 0.13  0.0    0  9.9 17 230   M    M   5 3      26 220
 8  81  68  75   2   0  10 0.41  0.0    0  7.3 13 250   M    M   6 13     24 270
 9  81  59  70  -3   0   5    T  0.0    0  5.4 15 330   M    M   2        19 340
10  80  53  67  -6   0   2 0.00  0.0    0  3.7 10 330   M    M   1        17 300
11  83  57  70  -3   0   5    T  0.0    0  3.0 10 190   M    M   1 18     14 190
12  86  63  75   2   0  10    T  0.0    0  6.1 16 210   M    M   3        23 210
13  85  65  75   2   0  10 0.15  0.0    0  6.1 15 210   M    M   4 138    21 260
14  87  65  76   3   0  11    T  0.0    0  4.0 12 230   M    M   3        16 230
15  73  55  64  -9   1   0 0.00  0.0    0  6.4 18 310   M    M   3 1      27 320
16  70  50  60 -13   5   0 0.00  0.0    0  4.1 14 330   M    M   5         M  M
17  78  49  64  -9   1   0 0.00  0.0    0  1.2  8 220   M    M   3 1      13 330
18  79  51  65  -8   0   0 0.00  0.0    0  3.9 12 120   M    M   1        16  90
19  77  62  70  -3   0   5 0.15  0.0    0  2.5 18  10   M    M   7 18     25 340
20  84  56  70  -3   0   5 0.00  0.0    0  1.9  9 110   M    M   2 128    13 100
21  88  59  74   1   0   9 0.00  0.0    0  1.5  7 180   M    M   2 18      M  M
22  91  62  77   4   0  12 0.00  0.0    0  5.3 18 220   M    M   1 128    23 230
23  79  62  71  -2   0   6 0.63  0.0    0  6.3 15 350   M    M   9 138    21 230
24  77  56  67  -6   0   2 0.00  0.0    0  5.5 14  10   M    M   6        19  30
25  78  50  64  -9   1   0    T  0.0    0  4.8 16 210   M    M   3 1      22 210
26  80  59  70  -3   0   5 0.08  0.0    0  5.1 13 200   M    M   6 138    16 200
27  83  63  73   1   0   8 0.05  0.0    0  4.5 26 330   M    M   7 1238   35 340
================================================================================
SM 2184 1585         9 145  1.65     0.0 137.8          M       98
================================================================================
AV 80.9 58.7                               5.1 FASTST   M    M   4    MAX(MPH)
                                 MISC ---->  # 26 330               # 35  340
================================================================================
NOTES:
# LAST OF SEVERAL OCCURRENCES

COLUMN 17 PEAK WIND IN M.P.H.

PRELIMINARY LOCAL CLIMATOLOGICAL DATA (WS FORM: F-6) , PAGE 2

                                          STATION:  DEFIANCE MEMORIAL
                                          MONTH:    JULY
                                          YEAR:     2014
                                          LATITUDE:   41 20 N
                                          LONGITUDE:  84 26 W

[TEMPERATURE DATA]      [PRECIPITATION DATA]       SYMBOLS USED IN COLUMN 16

AVERAGE MONTHLY: 69.8   TOTAL FOR MONTH:   1.65    1 = FOG OR MIST
DPTR FM NORMAL:  -3.0   DPTR FM NORMAL:   -1.58    2 = FOG REDUCING VISIBILITY
HIGHEST:    91 ON 22    GRTST 24HR  0.63 ON 23-23      TO 1/4 MILE OR LESS
LOWEST:     49 ON 17, 4                            3 = THUNDER
                        SNOW, ICE PELLETS, HAIL    4 = ICE PELLETS
                        TOTAL MONTH:   0.0 INCH    5 = HAIL
                        GRTST 24HR     0.0         6 = FREEZING RAIN OR DRIZZLE
                        GRTST DEPTH:   0           7 = DUSTSTORM OR SANDSTORM:
                                                       VSBY 1/2 MILE OR LESS
                                                   8 = SMOKE OR HAZE
[NO. OF DAYS WITH]      [WEATHER - DAYS WITH]      9 = BLOWING SNOW
                                                   X = TORNADO
MAX 32 OR BELOW:   0    0.01 INCH OR MORE:   8
MAX 90 OR ABOVE:   1    0.10 INCH OR MORE:   5
MIN 32 OR BELOW:   0    0.50 INCH OR MORE:   1
MIN  0 OR BELOW:   0    1.00 INCH OR MORE:   0

[HDD (BASE 65) ]
TOTAL THIS MO.     9    CLEAR  (SCALE 0-3)  11
DPTR FM NORMAL     9    PTCLDY (SCALE 4-7)  15
TOTAL FM JUL 1     9    CLOUDY (SCALE 8-10)  1
DPTR FM NORMAL     9

[CDD (BASE 65) ]
TOTAL THIS MO.   145
DPTR FM NORMAL   -69    [PRESSURE DATA]
TOTAL FM JAN 1   444    HIGHEST SLP M ON M
DPTR FM NORMAL    38    LOWEST  SLP 29.65 ON 27

[REMARKS]
