000
CXUS54 KFWD 250730
CF6DFW
PRELIMINARY LOCAL CLIMATOLOGICAL DATA (WS FORM: F-6)

                                          STATION:   DALLAS FORT WORTH
                                          MONTH:     AUGUST
                                          YEAR:      2016
                                          LATITUDE:   32 54 N
                                          LONGITUDE:  97  2 W

  TEMPERATURE IN F:       :PCPN:    SNOW:  WIND      :SUNSHINE: SKY     :PK WND
================================================================================
1   2   3   4   5  6A  6B    7    8   9   10  11  12  13   14  15   16   17  18
                                     12Z  AVG MX 2MIN
DY MAX MIN AVG DEP HDD CDD  WTR  SNW DPTH SPD SPD DIR MIN PSBL S-S WX    SPD DR
================================================================================

 1 101  79  90   4   0  25 0.00  0.0    0 13.3 18 210   M    M   0        24 210
 2 100  77  89   3   0  24 0.00  0.0    0 10.2 20 200   M    M   1        25 200
 3 101  80  91   5   0  26 0.00  0.0    0  9.8 15 170   M    M   2        21 220
 4 101  82  92   6   0  27 0.00  0.0    0 10.2 17 160   M    M   2        22 210
 5 101  81  91   5   0  26 0.00  0.0    0  8.6 16 190   M    M   3        20 200
 6 101  82  92   6   0  27 0.00  0.0    0  8.2 14 150   M    M   4        18 170
 7 101  83  92   6   0  27 0.00  0.0    0  9.2 15 140   M    M   3        20 170
 8 102  82  92   6   0  27 0.00  0.0    0  8.6 23 360   M    M   3        29  10
 9 102  83  93   7   0  28 0.00  0.0    0  9.8 16 220   M    M   5        20 210
10 102  83  93   7   0  28 0.00  0.0    0 10.1 18 180   M    M   2        22 140
11 103  82  93   7   0  28 0.00  0.0    0  9.0 16 190   M    M   4        20 140
12 107  79  93   7   0  28 0.82  0.0    0 10.4 41 210   M    M   5 38     54 250
13  94  78  86   0   0  21 0.00  0.0    0 11.9 23 350   M    M   7        27 350
14  92  75  84  -2   0  19    T  0.0    0  9.3 18  20   M    M   7        22 350
15  80  71  76 -10   0  11 0.06  0.0    0  6.1 12  70   M    M   8        14  80
16  86  72  79  -7   0  14 0.00  0.0    0  5.7 15 130   M    M   9        17 120
17  83  74  79  -7   0  14 0.05  0.0    0  8.9 22 160   M    M  10 18     28 150
18  90  75  83  -3   0  18 0.08  0.0    0  8.7 18 270   M    M   9 13     24 250
19  86  70  78  -8   0  13 2.10  0.0    0  7.9 41 320   M    M   9 13     47 320
20  83  73  78  -8   0  13 1.15  0.0    0  5.5 15 330   M    M   9 13     19 320
21  91  73  82  -3   0  17 0.00  0.0    0  6.4 16  30   M    M   6        20  40
22  90  74  82  -3   0  17 0.08  0.0    0  6.6 28 170   M    M   8 13     33 170
23  94  78  86   1   0  21 0.00  0.0    0 15.7 25 180   M    M   6        33 170
24  94  75  85   0   0  20 0.00  0.0    0 13.2 21 170   M    M   3        27 170
================================================================================
SM 2285 1861         0 519  4.34     0.0 223.3          M      125
================================================================================
AV 95.2 77.5                               9.3 FASTST   M    M   5    MAX(MPH)
                                 MISC ---->  # 41 210               # 54  250
================================================================================
NOTES:
# LAST OF SEVERAL OCCURRENCES

COLUMN 17 PEAK WIND IN M.P.H.

PRELIMINARY LOCAL CLIMATOLOGICAL DATA (WS FORM: F-6) , PAGE 2

                                          STATION:  DALLAS FORT WORTH
                                          MONTH:    AUGUST
                                          YEAR:     2016
                                          LATITUDE:   32 54 N
                                          LONGITUDE:  97  2 W

[TEMPERATURE DATA]      [PRECIPITATION DATA]       SYMBOLS USED IN COLUMN 16

AVERAGE MONTHLY: 86.4   TOTAL FOR MONTH:   4.34    1 = FOG OR MIST
DPTR FM NORMAL:   0.5   DPTR FM NORMAL:    2.98    2 = FOG REDUCING VISIBILITY
HIGHEST:   107 ON 12    GRTST 24HR  3.25 ON 19-20      TO 1/4 MILE OR LESS
LOWEST:     70 ON 19                               3 = THUNDER
                        SNOW, ICE PELLETS, HAIL    4 = ICE PELLETS
                        TOTAL MONTH:   0.0 INCH    5 = HAIL
                        GRTST 24HR     0.0         6 = FREEZING RAIN OR DRIZZLE
                        GRTST DEPTH:   0           7 = DUSTSTORM OR SANDSTORM:
                                                       VSBY 1/2 MILE OR LESS
                                                   8 = SMOKE OR HAZE
[NO. OF DAYS WITH]      [WEATHER - DAYS WITH]      9 = BLOWING SNOW
                                                   X = TORNADO
MAX 32 OR BELOW:   0    0.01 INCH OR MORE:   7
MAX 90 OR ABOVE:  19    0.10 INCH OR MORE:   3
MIN 32 OR BELOW:   0    0.50 INCH OR MORE:   3
MIN  0 OR BELOW:   0    1.00 INCH OR MORE:   2

[HDD (BASE 65) ]
TOTAL THIS MO.     0    CLEAR  (SCALE 0-3)   9
DPTR FM NORMAL     0    PTCLDY (SCALE 4-7)   9
TOTAL FM JUL 1     0    CLOUDY (SCALE 8-10)  6
DPTR FM NORMAL     0

[CDD (BASE 65) ]
TOTAL THIS MO.   519
DPTR FM NORMAL    19    [PRESSURE DATA]
TOTAL FM JAN 1  2217    HIGHEST SLP M ON M
DPTR FM NORMAL   173    LOWEST  SLP 29.68 ON 12

[REMARKS]
