000
CXUS54 KAMA 301015
CF6DHT
PRELIMINARY LOCAL CLIMATOLOGICAL DATA (WS FORM: F-6)

                                          STATION:   DALHART
                                          MONTH:     SEPTEMBER
                                          YEAR:      2014
                                          LATITUDE:   36  1 N
                                          LONGITUDE: 102 33 W

  TEMPERATURE IN F:       :PCPN:    SNOW:  WIND      :SUNSHINE: SKY     :PK WND
================================================================================
1   2   3   4   5  6A  6B    7    8   9   10  11  12  13   14  15   16   17  18
                                     12Z  AVG MX 2MIN
DY MAX MIN AVG DEP HDD CDD  WTR  SNW DPTH SPD SPD DIR MIN PSBL S-S WX    SPD DR
================================================================================

 1  88  61  75   2   0  10 0.00  0.0    0 10.2 21 360   M    M   0        24  10
 2  88  67  78   6   0  13 0.00  0.0    0 10.8 18  20   M    M   5 18     21  20
 3 100  65  83  11   0  18 0.00  0.0    0 17.7 30 170   M    M   0        36 180
 4  95  67  81   9   0  16 0.00  0.0    0 17.6 29 170   M    M   0        36 160
 5  77  54  66  -6   0   1 0.77  0.0    0 15.1 26  10   M    M  10 13     32 360
 6  72  51  62  -9   3   0    T  0.0    0  9.3 18  30   M    M   7 18     23  20
 7  78  53  66  -5   0   1 0.00  0.0    0  9.7 21 190   M    M   2 1      30 180
 8  87  61  74   4   0   9 0.00  0.0    0 14.8 24 220   M    M   2 1      29 210
 9  95  67  81  11   0  16 0.00  0.0    0 17.2 29 200   M    M   0        36 200
10  80  63  72   2   0   7 0.00  0.0    0 12.6 24  20   M    M   3        29  30
11  77  58  68  -1   0   3 0.00  0.0    0  9.7 20 110   M    M   5 18     23 150
12  62  44  53 -16  12   0 0.36  0.0    0 17.5 35  10   M    M  10 13     41  10
13  73  45  59 -10   6   0 0.00  0.0    0 13.0 24 200   M    M   5        30 210
14  83  53  68   0   0   3 0.00  0.0    0 16.1 29 200   M    M   0        37 200
15  72  59  66  -2   0   1 0.00  0.0    0 13.8 25 360   M    M   9 18     30  10
16  82  58  70   3   0   5 0.00  0.0    0 10.0 24 220   M    M   4 128    28 210
17  81  58  70   3   0   5 0.00  0.0    0 10.5 21 220   M    M   0        25 210
18  82  54  68   2   0   3 0.00  0.0    0  7.9 20 130   M    M   2 12     24 130
19  81  60  71   5   0   6 0.00  0.0    0 10.4 22 160   M    M   5 1      26 160
20  86  61  74   8   0   9 0.00  0.0    0  7.1 13 160   M    M   2 12     17 170
21  81  64  73   8   0   8    T  0.0    0 11.7 23  50   M    M   3        29  30
22  80  63  72   7   0   7    T  0.0    0 12.7 23 180   M    M   7        29 150
23  88  63  76  12   0  11 0.00  0.0    0 15.9 28 220   M    M   1 18     33 220
24  83  56  70   6   0   5 0.00  0.0    0  8.4 23 180   M    M   0 18     27 170
25  83  50  67   3   0   2 0.00  0.0    0  8.3 20 160   M    M   0        23 170
26  82  52  67   4   0   2 0.00  0.0    0 13.1 24 180   M    M   0 1      41 210
27  83  54  69   6   0   4 0.00  0.0    0 15.8 29 200   M    M   0        35 210
28  82  58  70   8   0   5 0.00  0.0    0 14.3 25 170   M    M   2        32 170
29  81  58  70   8   0   5 0.42  0.0    0 15.5 29 150   M    M   3 13     39 170
================================================================================
SM 2382 1677        21 175  1.55     0.0 366.7          M       87
================================================================================
AV 82.1 57.8                              12.6 FASTST   M    M   3    MAX(MPH)
                                 MISC ---->  # 35  10               # 41   10
================================================================================
NOTES:
# LAST OF SEVERAL OCCURRENCES

COLUMN 17 PEAK WIND IN M.P.H.

PRELIMINARY LOCAL CLIMATOLOGICAL DATA (WS FORM: F-6) , PAGE 2

                                          STATION:  DALHART
                                          MONTH:    SEPTEMBER
                                          YEAR:     2014
                                          LATITUDE:   36  1 N
                                          LONGITUDE: 102 33 W

[TEMPERATURE DATA]      [PRECIPITATION DATA]       SYMBOLS USED IN COLUMN 16

AVERAGE MONTHLY: 70.0   TOTAL FOR MONTH:   1.55    1 = FOG OR MIST
DPTR FM NORMAL:   2.4   DPTR FM NORMAL:   -0.05    2 = FOG REDUCING VISIBILITY
HIGHEST:   100 ON  3    GRTST 24HR  0.77 ON  5- 5      TO 1/4 MILE OR LESS
LOWEST:     44 ON 12                               3 = THUNDER
                        SNOW, ICE PELLETS, HAIL    4 = ICE PELLETS
                        TOTAL MONTH:   0.0 INCH    5 = HAIL
                        GRTST 24HR     0.0         6 = FREEZING RAIN OR DRIZZLE
                        GRTST DEPTH:   0           7 = DUSTSTORM OR SANDSTORM:
                                                       VSBY 1/2 MILE OR LESS
                                                   8 = SMOKE OR HAZE
[NO. OF DAYS WITH]      [WEATHER - DAYS WITH]      9 = BLOWING SNOW
                                                   X = TORNADO
MAX 32 OR BELOW:   0    0.01 INCH OR MORE:   3
MAX 90 OR ABOVE:   3    0.10 INCH OR MORE:   3
MIN 32 OR BELOW:   0    0.50 INCH OR MORE:   1
MIN  0 OR BELOW:   0    1.00 INCH OR MORE:   0

[HDD (BASE 65) ]
TOTAL THIS MO.    21    CLEAR  (SCALE 0-3)  18
DPTR FM NORMAL   -34    PTCLDY (SCALE 4-7)   8
TOTAL FM JUL 1    21    CLOUDY (SCALE 8-10)  3
DPTR FM NORMAL   -37

[CDD (BASE 65) ]
TOTAL THIS MO.   175
DPTR FM NORMAL    44    [PRESSURE DATA]
TOTAL FM JAN 1  1390    HIGHEST SLP M ON M
DPTR FM NORMAL   263    LOWEST  SLP 29.61 ON  9

[REMARKS]
