000
CXUS53 KBIS 180830
CF6DIK
PRELIMINARY LOCAL CLIMATOLOGICAL DATA (WS FORM: F-6)

                                          STATION:   DICKINSON ND
                                          MONTH:     AUGUST
                                          YEAR:      2017
                                          LATITUDE:   46 47 N
                                          LONGITUDE: 102 48 W

  TEMPERATURE IN F:       :PCPN:    SNOW:  WIND      :SUNSHINE: SKY     :PK WND
================================================================================
1   2   3   4   5  6A  6B    7    8   9   10  11  12  13   14  15   16   17  18
                                     12Z  AVG MX 2MIN
DY MAX MIN AVG DEP HDD CDD  WTR  SNW DPTH SPD SPD DIR MIN PSBL S-S WX    SPD DR
================================================================================

 1  85  56  71   0   0   6 0.17    M    M  9.4 22  30   M    M   2 138    28  50
 2  69  51  60 -11   5   0 0.20    M    M 11.4 20  30   M    M   6 13     27  20
 3  73  47  60 -11   5   0 0.00    M    M  6.6 12  50   M    M   3        17  50
 4  78  47  63  -8   2   0 0.00    M    M 10.2 18 120   M    M   1        25  80
 5  68  55  62  -9   3   0 0.15    M    M 10.8 20  60   M    M   8 13     24  70
 6  68  49  59 -11   6   0 0.07    M    M  7.1 14  40   M    M   9 1      18  40
 7  78  44  61  -9   4   0 0.00    M    M  5.6 13 170   M    M   0 1      18 150
 8  82  54  68  -2   0   3    T    M    M  8.5 14 180   M    M   1 3      21 140
 9  74  51  63  -7   2   0 0.01    M    M 12.0 28 340   M    M   4 1      36 340
10  77  45  61  -9   4   0 0.00    M    M  6.1 12  60   M    M   5 12     17 100
11  82  50  66  -4   0   1 0.05    M    M 11.6 20 130   M    M   1 13     25 110
12  74  51  63  -7   2   0 0.82    M    M  9.0 31 120   M    M   5 13     37 120
13  75  51  63  -7   2   0 0.00    M    M  7.7 14 100   M    M   6 12     19 130
14  77  46  62  -7   3   0    T    M    M  9.4 18 130   M    M   3        23 100
15  68  60  64  -5   1   0 0.49    M    M  4.3 13 320   M    M   9 1      15 330
16  81  54  68  -1   0   3 0.00    M    M  6.3 10 140   M    M   3 12     14  20
17  87  54  71   2   0   6 0.00    M    M  9.7 23 290   M    M   0        29 290
================================================================================
SM 1296  865        39  19  1.96    M    145.7          M       66
================================================================================
AV 76.2 50.9                               8.6 FASTST   M    M   4    MAX(MPH)
                                 MISC ---->  # 31 120               # 37  120
================================================================================
NOTES:
# LAST OF SEVERAL OCCURRENCES

COLUMN 17 PEAK WIND IN M.P.H.

PRELIMINARY LOCAL CLIMATOLOGICAL DATA (WS FORM: F-6) , PAGE 2

                                          STATION:  DICKINSON ND
                                          MONTH:    AUGUST
                                          YEAR:     2017
                                          LATITUDE:   46 47 N
                                          LONGITUDE: 102 48 W

[TEMPERATURE DATA]      [PRECIPITATION DATA]       SYMBOLS USED IN COLUMN 16

AVERAGE MONTHLY: 63.6   TOTAL FOR MONTH:   1.96    1 = FOG OR MIST
DPTR FM NORMAL:  -6.5   DPTR FM NORMAL:    1.11    2 = FOG REDUCING VISIBILITY
HIGHEST:    87 ON 17    GRTST 24HR  0.82 ON 12-12      TO 1/4 MILE OR LESS
LOWEST:     44 ON  7                               3 = THUNDER
                        SNOW, ICE PELLETS, HAIL    4 = ICE PELLETS
                        TOTAL MONTH:    M          5 = HAIL
                        GRTST 24HR    M  ON   M    6 = FREEZING RAIN OR DRIZZLE
                        GRTST DEPTH:  M  ON   M    7 = DUSTSTORM OR SANDSTORM:
                                                       VSBY 1/2 MILE OR LESS
                                                   8 = SMOKE OR HAZE
[NO. OF DAYS WITH]      [WEATHER - DAYS WITH]      9 = BLOWING SNOW
                                                   X = TORNADO
MAX 32 OR BELOW:   0    0.01 INCH OR MORE:   8
MAX 90 OR ABOVE:   0    0.10 INCH OR MORE:   5
MIN 32 OR BELOW:   0    0.50 INCH OR MORE:   1
MIN  0 OR BELOW:   0    1.00 INCH OR MORE:   0

[HDD (BASE 65) ]
TOTAL THIS MO.    39    CLEAR  (SCALE 0-3)   7
DPTR FM NORMAL    22    PTCLDY (SCALE 4-7)   8
TOTAL FM JUL 1    39    CLOUDY (SCALE 8-10)  2
DPTR FM NORMAL   -12

[CDD (BASE 65) ]
TOTAL THIS MO.    19
DPTR FM NORMAL   -80    [PRESSURE DATA]
TOTAL FM JAN 1   394    HIGHEST SLP M ON M
DPTR FM NORMAL    66    LOWEST  SLP 29.80 ON M

[REMARKS]
