000
CXUS53 KBIS 290744
CF6DIK
PRELIMINARY LOCAL CLIMATOLOGICAL DATA (WS FORM: F-6)

                                          STATION:   DICKINSON ND
                                          MONTH:     JULY
                                          YEAR:      2015
                                          LATITUDE:   46 47 N
                                          LONGITUDE: 102 48 W

  TEMPERATURE IN F:       :PCPN:    SNOW:  WIND      :SUNSHINE: SKY     :PK WND
================================================================================
1   2   3   4   5  6A  6B    7    8   9   10  11  12  13   14  15   16   17  18
                                     12Z  AVG MX 2MIN
DY MAX MIN AVG DEP HDD CDD  WTR  SNW DPTH SPD SPD DIR MIN PSBL S-S WX    SPD DR
================================================================================

 1  77  61  69   3   0   4 0.02    M    M  4.1 14 130   M    M   6 18     17 130
 2  80  57  69   2   0   4 0.00    M    M  7.7 16 310   M    M   1 18     20 320
 3  83  56  70   3   0   5 0.00    M    M  6.8 14 170   M    M   1 18     16 150
 4  90  62  76   9   0  11    T    M    M  8.4 21 240   M    M   0 18     30 300
 5  73  55  64  -4   1   0 0.10    M    M 11.3 26  20   M    M   5 138    35 330
 6  74  51  63  -5   2   0 0.00    M    M  8.3 16  40   M    M   5 18     21  20
 7  76  49  63  -5   2   0 0.05    M    M 10.3 22 130   M    M   5 1238   28 140
 8  78  51  65  -3   0   0 0.00    M    M  6.8 16  30   M    M   3 128    20  30
 9  83  51  67  -1   0   2 0.00    M    M 11.9 22 180   M    M   0        29 180
10  86  55  71   3   0   6 0.00    M    M 10.5 20 140   M    M   1        25 150
11  90  62  76   7   0  11 0.00    M    M  9.8 16 250   M    M   0        21 220
12  91  57  74   5   0   9    T    M    M 11.0 28 280   M    M   1        34 280
13  89  60  75   6   0  10 0.00    M    M 13.3 30 290   M    M   1        38 300
14  88  55  72   3   0   7 0.45    M    M  5.9 31 220   M    M   1 13     38 210
15  88  62  75   6   0  10 0.03    M    M  8.1 25 260   M    M   2 3      29 260
16  86  60  73   3   0   8 0.06    M    M  6.5 15 280   M    M   4 13     20 290
17  69  54  62  -8   3   0 0.13    M    M  9.8 28 300   M    M   5 1      36 290
18  77  54  66  -4   0   1 0.00    M    M 15.8 29 290   M    M   1        38 280
19  89  52  71   1   0   6 0.00    M    M 12.8 28 280   M    M   1        35 260
20  79  50  65  -5   0   0 0.00    M    M  8.4 16 330   M    M   0        21 350
21  84  52  68  -2   0   3 0.13    M    M 11.9 23 170   M    M   2 13     34 130
22  91  59  75   5   0  10 0.00    M    M 10.8 15 150   M    M   0        21 150
23  94  61  78   8   0  13 0.00    M    M 10.4 24 320   M    M   0        30 320
24  91  53  72   2   0   7 0.00    M    M  7.5 21 250   M    M   0 1      25 280
25  94  61  78   7   0  13 0.05    M    M 11.3 20 340   M    M   1 3      26 230
26  95  61  78   7   0  13 1.35    M    M 12.3 29  90   M    M   0 13     38  90
27  90  59  75   4   0  10    T    M    M 15.4 35 160   M    M   0 8      54 240
28  68  50  59 -12   6   0    T    M    M 28.9 51 270   M    M   6        67 280
================================================================================
SM 2353 1570        14 163  2.37    M    296.0          M       52
================================================================================
AV 84.0 56.1                              10.6 FASTST   M    M   2    MAX(MPH)
                                 MISC ---->  # 51 270               # 67  280
================================================================================
NOTES:
# LAST OF SEVERAL OCCURRENCES

COLUMN 17 PEAK WIND IN M.P.H.

PRELIMINARY LOCAL CLIMATOLOGICAL DATA (WS FORM: F-6) , PAGE 2

                                          STATION:  DICKINSON ND
                                          MONTH:    JULY
                                          YEAR:     2015
                                          LATITUDE:   46 47 N
                                          LONGITUDE: 102 48 W

[TEMPERATURE DATA]      [PRECIPITATION DATA]       SYMBOLS USED IN COLUMN 16

AVERAGE MONTHLY: 70.1   TOTAL FOR MONTH:   2.37    1 = FOG OR MIST
DPTR FM NORMAL:   1.0   DPTR FM NORMAL:    0.11    2 = FOG REDUCING VISIBILITY
HIGHEST:    95 ON 26    GRTST 24HR  1.35 ON 26-26      TO 1/4 MILE OR LESS
LOWEST:     49 ON  7                               3 = THUNDER
                        SNOW, ICE PELLETS, HAIL    4 = ICE PELLETS
                        TOTAL MONTH:    M          5 = HAIL
                        GRTST 24HR    M  ON   M    6 = FREEZING RAIN OR DRIZZLE
                        GRTST DEPTH:  M  ON   M    7 = DUSTSTORM OR SANDSTORM:
                                                       VSBY 1/2 MILE OR LESS
                                                   8 = SMOKE OR HAZE
[NO. OF DAYS WITH]      [WEATHER - DAYS WITH]      9 = BLOWING SNOW
                                                   X = TORNADO
MAX 32 OR BELOW:   0    0.01 INCH OR MORE:  10
MAX 90 OR ABOVE:   9    0.10 INCH OR MORE:   5
MIN 32 OR BELOW:   0    0.50 INCH OR MORE:   1
MIN  0 OR BELOW:   0    1.00 INCH OR MORE:   1

[HDD (BASE 65) ]
TOTAL THIS MO.    14    CLEAR  (SCALE 0-3)  21
DPTR FM NORMAL   -20    PTCLDY (SCALE 4-7)   7
TOTAL FM JUL 1    14    CLOUDY (SCALE 8-10)  0
DPTR FM NORMAL   -20

[CDD (BASE 65) ]
TOTAL THIS MO.   163
DPTR FM NORMAL    19    [PRESSURE DATA]
TOTAL FM JAN 1   221    HIGHEST SLP M ON M
DPTR FM NORMAL    13    LOWEST  SLP 29.55 ON M

[REMARKS]
