000
CXUS53 KDLH 260626
CF6DLH
PRELIMINARY LOCAL CLIMATOLOGICAL DATA (WS FORM: F-6)

                                          STATION:   DULUTH MN
                                          MONTH:     NOVEMBER
                                          YEAR:      2014
                                          LATITUDE:   46 49 N
                                          LONGITUDE:  92 11 W

  TEMPERATURE IN F:       :PCPN:    SNOW:  WIND      :SUNSHINE: SKY     :PK WND
================================================================================
1   2   3   4   5  6A  6B    7    8   9   10  11  12  13   14  15   16   17  18
                                     12Z  AVG MX 2MIN
DY MAX MIN AVG DEP HDD CDD  WTR  SNW DPTH SPD SPD DIR MIN PSBL S-S WX    SPD DR
================================================================================

 1  39  22  31  -5  34   0 0.00  0.0    0  9.2 15 190   M    M   1         M  M
 2  51  31  41   5  24   0 0.00  0.0    0 10.0 17 170   M    M   0        21 190
 3  48  35  42   6  23   0 0.05  0.0    0  7.9 16 210   M    M   4 1      20 210
 4  43  36  40   5  25   0 0.03    T    0 12.7 25 270   M    M  10 1      33 270
 5  39  31  35   1  30   0 0.00  0.0    0  5.5 15 300   M    M   9        20 310
 6  43  29  36   2  29   0 0.00  0.0    0  7.8 15 290   M    M   7        21 320
 7  39  27  33  -1  32   0 0.09  0.2    0 10.1 25 310   M    M   8 18     33 320
 8  37  31  34   1  31   0 0.03  0.4    0 17.1 31 290   M    M   7 8      40 290
 9  31  20  26  -6  39   0    T    T    T  9.5 18 290   M    M   4        24 290
10  25  21  23  -9  42   0 0.33  4.7    T 11.5 22  20   M    M   9 12     28 360
11  22  18  20 -11  45   0 0.11  3.3    6 13.2 21 340   M    M  10 89     29 330
12  27  17  22  -9  43   0 0.06  1.2    6  8.9 16 330   M    M   9 18     21 330
13  24   9  17 -13  48   0    T  0.4    7 10.6 18 310   M    M   8 18     23 320
14  22   6  14 -16  51   0    T    T    5  8.7 14 260   M    M   2 1      18 310
15  21   2  12 -17  53   0 0.00  0.0    5 10.3 21 260   M    M   1 18     24 270
16  16   7  12 -16  53   0    T    T    5 12.8 22 260   M    M   4 18     28 260
17  15   4  10 -18  55   0    T    T    4 15.7 25 310   M    M   6 89     36 330
18  14   5  10 -17  55   0 0.01  0.1    4 11.9 21 270   M    M   6 8      25 290
19  22  12  17 -10  48   0 0.08  2.0    5 11.8 26 300   M    M   9 89     35 300
20  13  -2   6 -20  59   0    T    T    6 11.5 20 290   M    M   3 89     26 310
21  28  -4  12 -14  53   0 0.00  0.0    6 14.5 28 220   M    M   3 8      35 220
22  35  27  31   6  34   0 0.00  0.0    5 11.6 24 230   M    M   7 128    33 220
23  40  33  37  12  28   0 0.04    T    5  7.2 17 110   M    M  10 128    23 130
24  35  16  26   2  39   0 0.06  2.1    4 17.3 29 340   M    M  10 189    40 330
25  21   8  15  -9  50   0    T  0.6    4  7.6 18 320   M    M   5 9      26 330
================================================================================
SM  750  441      1023   0  0.89    15.0 274.9          M      152
================================================================================
AV 30.0 17.6                              11.0 FASTST   M    M   6    MAX(MPH)
                                 MISC ---->  # 31 290               # 40  290
================================================================================
NOTES:
# LAST OF SEVERAL OCCURRENCES

COLUMN 17 PEAK WIND IN M.P.H.

PRELIMINARY LOCAL CLIMATOLOGICAL DATA (WS FORM: F-6) , PAGE 2

                                          STATION:  DULUTH MN
                                          MONTH:    NOVEMBER
                                          YEAR:     2014
                                          LATITUDE:   46 49 N
                                          LONGITUDE:  92 11 W

[TEMPERATURE DATA]      [PRECIPITATION DATA]       SYMBOLS USED IN COLUMN 16

AVERAGE MONTHLY: 23.8   TOTAL FOR MONTH:   0.89    1 = FOG OR MIST
DPTR FM NORMAL:  -6.3   DPTR FM NORMAL:   -0.91    2 = FOG REDUCING VISIBILITY
HIGHEST:    51 ON  2    GRTST 24HR  0.41 ON 10-11      TO 1/4 MILE OR LESS
LOWEST:     -4 ON 21                               3 = THUNDER
                        SNOW, ICE PELLETS, HAIL    4 = ICE PELLETS
                        TOTAL MONTH:  15.0 INCHES  5 = HAIL
                        GRTST 24HR   4.7 ON   M    6 = FREEZING RAIN OR DRIZZLE
                        GRTST DEPTH:   7 ON 13     7 = DUSTSTORM OR SANDSTORM:
                                                       VSBY 1/2 MILE OR LESS
                                                   8 = SMOKE OR HAZE
[NO. OF DAYS WITH]      [WEATHER - DAYS WITH]      9 = BLOWING SNOW
                                                   X = TORNADO
MAX 32 OR BELOW:  14    0.01 INCH OR MORE:  11
MAX 90 OR ABOVE:   0    0.10 INCH OR MORE:   2
MIN 32 OR BELOW:  22    0.50 INCH OR MORE:   0
MIN  0 OR BELOW:   2    1.00 INCH OR MORE:   0

[HDD (BASE 65) ]
TOTAL THIS MO.  1023    CLEAR  (SCALE 0-3)   6
DPTR FM NORMAL   149    PTCLDY (SCALE 4-7)  10
TOTAL FM JUL 1  1949    CLOUDY (SCALE 8-10)  9
DPTR FM NORMAL   -50

[CDD (BASE 65) ]
TOTAL THIS MO.     0
DPTR FM NORMAL     0    [PRESSURE DATA]
TOTAL FM JAN 1   179    HIGHEST SLP M ON M
DPTR FM NORMAL   -25    LOWEST  SLP 29.24 ON 24

[REMARKS]
