000
CXUS56 KTFX 291205
CF6DLN
PRELIMINARY LOCAL CLIMATOLOGICAL DATA (WS FORM: F-6)

                                          STATION:   DILLON AIRPORT MT
                                          MONTH:     SEPTEMBER
                                          YEAR:      2016
                                          LATITUDE:   45 15 N
                                          LONGITUDE: 112 33 W

  TEMPERATURE IN F:       :PCPN:    SNOW:  WIND      :SUNSHINE: SKY     :PK WND
================================================================================
1   2   3   4   5  6A  6B    7    8   9   10  11  12  13   14  15   16   17  18
                                     12Z  AVG MX 2MIN
DY MAX MIN AVG DEP HDD CDD  WTR  SNW DPTH SPD SPD DIR MIN PSBL S-S WX    SPD DR
================================================================================

 1  88  57  73  13   0   8 0.08    M    0  8.5 32 220   M    M   1 38     40 210
 2  74  49  62   2   3   0    T    M    0  9.0 23 260   M    M   3 8      28 270
 3  68  43  56  -4   9   0 0.02    M    0  6.2 22 150   M    M   4        28 160
 4  50  43  47 -12  18   0    T    M    0 11.8 21  30   M    M   9        24  30
 5  58  38  48 -11  17   0 0.14    M    0  5.7 17 240   M    M   6 1      20 240
 6  70  36  53  -6  12   0 0.00    M    0  6.7 20 220   M    M   4        24 200
 7  68  40  54  -4  11   0 0.00    M    0  8.3 17 250   M    M   2        24 290
 8  70  41  56  -2   9   0 0.00    M    0 12.8 35 260   M    M   4        42 260
 9  67  34  51  -7  14   0    T    M    0  4.7 21 350   M    M   2        26 350
10  79  37  58   1   7   0 0.00    M    0  9.6 20 280   M    M   0        24 210
11  78  40  59   2   6   0    T    M    0 13.9 30  50   M    M   2        39  40
12  50  39  45 -11  20   0    T    M    0 16.6 28  30   M    M  10        33  40
13  58  36  47  -9  18   0 0.00    M    0  8.4 17  40   M    M   6        22  50
14  53  38  46 -10  19   0 0.21    M    0  2.4  9 260   M    M   8 1      12 330
15  69  39  54  -1  11   0 0.00    M    0  3.7 10 220   M    M   3 12     14 220
16  74  39  57   2   8   0 0.00    M    0  8.5 15 190   M    M   1 8      18 200
17  70  43  57   3   8   0    T    M    0 12.3 31 250   M    M   4        38 240
18  72  51  62   8   3   0 0.01    M    0  9.7 21 280   M    M   7        27 270
19  78  41  60   6   5   0 0.00    M    0  7.4 21 250   M    M   1        28 240
20  72  42  57   4   8   0 0.09    M    0  5.6 22  40   M    M   3        27  40
21  54  37  46  -7  19   0 0.53    M    0  4.6 13  60   M    M   6 1      16  50
22  51  46  49  -3  16   0 0.23    M    0  8.9 16  50   M    M  10 1      21  20
23  52  44  48  -4  17   0 0.17    M    0  4.7 12  60   M    M  10 18     14 110
24  60  38  49  -2  16   0 0.00    M    0  5.5 14 350   M    M   4        18 350
25  70  32  51   0  14   0 0.00    M    0  5.4 13 210   M    M   2        18 210
26  79  39  59   8   6   0 0.00    M    0  5.8 16 200   M    M   0        19 210
27  80  45  63  13   2   0 0.00    M    0  8.5 16 200   M    M   0 8      23 180
28  75  40  58   8   7   0 0.00    M    0  4.2 10 220   M    M   0 8      13 350
================================================================================
SM 1887 1147       303   8  1.48    M    219.4          M      112
================================================================================
AV 67.4 41.0                               7.8 FASTST   M    M   4    MAX(MPH)
                                 MISC ---->  # 35 260               # 42  260
================================================================================
NOTES:
# LAST OF SEVERAL OCCURRENCES

COLUMN 17 PEAK WIND IN M.P.H.

PRELIMINARY LOCAL CLIMATOLOGICAL DATA (WS FORM: F-6) , PAGE 2

                                          STATION:  DILLON AIRPORT MT
                                          MONTH:    SEPTEMBER
                                          YEAR:     2016
                                          LATITUDE:   45 15 N
                                          LONGITUDE: 112 33 W

[TEMPERATURE DATA]      [PRECIPITATION DATA]       SYMBOLS USED IN COLUMN 16

AVERAGE MONTHLY: 54.2   TOTAL FOR MONTH:   1.48    1 = FOG OR MIST
DPTR FM NORMAL:  -1.1   DPTR FM NORMAL:    0.66    2 = FOG REDUCING VISIBILITY
HIGHEST:    88 ON  1    GRTST 24HR  0.76 ON 21-22      TO 1/4 MILE OR LESS
LOWEST:     32 ON 25                               3 = THUNDER
                        SNOW, ICE PELLETS, HAIL    4 = ICE PELLETS
                        TOTAL MONTH:    M          5 = HAIL
                        GRTST 24HR    M  ON   M    6 = FREEZING RAIN OR DRIZZLE
                        GRTST DEPTH:   0           7 = DUSTSTORM OR SANDSTORM:
                                                       VSBY 1/2 MILE OR LESS
                                                   8 = SMOKE OR HAZE
[NO. OF DAYS WITH]      [WEATHER - DAYS WITH]      9 = BLOWING SNOW
                                                   X = TORNADO
MAX 32 OR BELOW:   0    0.01 INCH OR MORE:   9
MAX 90 OR ABOVE:   0    0.10 INCH OR MORE:   5
MIN 32 OR BELOW:   1    0.50 INCH OR MORE:   1
MIN  0 OR BELOW:   0    1.00 INCH OR MORE:   0

[HDD (BASE 65) ]
TOTAL THIS MO.   303    CLEAR  (SCALE 0-3)  14
DPTR FM NORMAL    22    PTCLDY (SCALE 4-7)  10
TOTAL FM JUL 1   429    CLOUDY (SCALE 8-10)  4
DPTR FM NORMAL    12

[CDD (BASE 65) ]
TOTAL THIS MO.     8
DPTR FM NORMAL     1    [PRESSURE DATA]
TOTAL FM JAN 1   168    HIGHEST SLP M ON M
DPTR FM NORMAL    13    LOWEST  SLP 29.67 ON  2

[REMARKS]
