000
CXUS54 KEPZ 011200
CF6DMN
PRELIMINARY LOCAL CLIMATOLOGICAL DATA (WS FORM: F-6)

                                          STATION:   DEMING
                                          MONTH:     SEPTEMBER
                                          YEAR:      2014
                                          LATITUDE:   32 15 N
                                          LONGITUDE: 107 42 W

  TEMPERATURE IN F:       :PCPN:    SNOW:  WIND      :SUNSHINE: SKY     :PK WND
================================================================================
1   2   3   4   5  6A  6B    7    8   9   10  11  12  13   14  15   16   17  18
                                     12Z  AVG MX 2MIN
DY MAX MIN AVG DEP HDD CDD  WTR  SNW DPTH SPD SPD DIR MIN PSBL S-S WX    SPD DR
================================================================================

 1  97  65  81   5   0  16 0.00  0.0    0  9.2 21 290   M    M   0        28 250
 2 100  60  80   4   0  15 0.00  0.0    0  7.2 15 250   M    M   0 8      22 240
 3  98  64  81   5   0  16 0.00  0.0    0  6.3 15 160   M    M   0        20 240
 4  95  64  80   4   0  15 0.23  0.0    0  8.0 26  50   M    M   2 13     32  50
 5  83  65  74  -2   0   9 0.00  0.0    0  6.7 13  90   M    M   2        19  40
 6  86  67  77   2   0  12 0.00  0.0    0 11.9 23  30   M    M   4        28  60
 7  75  64  70  -5   0   5    T  0.0    0 10.0 16  90   M    M   8 1      21 110
 8  86  62  74  -1   0   9 0.00  0.0    0  7.0 28 270   M    M   6        34 270
 9  88  66  77   2   0  12 0.00  0.0    0 13.3 26 260   M    M   0        33 270
10  90  60  75   1   0  10 0.00  0.0    0  8.8 18 260   M    M   0        25 280
11  88  57  73  -1   0   8 0.00  0.0    M  8.2 22 170   M    M   0        31 180
12  82  60  71  -3   0   6 0.00  0.0    0 11.5 24  90   M    M   2        30  80
13  76  58  67  -7   0   2 0.00  0.0    0 12.9 22  70   M    M   5        26  70
14  81  59  70  -4   0   5 0.00  0.0    0 11.0 18 120   M    M   5        24  90
15  82  60  71  -2   0   6 0.01  0.0    0  9.2 16 110   M    M   2        23 120
16  70  65  68  -5   0   3 1.54  0.0    0 10.3 20  40   M    M  10 13     25  40
17  79  64  72  -1   0   7 0.62  0.0    0 10.3 24 280   M    M   7 13     30 270
18  66  63  65  -7   0   0 2.09  0.0    0 10.1 18  70   M    M  10 1      23  70
19  81  60  71  -1   0   6 0.00  0.0    0  2.8  9 150   M    M   5 12     11 210
20  87  62  75   3   0  10 0.00  0.0    0  3.5 13  80   M    M   1        16  80
21  86  67  77   6   0  12 0.24  0.0    0  9.5 18  70   M    M   4 13     23  60
22  80  66  73   2   0   8 0.02  0.0    0  7.8 20  80   M    M   4 13     24  80
23  83  64  74   3   0   9 0.00  0.0    0  5.2 13  70   M    M   5 1      15  70
24  86  62  74   4   0   9    T  0.0    0  6.3 22  40   M    M   1 3      27  40
25  84  62  73   3   0   8 0.00  0.0    0  5.6 12  80   M    M   1        16  90
26  81  62  72   2   0   7 0.00  0.0    0  6.6 14  50   M    M   2        18  40
27  80  57  69   0   0   4    T  0.0    0  6.3 13  70   M    M   1        16 120
28  84  60  72   3   0   7 0.00  0.0    0  6.4 15 250   M    M   3        22 240
29  85  56  71   3   0   6 0.08  0.0    0  6.9 20 240   M    M   2 3      29 250
30  82  54  68   0   0   3 0.00  0.0    0  9.7 22 270   M    M   0        29 280
================================================================================
SM 2521 1855         0 245  4.83     0.0 248.5          M       92
================================================================================
AV 84.0 61.8                               8.3 FASTST   M    M   3    MAX(MPH)
                                 MISC ---->  # 28 270               # 34  270
================================================================================
NOTES:
# LAST OF SEVERAL OCCURRENCES

COLUMN 17 PEAK WIND IN M.P.H.

PRELIMINARY LOCAL CLIMATOLOGICAL DATA (WS FORM: F-6) , PAGE 2

                                          STATION:  DEMING
                                          MONTH:    SEPTEMBER
                                          YEAR:     2014
                                          LATITUDE:   32 15 N
                                          LONGITUDE: 107 42 W

[TEMPERATURE DATA]      [PRECIPITATION DATA]       SYMBOLS USED IN COLUMN 16

AVERAGE MONTHLY: 72.9   TOTAL FOR MONTH:   4.83    1 = FOG OR MIST
DPTR FM NORMAL:   0.2   DPTR FM NORMAL:    3.53    2 = FOG REDUCING VISIBILITY
HIGHEST:   100 ON  2    GRTST 24HR  2.29 ON 17-18      TO 1/4 MILE OR LESS
LOWEST:     54 ON 30                               3 = THUNDER
                        SNOW, ICE PELLETS, HAIL    4 = ICE PELLETS
                        TOTAL MONTH:   0.0 INCH    5 = HAIL
                        GRTST 24HR     0.0         6 = FREEZING RAIN OR DRIZZLE
                        GRTST DEPTH:   0           7 = DUSTSTORM OR SANDSTORM:
                                                       VSBY 1/2 MILE OR LESS
                                                   8 = SMOKE OR HAZE
[NO. OF DAYS WITH]      [WEATHER - DAYS WITH]      9 = BLOWING SNOW
                                                   X = TORNADO
MAX 32 OR BELOW:   0    0.01 INCH OR MORE:   8
MAX 90 OR ABOVE:   5    0.10 INCH OR MORE:   5
MIN 32 OR BELOW:   0    0.50 INCH OR MORE:   3
MIN  0 OR BELOW:   0    1.00 INCH OR MORE:   2

[HDD (BASE 65) ]
TOTAL THIS MO.     0    CLEAR  (SCALE 0-3)  18
DPTR FM NORMAL    -5    PTCLDY (SCALE 4-7)  10
TOTAL FM JUL 1     0    CLOUDY (SCALE 8-10)  2
DPTR FM NORMAL    -5

[CDD (BASE 65) ]
TOTAL THIS MO.   245
DPTR FM NORMAL     9    [PRESSURE DATA]
TOTAL FM JAN 1  1813    HIGHEST SLP 30.14 ON 13
DPTR FM NORMAL   147    LOWEST  SLP 29.61 ON  3

[REMARKS]
#FINAL-09-14#
