000
CXUS55 KCAE 011400
CF6DNL
PRELIMINARY LOCAL CLIMATOLOGICAL DATA (WS FORM: F-6)

                                          STATION:   AUGUSTA DANIEL FIELD GA
                                          MONTH:     FEBRUARY
                                          YEAR:      2015
                                          LATITUDE:   33 28 N
                                          LONGITUDE:  82  2 W

  TEMPERATURE IN F:       :PCPN:    SNOW:  WIND      :SUNSHINE: SKY     :PK WND
================================================================================
1   2   3   4   5  6A  6B    7    8   9   10  11  12  13   14  15   16   17  18
                                     12Z  AVG MX 2MIN
DY MAX MIN AVG DEP HDD CDD  WTR  SNW DPTH SPD SPD DIR MIN PSBL S-S WX    SPD DR
================================================================================

 1  68  41  55   7  10   0    T    M    M  8.3 22 180   M    M   3        29 190
 2  61  35  48   0  17   0 0.28    M    M 14.1 25 290   M    M   5 1      45 300
 3  51  30  41  -7  24   0 0.00    M    M  3.5 10 310   M    M   0        13 310
 4  54  35  45  -3  20   0 0.01    M    M  2.2  7 170   M    M   3         8 140
 5  61  39  50   1  15   0    T    M    M  8.6 21 340   M    M   5 1      30 300
 6  53  29  41  -8  24   0 0.00    M    M  4.7 12  40   M    M   0        17  40
 7  65  32  49   0  16   0 0.00    M    M  5.0 17 200   M    M   0        21 210
 8  71  40  56   7   9   0 0.00    M    M  6.4 16 210   M    M   0        26 240
 9  66  54  60  11   5   0 0.14    M    M  4.4 18 280   M    M   8 13     31 290
10  58  45  52   2  13   0    T    M    M  9.0 23  20   M    M   7 18     30  20
11  62  35  49  -1  16   0 0.00    M    M  4.2 10 290   M    M   1        15 320
12  61  34  48  -2  17   0 0.00    M    M  9.6 26 300   M    M   0        35 310
13  46  28  37 -13  28   0 0.00    M    M  3.9 14  20   M    M   0        20  30
14  61  33  47  -3  18   0 0.00  0.0    0  6.5 16 220   M    M   0        27 280
15  55  31  43  -7  22   0 0.00    M    M  8.4 26 300   M    M   0        39 300
16  49  33  41 -10  24   0 0.12    M    M  8.4 17 340   M    M   8 1      22 340
17  44  35  40 -11  25   0 0.58    M    M  6.2 22 350   M    M  10 1      27 360
18  48  29  39 -12  26   0 0.00    M    M 10.4 23 290   M    M   3        37 280
19  33  21  27 -24  38   0 0.00    M    M 10.7 20 300   M    M   1        28 310
20  40  18  29 -23  36   0 0.00    M    M  4.6 12 310   M    M   3        15 310
21  68  32  50  -2  15   0 0.00    M    M  8.5 25 190   M    M   4        33 200
22  62  53  58   6   7   0 0.50    M    M  3.8 12 200   M    M   9 1      16 200
23  58  47  53   1  12   0 0.55    M    M  7.4 13  10   M    M  10 1      17 340
24  47  37  42 -11  23   0 0.02    M    M  6.5 14  60   M    M  10 1      18  70
25  43  35  39 -14  26   0 1.23    M    M  4.5 17  80   M    M   6 18     20  80
26  47  37  42 -11  23   0 0.01    M    M  6.5 16 340   M    M  10 13     21 320
27  58  42  50  -3  15   0 0.00    M    M  2.6  8 110   M    M   5        12 120
28  55  38  47  -7  18   0 0.01    M    M 10.4 17  30   M    M   3        22  30
================================================================================
SM 1545  998       542   0  3.45     0.0 189.3          M      114
================================================================================
AV 55.2 35.6                               6.8 FASTST   M    M   4    MAX(MPH)
                                 MISC ---->  # 26 300               # 45  300
================================================================================
NOTES:
# LAST OF SEVERAL OCCURRENCES

COLUMN 17 PEAK WIND IN M.P.H.

PRELIMINARY LOCAL CLIMATOLOGICAL DATA (WS FORM: F-6) , PAGE 2

                                          STATION:  AUGUSTA DANIEL FIELD GA
                                          MONTH:    FEBRUARY
                                          YEAR:     2015
                                          LATITUDE:   33 28 N
                                          LONGITUDE:  82  2 W

[TEMPERATURE DATA]      [PRECIPITATION DATA]       SYMBOLS USED IN COLUMN 16

AVERAGE MONTHLY: 45.4   TOTAL FOR MONTH:   3.45    1 = FOG OR MIST
DPTR FM NORMAL:  -5.2   DPTR FM NORMAL:   -0.58    2 = FOG REDUCING VISIBILITY
HIGHEST:    71 ON  8    GRTST 24HR  1.24 ON 25-26      TO 1/4 MILE OR LESS
LOWEST:     18 ON 20                               3 = THUNDER
                        SNOW, ICE PELLETS, HAIL    4 = ICE PELLETS
                        TOTAL MONTH:   0.0 INCH    5 = HAIL
                        GRTST 24HR     0.0         6 = FREEZING RAIN OR DRIZZLE
                        GRTST DEPTH:   0           7 = DUSTSTORM OR SANDSTORM:
                                                       VSBY 1/2 MILE OR LESS
                                                   8 = SMOKE OR HAZE
[NO. OF DAYS WITH]      [WEATHER - DAYS WITH]      9 = BLOWING SNOW
                                                   X = TORNADO
MAX 32 OR BELOW:   0    0.01 INCH OR MORE:  11
MAX 90 OR ABOVE:   0    0.10 INCH OR MORE:   7
MIN 32 OR BELOW:   9    0.50 INCH OR MORE:   4
MIN  0 OR BELOW:   0    1.00 INCH OR MORE:   1

[HDD (BASE 65) ]
TOTAL THIS MO.   542    CLEAR  (SCALE 0-3)  14
DPTR FM NORMAL   135    PTCLDY (SCALE 4-7)   8
TOTAL FM JUL 1  1855    CLOUDY (SCALE 8-10)  6
DPTR FM NORMAL    42

[CDD (BASE 65) ]
TOTAL THIS MO.     0
DPTR FM NORMAL    -3    [PRESSURE DATA]
TOTAL FM JAN 1     0    HIGHEST SLP 30.63 ON 28
DPTR FM NORMAL    -4    LOWEST  SLP 29.62 ON 26

[REMARKS]
#FINAL-02-15#
