000
CXUS53 KDMX 260920
CF6DSM
PRELIMINARY LOCAL CLIMATOLOGICAL DATA (WS FORM: F-6)

                                          STATION:   DES MOINES IA
                                          MONTH:     MARCH
                                          YEAR:      2015
                                          LATITUDE:   41 31 N
                                          LONGITUDE:  93 39 W

  TEMPERATURE IN F:       :PCPN:    SNOW:  WIND      :SUNSHINE: SKY     :PK WND
================================================================================
1   2   3   4   5  6A  6B    7    8   9   10  11  12  13   14  15   16   17  18
                                     12Z  AVG MX 2MIN
DY MAX MIN AVG DEP HDD CDD  WTR  SNW DPTH SPD SPD DIR MIN PSBL S-S WX    SPD DR
================================================================================

 1  33  20  27  -6  38   0    T    T    1  6.8 16 320   M    M   6 1      20 310
 2  33  17  25  -8  40   0 0.00  0.0    T  6.5 15 110   M    M   8        21 140
 3  36  16  26  -8  39   0 0.01    T    T 14.3 26 330   M    M   9 146    34 330
 4  30  11  21 -13  44   0    T    T    T 13.3 28 320   M    M   5        34 320
 5  21   2  12 -23  53   0    T    T    T  5.8 12 160   M    M   1        15  30
 6  56  16  36   1  29   0 0.00  0.0    T  9.9 18 260   M    M   6        24 200
 7  53  31  42   6  23   0 0.00  0.0    0  8.0 23 320   M    M   3        29 320
 8  56  32  44   8  21   0 0.00  0.0    0  7.1 15  90   M    M   4        19  70
 9  59  30  45   9  20   0 0.00  0.0    0  5.6 14 180   M    M   1        17 180
10  70  33  52  15  13   0 0.00  0.0    0  7.0 17  20   M    M   1 18     21  10
11  65  37  51  14  14   0 0.00  0.0    0  7.3 16  20   M    M   1        20  10
12  73  40  57  19   8   0 0.00  0.0    0 11.6 20 210   M    M   2 8      26 220
13  73  42  58  20   7   0 0.00  0.0    0 10.4 20  10   M    M   5 18     26 360
14  67  35  51  12  14   0 0.00  0.0    0  8.4 20 360   0    0   0        26 100
15  74  37  56  17   9   0 0.00  0.0    0 14.0 30 230   M    M   6        37 220
16  84  46  65  26   0   0 0.00  0.0    0 17.4 32  20   M    M   5        43  20
17  50  36  43   3  22   0 0.00  0.0    0 13.3 28  20   M    M   6        38  20
18  55  38  47   7  18   0 0.00  0.0    0  8.0 17 150   M    M   9        21 140
19  47  36  42   1  23   0    T  0.0    0  7.0 12 160   M    M   9        16 150
20  65  32  49   8  16   0 0.00  0.0    0  8.4 17 230   M    M   1 18     23 230
21  59  37  48   6  17   0 0.00  0.0    0  9.8 17  40   M    M   2 8      23  30
22  64  36  50   8  15   0    T  0.0    0 12.2 21 110   M    M   3        28 120
23  42  32  37  -5  28   0    T  0.0    0 11.8 24  60   M    M   9 38     29  60
24  37  32  35  -8  30   0 0.45  0.0    0  9.8 23 130   M    M  10 168    30 120
25  50  33  42  -1  23   0 0.00  0.0    0 10.5 22 350   M    M   9 1      27 330
================================================================================
SM 1352  757       564   0  0.46    T    244.2            0    121
================================================================================
AV 54.1 30.3                               9.8 FASTST    0   0   5    MAX(MPH)
                                 MISC ---->  # 32  20               # 43   20
================================================================================
NOTES:
# LAST OF SEVERAL OCCURRENCES

COLUMN 17 PEAK WIND IN M.P.H.

PRELIMINARY LOCAL CLIMATOLOGICAL DATA (WS FORM: F-6) , PAGE 2

                                          STATION:  DES MOINES IA
                                          MONTH:    MARCH
                                          YEAR:     2015
                                          LATITUDE:   41 31 N
                                          LONGITUDE:  93 39 W

[TEMPERATURE DATA]      [PRECIPITATION DATA]       SYMBOLS USED IN COLUMN 16

AVERAGE MONTHLY: 42.2   TOTAL FOR MONTH:   0.46    1 = FOG OR MIST
DPTR FM NORMAL:   4.1   DPTR FM NORMAL:   -1.31    2 = FOG REDUCING VISIBILITY
HIGHEST:    84 ON 16    GRTST 24HR  0.45 ON 24-24      TO 1/4 MILE OR LESS
LOWEST:      2 ON  5                               3 = THUNDER
                        SNOW, ICE PELLETS, HAIL    4 = ICE PELLETS
                        TOTAL MONTH:    T          5 = HAIL
                        GRTST 24HR    T  ON  5- 5  6 = FREEZING RAIN OR DRIZZLE
                        GRTST DEPTH:   1 ON  1     7 = DUSTSTORM OR SANDSTORM:
                                                       VSBY 1/2 MILE OR LESS
                                                   8 = SMOKE OR HAZE
[NO. OF DAYS WITH]      [WEATHER - DAYS WITH]      9 = BLOWING SNOW
                                                   X = TORNADO
MAX 32 OR BELOW:   2    0.01 INCH OR MORE:   2
MAX 90 OR ABOVE:   0    0.10 INCH OR MORE:   1
MIN 32 OR BELOW:  12    0.50 INCH OR MORE:   0
MIN  0 OR BELOW:   0    1.00 INCH OR MORE:   0

[HDD (BASE 65) ]
TOTAL THIS MO.   564    CLEAR  (SCALE 0-3)   9
DPTR FM NORMAL  -110    PTCLDY (SCALE 4-7)  10
TOTAL FM JUL 1  5402    CLOUDY (SCALE 8-10)  6
DPTR FM NORMAL  -103

[CDD (BASE 65) ]
TOTAL THIS MO.     0
DPTR FM NORMAL     0    [PRESSURE DATA]
TOTAL FM JAN 1     0    HIGHEST SLP  0.00 ON 14
DPTR FM NORMAL     0    LOWEST  SLP  0.00 ON 14

[REMARKS]
