616
CXUS53 KDTX 260800
CF6DTW
PRELIMINARY LOCAL CLIMATOLOGICAL DATA (WS FORM: F-6)

                                          STATION:   DETROIT MI
                                          MONTH:     MAY
                                          YEAR:      2016
                                          LATITUDE:   42 13 N
                                          LONGITUDE:  83 20 W

  TEMPERATURE IN F:       :PCPN:    SNOW:  WIND      :SUNSHINE: SKY     :PK WND
================================================================================
1   2   3   4   5  6A  6B    7    8   9   10  11  12  13   14  15   16   17  18
                                     12Z  AVG MX 2MIN
DY MAX MIN AVG DEP HDD CDD  WTR  SNW DPTH SPD SPD DIR MIN PSBL S-S WX    SPD DR
================================================================================

 1  55  48  52  -3  13   0 0.04  0.0    0  8.0 17  10   M    M  10 18     20 360
 2  54  47  51  -4  14   0 0.41  0.0    0  5.2 13  10   M    M   9 18     18  10
 3  63  41  52  -4  13   0 0.00  0.0    0  5.9 16 180   M    M   7 128    32 190
 4  61  48  55  -1  10   0 0.19  0.0    0  6.3 20 150   M    M  10 18     25 120
 5  67  44  56   0   9   0 0.01  0.0    0 11.9 18 350   M    M   6 18     30 340
 6  73  46  60   4   5   0 0.00  0.0    0  4.7 13 300   M    M   4        18 300
 7  75  51  63   6   2   0 0.00  0.0    0  7.1 21 360   M    M   7        25 350
 8  70  44  57   0   8   0 0.00  0.0    0  8.0 18 290   M    M   5        25 290
 9  65  42  54  -3  11   0    T  0.0    0  5.3 15 160   M    M   8        21 150
10  54  50  52  -6  13   0 0.09  0.0    0  8.8 15  50   M    M   9 18     20  40
11  68  54  61   3   4   0 0.00  0.0    0  5.2 13  30   M    M   9 8      15  20
12  78  55  67   9   0   2 1.02  0.0    0  6.8 20 280   M    M  10 138    29 300
13  69  54  62   3   3   0 0.01  0.0    0 10.7 22 220   M    M   7 18     28 230
14  56  42  49 -10  16   0 0.22    T    0 13.8 29 280   M    M  10 15     37 280
15  50  34  42 -17  23   0 0.04    T    0 11.8 24 260   M    M   8 1      30 270
16  69  38  54  -6  11   0 0.00  0.0    0 15.0 28 210   M    M   4        35 220
17  64  51  58  -2   7   0    T  0.0    0  6.2 13  50   M    M   9 8      17  50
18  67  45  56  -4   9   0 0.00  0.0    0  6.4 16  20   M    M   4        20  20
19  71  44  58  -3   7   0 0.00  0.0    0  3.3 14 340   M    M   3 8      20 320
20  71  47  59  -2   6   0 0.00  0.0    0  4.1 10 130   M    M   7 8      17  80
21  73  55  64   3   1   0    T  0.0    0  6.7 17  10   M    M   8        22  20
22  73  52  63   1   2   0 0.00  0.0    0  7.4 17 360   M    M   4 8      24  40
23  76  44  60  -2   5   0 0.00  0.0    0  3.3 12 150   M    M   1 8      16 130
24  85  52  69   7   0   4 0.00  0.0    0  6.6 16 230   M    M   4 8      21 240
25  86  61  74  12   0   9    T  0.0    0  9.4 20 180   M    M   7        25 180
================================================================================
SM 1693 1189       192  15  2.03    T    187.9          M      170
================================================================================
AV 67.7 47.6                               7.5 FASTST   M    M   7    MAX(MPH)
                                 MISC ---->  # 29 280               # 37  280
================================================================================
NOTES:
# LAST OF SEVERAL OCCURRENCES

COLUMN 17 PEAK WIND IN M.P.H.

PRELIMINARY LOCAL CLIMATOLOGICAL DATA (WS FORM: F-6) , PAGE 2

                                          STATION:  DETROIT MI
                                          MONTH:    MAY
                                          YEAR:     2016
                                          LATITUDE:   42 13 N
                                          LONGITUDE:  83 20 W

[TEMPERATURE DATA]      [PRECIPITATION DATA]       SYMBOLS USED IN COLUMN 16

AVERAGE MONTHLY: 57.6   TOTAL FOR MONTH:   2.03    1 = FOG OR MIST
DPTR FM NORMAL:  -1.0   DPTR FM NORMAL:   -0.67    2 = FOG REDUCING VISIBILITY
HIGHEST:    86 ON 25    GRTST 24HR  1.02 ON 11-12      TO 1/4 MILE OR LESS
LOWEST:     34 ON 15                               3 = THUNDER
                        SNOW, ICE PELLETS, HAIL    4 = ICE PELLETS
                        TOTAL MONTH:    T          5 = HAIL
                        GRTST 24HR    T  ON 15-15  6 = FREEZING RAIN OR DRIZZLE
                        GRTST DEPTH:   0           7 = DUSTSTORM OR SANDSTORM:
                                                       VSBY 1/2 MILE OR LESS
                                                   8 = SMOKE OR HAZE
[NO. OF DAYS WITH]      [WEATHER - DAYS WITH]      9 = BLOWING SNOW
                                                   X = TORNADO
MAX 32 OR BELOW:   0    0.01 INCH OR MORE:   9
MAX 90 OR ABOVE:   0    0.10 INCH OR MORE:   4
MIN 32 OR BELOW:   0    0.50 INCH OR MORE:   1
MIN  0 OR BELOW:   0    1.00 INCH OR MORE:   1

[HDD (BASE 65) ]
TOTAL THIS MO.   192    CLEAR  (SCALE 0-3)   2
DPTR FM NORMAL     6    PTCLDY (SCALE 4-7)  14
TOTAL FM JUL 1  5181    CLOUDY (SCALE 8-10)  9
DPTR FM NORMAL  -899

[CDD (BASE 65) ]
TOTAL THIS MO.    15
DPTR FM NORMAL   -11    [PRESSURE DATA]
TOTAL FM JAN 1    15    HIGHEST SLP M ON M
DPTR FM NORMAL   -17    LOWEST  SLP 29.53 ON  4

[REMARKS]
