000
CXUS53 KDTX 280800
CF6DTW
PRELIMINARY LOCAL CLIMATOLOGICAL DATA (WS FORM: F-6)

                                          STATION:   DETROIT MI
                                          MONTH:     FEBRUARY
                                          YEAR:      2017
                                          LATITUDE:   42 13 N
                                          LONGITUDE:  83 20 W

  TEMPERATURE IN F:       :PCPN:    SNOW:  WIND      :SUNSHINE: SKY     :PK WND
================================================================================
1   2   3   4   5  6A  6B    7    8   9   10  11  12  13   14  15   16   17  18
                                     12Z  AVG MX 2MIN
DY MAX MIN AVG DEP HDD CDD  WTR  SNW DPTH SPD SPD DIR MIN PSBL S-S WX    SPD DR
================================================================================

 1  38  27  33   7  32   0 0.09  1.3    6  8.3 22 240   M    M   8 129    25 240
 2  31  13  22  -4  43   0 0.01  0.2    4 13.2 24 260   M    M   5        29 250
 3  25  12  19  -7  46   0 0.00  0.0    4 11.0 22 300   M    M   5        29 300
 4  30  13  22  -4  43   0 0.00  0.0    4  9.7 20 210   M    M   5        24 210
 5  38  29  34   8  31   0    T  0.1    4 11.5 20 260   M    M   9 8      24 270
 6  42  21  32   6  33   0 0.00  0.0    3  4.2  9 160   M    M   7 18     12 170
 7  56  34  45  19  20   0 1.01  0.0    2 10.0 30 260   M    M  10 128    40 240
 8  41  26  34   7  31   0    T    T    0 11.0 24 290   M    M  10 1      31 290
 9  26  17  22  -5  43   0 0.01  0.4    0 13.0 24 270   M    M   7 89     30 300
10  34  17  26  -1  39   0    T    T    T 11.7 23 180   M    M   9 8      29 180
11  48  33  41  14  24   0 0.04  0.0    0  5.2 12 220   M    M  10 18     14 110
12  45  35  40  13  25   0 0.24    T    0 14.1 35 270   M    M   8 18     45 300
13  45  29  37   9  28   0 0.00  0.0    0 10.4 29 320   M    M   3        39 330
14  50  30  40  12  25   0 0.02    T    0 14.4 25 250   M    M   5 1      30 240
15  35  26  31   3  34   0    T  0.1    T 14.2 22 290   M    M   9        28 320
16  34  26  30   2  35   0    T    T    0  8.9 17 310   M    M   9        24 360
17  47  29  38  10  27   0 0.00  0.0    0  5.4 12 180   M    M   7 8      15 180
18  69  31  50  21  15   0 0.00  0.0    0 10.5 20 250   M    M   3        24 240
19  66  38  52  23  13   0 0.00  0.0    0  6.9 16 310   M    M   4        22 330
20  55  35  45  16  20   0 0.00  0.0    0  6.0 13 110   M    M   8 8      20  80
21  57  37  47  18  18   0    T  0.0    0  3.9 10 180   M    M  10 18     13 190
22  65  42  54  24  11   0 0.00  0.0    0  7.6 16 210   M    M   9 18     21 240
23  68  42  55  25  10   0    T  0.0    0 11.5 22 230   M    M   8 18     28 210
24  70  41  56  26   9   0 0.30  0.0    0  8.9 25 270   M    M   9 1235   31 230
25  57  25  41  11  24   0    T  0.1    0 17.4 31 250   M    M   8 1489   39 250
26  43  24  34   3  31   0    T    T    T 16.2 29 210   M    M   7        39 220
27  52  30  41  10  24   0 0.00  0.0    0  9.1 20 220   M    M   4 18     24 220
================================================================================
SM 1267  762       734   0  1.72     2.2 274.2          M      196
================================================================================
AV 46.9 28.2                              10.2 FASTST   M    M   7    MAX(MPH)
                                 MISC ---->  # 35 270               # 45  300
================================================================================
NOTES:
# LAST OF SEVERAL OCCURRENCES

COLUMN 17 PEAK WIND IN M.P.H.

PRELIMINARY LOCAL CLIMATOLOGICAL DATA (WS FORM: F-6) , PAGE 2

                                          STATION:  DETROIT MI
                                          MONTH:    FEBRUARY
                                          YEAR:     2017
                                          LATITUDE:   42 13 N
                                          LONGITUDE:  83 20 W

[TEMPERATURE DATA]      [PRECIPITATION DATA]       SYMBOLS USED IN COLUMN 16

AVERAGE MONTHLY: 37.6   TOTAL FOR MONTH:   1.72    1 = FOG OR MIST
DPTR FM NORMAL:   9.6   DPTR FM NORMAL:   -0.22    2 = FOG REDUCING VISIBILITY
HIGHEST:    70 ON 24    GRTST 24HR  1.01 ON  7- 7      TO 1/4 MILE OR LESS
LOWEST:     12 ON  3                               3 = THUNDER
                        SNOW, ICE PELLETS, HAIL    4 = ICE PELLETS
                        TOTAL MONTH:   2.2 INCHES  5 = HAIL
                        GRTST 24HR   1.3 ON   M    6 = FREEZING RAIN OR DRIZZLE
                        GRTST DEPTH:   6 ON  1     7 = DUSTSTORM OR SANDSTORM:
                                                       VSBY 1/2 MILE OR LESS
                                                   8 = SMOKE OR HAZE
[NO. OF DAYS WITH]      [WEATHER - DAYS WITH]      9 = BLOWING SNOW
                                                   X = TORNADO
MAX 32 OR BELOW:   4    0.01 INCH OR MORE:   8
MAX 90 OR ABOVE:   0    0.10 INCH OR MORE:   3
MIN 32 OR BELOW:  18    0.50 INCH OR MORE:   1
MIN  0 OR BELOW:   0    1.00 INCH OR MORE:   1

[HDD (BASE 65) ]
TOTAL THIS MO.   734    CLEAR  (SCALE 0-3)   2
DPTR FM NORMAL  -265    PTCLDY (SCALE 4-7)  12
TOTAL FM JUL 1  3721    CLOUDY (SCALE 8-10) 13
DPTR FM NORMAL  -798

[CDD (BASE 65) ]
TOTAL THIS MO.     0
DPTR FM NORMAL     0    [PRESSURE DATA]
TOTAL FM JAN 1     0    HIGHEST SLP M ON M
DPTR FM NORMAL     0    LOWEST  SLP 29.24 ON  7

[REMARKS]
