000
CXUS51 KPBZ 310804
CF6DUJ
PRELIMINARY LOCAL CLIMATOLOGICAL DATA (WS FORM: F-6)

                                          STATION:   DUBOIS
                                          MONTH:     MAY
                                          YEAR:      2016
                                          LATITUDE:   41 10 N
                                          LONGITUDE:  78 54 W

  TEMPERATURE IN F:       :PCPN:    SNOW:  WIND      :SUNSHINE: SKY     :PK WND
================================================================================
1   2   3   4   5  6A  6B    7    8   9   10  11  12  13   14  15   16   17  18
                                     12Z  AVG MX 2MIN
DY MAX MIN AVG DEP HDD CDD  WTR  SNW DPTH SPD SPD DIR MIN PSBL S-S WX    SPD DR
================================================================================

 1  64  47  56   4   9   0 0.93    M    M  6.2 15 130   M    M   8 123    20 120
 2  63  50  57   5   8   0 0.20    M    M  8.7 18 280   M    M   9 123    25 280
 3  61  44  53   0  12   0 0.00    M    M  5.9 17 250   M    M   9 12     22 260
 4  60  41  51  -2  14   0 0.04    M    M  4.4 13 110   M    M   9 1      18 180
 5   M   M   M   M   M   M 0.04    M    M  9.2 16  40   M    M   8 18     24  30
 6  60  44  52  -2  13   0 0.13    M    M 10.5 25  30   M    M   9        33  40
 7  63  41  52  -2  13   0    T    M    M  4.5 12 210   M    M   8        15 240
 8  60  42  51  -3  14   0 0.00    M    M 11.1 24 280   M    M   4        33 290
 9  64  39  52  -2  13   0 0.00    M    M  7.1 17 230   M    M   0        22 230
10  58  39  49  -6  16   0 0.05    M    M  8.0 14 110   M    M   6 8      18 110
11  62  48  55   0  10   0    T    M    M  5.6 10 100   M    M   7 128    13  90
12  78  52  65  10   0   0 0.45    M    M  6.6 24 230   M    M   8 1238   30 230
13  68  49  59   3   6   0 0.14    M    M  9.8 22 290   M    M   7 1      29 290
14  53  39  46 -10  19   0 0.43    M    M  9.8 22 290   M    M   8 18     31 270
15  44  33  39 -17  26   0 0.20    M    M 13.2 25 270   M    M   9 18     39 300
16  60  31  46 -10  19   0 0.00    M    M 11.5 22 270   M    M   1        31 220
17  59  45  52  -5  13   0 0.01    M    M  6.2 12 300   M    M   7        16 310
18  64  44  54  -3  11   0 0.01    M    M  4.9  9 240   M    M   7 1      14  60
19  66  40  53  -4  12   0 0.00    M    M  5.0 13  20   M    M   4        17  10
20  70  42  56  -1   9   0 0.00    M    M  6.6 13 140   M    M   0        18 140
21  58  48  53  -5  12   0 0.70    M    M  8.6 16 120   M    M  10 1      23 120
22  58  47  53  -5  12   0 0.51    M    M  3.6 15 320   M    M   9 1      18 330
23  75  46  61   3   4   0    T    M    M  5.8 15  30   M    M   3 1      19  10
24  76  47  62   4   3   0 0.00    M    M  6.4 18 260   M    M   1        23 260
25  79  49  64   5   1   0 0.00    M    M  5.3 16 240   M    M   0        22 220
26  80  60  70  11   0   5 0.00    M    M  5.8 18 240   M    M   5        25 240
27  82  62  72  13   0   7 0.00    M    M  5.8 16 240   M    M   3 1      23 230
28  86  62  74  14   0   9 0.00    M    M  4.0 14 150   M    M   1 1      19 150
29  80  59  70  10   0   5    T    M    M  3.0 18 150   M    M   6 138    29 150
30  81  55  68   8   0   3 0.00    M    M  4.4 16 250   M    M   2 1      20 270
================================================================================
SM 1932 1345       269  29  3.84    M    207.5          M      168
================================================================================
AV 66.6 46.4                               6.9 FASTST   M    M   6    MAX(MPH)
                                 MISC ---->  # 25  30               # 39  300
================================================================================
NOTES:
# LAST OF SEVERAL OCCURRENCES

COLUMN 17 PEAK WIND IN M.P.H.

PRELIMINARY LOCAL CLIMATOLOGICAL DATA (WS FORM: F-6) , PAGE 2

                                          STATION:  DUBOIS
                                          MONTH:    MAY
                                          YEAR:     2016
                                          LATITUDE:   41 10 N
                                          LONGITUDE:  78 54 W

[TEMPERATURE DATA]      [PRECIPITATION DATA]       SYMBOLS USED IN COLUMN 16

AVERAGE MONTHLY: 56.5   TOTAL FOR MONTH:   3.84    1 = FOG OR MIST
DPTR FM NORMAL:   0.3   DPTR FM NORMAL:   -0.36    2 = FOG REDUCING VISIBILITY
HIGHEST:    86 ON 28    GRTST 24HR  1.06 ON 30- 1      TO 1/4 MILE OR LESS
LOWEST:     31 ON 16                               3 = THUNDER
                        SNOW, ICE PELLETS, HAIL    4 = ICE PELLETS
                        TOTAL MONTH:    M          5 = HAIL
                        GRTST 24HR    M  ON   M    6 = FREEZING RAIN OR DRIZZLE
                        GRTST DEPTH:  M  ON   M    7 = DUSTSTORM OR SANDSTORM:
                                                       VSBY 1/2 MILE OR LESS
                                                   8 = SMOKE OR HAZE
[NO. OF DAYS WITH]      [WEATHER - DAYS WITH]      9 = BLOWING SNOW
                                                   X = TORNADO
MAX 32 OR BELOW:   0    0.01 INCH OR MORE:  14
MAX 90 OR ABOVE:   0    0.10 INCH OR MORE:   9
MIN 32 OR BELOW:   1    0.50 INCH OR MORE:   3
MIN  0 OR BELOW:   0    1.00 INCH OR MORE:   0

[HDD (BASE 65) ]
TOTAL THIS MO.   269    CLEAR  (SCALE 0-3)   8
DPTR FM NORMAL   -13    PTCLDY (SCALE 4-7)  13
TOTAL FM JUL 1  5648    CLOUDY (SCALE 8-10)  9
DPTR FM NORMAL -1147

[CDD (BASE 65) ]
TOTAL THIS MO.    29
DPTR FM NORMAL    11    [PRESSURE DATA]
TOTAL FM JAN 1    29    HIGHEST SLP M ON M
DPTR FM NORMAL     7    LOWEST  SLP 28.81 ON 29

[REMARKS]
