000
CXUS51 KPBZ 270804
CF6DUJ
PRELIMINARY LOCAL CLIMATOLOGICAL DATA (WS FORM: F-6)

                                          STATION:   DUBOIS
                                          MONTH:     AUGUST
                                          YEAR:      2016
                                          LATITUDE:   41 10 N
                                          LONGITUDE:  78 54 W

  TEMPERATURE IN F:       :PCPN:    SNOW:  WIND      :SUNSHINE: SKY     :PK WND
================================================================================
1   2   3   4   5  6A  6B    7    8   9   10  11  12  13   14  15   16   17  18
                                     12Z  AVG MX 2MIN
DY MAX MIN AVG DEP HDD CDD  WTR  SNW DPTH SPD SPD DIR MIN PSBL S-S WX    SPD DR
================================================================================

 1  86  63  75   7   0  10 0.06    M    M  4.4 15 280   M    M   4 12     22 290
 2  88  62  75   7   0  10 0.00    M    M  4.9 14  60   M    M   2 18     19  60
 3  86  62  74   6   0   9    T    M    M  6.3 13 130   M    M   5 1      18 140
 4  86  62  74   6   0   9 0.00    M    M  6.2 13 130   M    M   4 1      20 180
 5  88  67  78  10   0  13 0.11    M    M  6.8 15 230   M    M   6        19 240
 6  82  62  72   4   0   7 0.08    M    M  8.3 18 300   M    M   5 18     26 290
 7  83  55  69   1   0   4 0.00    M    M  5.5 16 350   M    M   2 1      22 350
 8  86  58  72   4   0   7 0.00    M    M  4.3 12 120   M    M   1        17 120
 9  84  61  73   5   0   8 0.00    M    M  8.8 16 130   M    M   3        24 120
10  89  69  79  11   0  14 0.10    M    M  5.4 15 330   M    M   8 138    21 330
11  90  69  80  12   0  15 0.65    M    M  3.5 16 220   M    M   6 12     20 220
12  91  70  81  13   0  16 0.16    M    M  7.5 21 230   M    M   4 13     27 240
13  88  70  79  11   0  14 0.57    M    M  7.8 25 310   M    M   2 138    33 310
14  82  66  74   6   0   9 0.38    M    M  8.8 21 260   M    M   8 123    27 250
15  77  67  72   4   0   7 0.04    M    M  3.0  9 240   M    M   8 12     12 240
16  88  68  78  10   0  13 0.35    M    M  9.9 24 230   M    M   6 138    34 220
17  76  64  70   3   0   5 0.06    M    M  4.4  9 300   M    M   7 12     14 300
18  82  62  72   5   0   7 0.00    M    M  7.6 20 260   M    M   6 128    24 260
19  84  57  71   4   0   6 0.00    M    M  3.1  7 240   M    M   3 12      M  M
20   M   M   M   M   M   M    M    M    M   M   M   M   0    0   0         0   0
21  75  59  67   0   0   2 0.64  0.0    0  7.5 23 220   0    0   0        29 220
22  74  53  64  -3   1   0 0.00    M    M  5.6 14 360   M    M   1 1      18 350
23  78  50  64  -3   1   0 0.00    M    M  3.4 14 230   M    M   2 1      17 270
24  83  55  69   3   0   4 0.00    M    M  6.0 16 220   M    M   1        21 230
25  85  69  77  11   0  12 0.29    M    M  8.2 16 240   M    M   5 13     21 250
26  83  65  74   8   0   9 0.00    M    M  5.7 13 300   M    M   4 128    18 260
================================================================================
SM 2094 1565         2 210  3.49     0.0 152.9            0    103
================================================================================
AV 83.8 62.6                               6.1 FASTST    0   0   4    MAX(MPH)
                                 MISC ---->  # 25 310               # 34  220
================================================================================
NOTES:
# LAST OF SEVERAL OCCURRENCES

COLUMN 17 PEAK WIND IN M.P.H.

PRELIMINARY LOCAL CLIMATOLOGICAL DATA (WS FORM: F-6) , PAGE 2

                                          STATION:  DUBOIS
                                          MONTH:    AUGUST
                                          YEAR:     2016
                                          LATITUDE:   41 10 N
                                          LONGITUDE:  78 54 W

[TEMPERATURE DATA]      [PRECIPITATION DATA]       SYMBOLS USED IN COLUMN 16

AVERAGE MONTHLY: 73.2   TOTAL FOR MONTH:   3.49    1 = FOG OR MIST
DPTR FM NORMAL:   5.7   DPTR FM NORMAL:    0.15    2 = FOG REDUCING VISIBILITY
HIGHEST:    91 ON 12    GRTST 24HR  0.93 ON 13-14      TO 1/4 MILE OR LESS
LOWEST:     50 ON 23                               3 = THUNDER
                        SNOW, ICE PELLETS, HAIL    4 = ICE PELLETS
                        TOTAL MONTH:   0.0 INCH    5 = HAIL
                        GRTST 24HR     0.0         6 = FREEZING RAIN OR DRIZZLE
                        GRTST DEPTH:   0           7 = DUSTSTORM OR SANDSTORM:
                                                       VSBY 1/2 MILE OR LESS
                                                   8 = SMOKE OR HAZE
[NO. OF DAYS WITH]      [WEATHER - DAYS WITH]      9 = BLOWING SNOW
                                                   X = TORNADO
MAX 32 OR BELOW:   0    0.01 INCH OR MORE:  13
MAX 90 OR ABOVE:   2    0.10 INCH OR MORE:   9
MIN 32 OR BELOW:   0    0.50 INCH OR MORE:   3
MIN  0 OR BELOW:   0    1.00 INCH OR MORE:   0

[HDD (BASE 65) ]
TOTAL THIS MO.     2    CLEAR  (SCALE 0-3)  11
DPTR FM NORMAL   -25    PTCLDY (SCALE 4-7)  14
TOTAL FM JUL 1    13    CLOUDY (SCALE 8-10)  1
DPTR FM NORMAL   -38

[CDD (BASE 65) ]
TOTAL THIS MO.   210
DPTR FM NORMAL   115    [PRESSURE DATA]
TOTAL FM JAN 1   552    HIGHEST SLP  0.00 ON M
DPTR FM NORMAL   232    LOWEST  SLP 29.73 ON 21

[REMARKS]
