000
CXUS55 KPSR 261005
CF6DVT
PRELIMINARY LOCAL CLIMATOLOGICAL DATA (WS FORM: F-6)

                                          STATION:   DEER VLY/PHOENIX AZ
                                          MONTH:     SEPTEMBER
                                          YEAR:      2016
                                          LATITUDE:   33 41 N
                                          LONGITUDE: 112  4 W

  TEMPERATURE IN F:       :PCPN:    SNOW:  WIND      :SUNSHINE: SKY     :PK WND
================================================================================
1   2   3   4   5  6A  6B    7    8   9   10  11  12  13   14  15   16   17  18
                                     12Z  AVG MX 2MIN
DY MAX MIN AVG DEP HDD CDD  WTR  SNW DPTH SPD SPD DIR MIN PSBL S-S WX    SPD DR
================================================================================

 1 101  84  93   3   0  28 0.00  0.0    0  6.3 17 230   M    M   1        21 220
 2 101  82  92   3   0  27 0.00  0.0    0  4.6 14 230   M    M   0        19 160
 3 102  81  92   3   0  27 0.00  0.0    0  7.3 18 180   M    M   0        23 230
 4  98  75  87  -2   0  22 0.00  0.0    0  7.5 16 240   M    M   0        22 190
 5  98  70  84  -5   0  19 0.00  0.0    0  4.3 13 240   M    M   0        16 210
 6  97  71  84  -5   0  19 0.00  0.0    0  4.6 17 240   M    M   0        22 240
 7  89  76  83  -5   0  18 0.03  0.0    0  7.3 16 250   M    M   4        21 160
 8  94  74  84  -4   0  19 0.00  0.0    0  6.9 16 230   M    M   3        22 240
 9 101  74  88   0   0  23 0.00  0.0    0  4.3 16 210   M    M   0        20 230
10 102  76  89   1   0  24 0.00  0.0    0  4.6 15 190   M    M   0        18 240
11 102  77  90   3   0  25 0.00  0.0    0  6.0 16 220   M    M   0        25 220
12  97  81  89   2   0  24    T  0.0    0  8.4 18 130   M    M   1 3      26 230
13  96  78  87   0   0  22 0.00  0.0    0 10.9 21 250   M    M   0        26 140
14  95  72  84  -2   0  19 0.00  0.0    0  5.8 18 220   M    M   0        25 220
15  94  66  80  -6   0  15 0.00  0.0    0  3.6 15 240   M    M   0        21 250
16  94  64  79  -7   0  14 0.00  0.0    0  4.5 12 210   M    M   1        15 200
17  97  67  82  -4   0  17 0.00  0.0    0  5.0 14  30   M    M   0        19 200
18 102  71  87   2   0  22 0.00  0.0    0  3.3 13  30   M    M   0        16  30
19  98  71  85   0   0  20 0.00  0.0    0   M   M   M   M    M   M         M  M
20  86  79  83  -1   0  18 0.01  0.0    0   M   M   M   M    M   M         M  M
21  95  76  86   2   0  21 0.00  0.0    0  5.2 21 240   M    M   2        23 240
22  82  72  77  -7   0  12 0.08  0.0    0  6.1 16 210   M    M   5 13     20 200
23  85  65  75  -8   0  10 0.00  0.0    0  6.8 18 240   M    M   1 8      24 240
24  88  59  74  -9   0   9 0.00  0.0    0  6.1 17 240   M    M   0        21 240
25  95  69  82  -1   0  17 0.00  0.0    0  7.5 18  10   M    M   0        23  20
================================================================================
SM 2389 1830         0 491  0.12     0.0 136.9          M       18
================================================================================
AV 95.6 73.2                               6.0 FASTST   M    M   1    MAX(MPH)
                                 MISC ---->  # 21 250               # 26  230
================================================================================
NOTES:
# LAST OF SEVERAL OCCURRENCES

COLUMN 17 PEAK WIND IN M.P.H.

PRELIMINARY LOCAL CLIMATOLOGICAL DATA (WS FORM: F-6) , PAGE 2

                                          STATION:  DEER VLY/PHOENIX AZ
                                          MONTH:    SEPTEMBER
                                          YEAR:     2016
                                          LATITUDE:   33 41 N
                                          LONGITUDE: 112  4 W

[TEMPERATURE DATA]      [PRECIPITATION DATA]       SYMBOLS USED IN COLUMN 16

AVERAGE MONTHLY: 84.4   TOTAL FOR MONTH:   0.12    1 = FOG OR MIST
DPTR FM NORMAL:  -2.1   DPTR FM NORMAL:   -0.65    2 = FOG REDUCING VISIBILITY
HIGHEST:   102 ON 18,11 GRTST 24HR  0.08 ON 22-22      TO 1/4 MILE OR LESS
LOWEST:     59 ON 24                               3 = THUNDER
                        SNOW, ICE PELLETS, HAIL    4 = ICE PELLETS
                        TOTAL MONTH:   0.0 INCH    5 = HAIL
                        GRTST 24HR     0.0         6 = FREEZING RAIN OR DRIZZLE
                        GRTST DEPTH:   0           7 = DUSTSTORM OR SANDSTORM:
                                                       VSBY 1/2 MILE OR LESS
                                                   8 = SMOKE OR HAZE
[NO. OF DAYS WITH]      [WEATHER - DAYS WITH]      9 = BLOWING SNOW
                                                   X = TORNADO
MAX 32 OR BELOW:   0    0.01 INCH OR MORE:   3
MAX 90 OR ABOVE:  20    0.10 INCH OR MORE:   0
MIN 32 OR BELOW:   0    0.50 INCH OR MORE:   0
MIN  0 OR BELOW:   0    1.00 INCH OR MORE:   0

[HDD (BASE 65) ]
TOTAL THIS MO.     0    CLEAR  (SCALE 0-3)  21
DPTR FM NORMAL     0    PTCLDY (SCALE 4-7)   2
TOTAL FM JUL 1     0    CLOUDY (SCALE 8-10)  0
DPTR FM NORMAL     0

[CDD (BASE 65) ]
TOTAL THIS MO.   491
DPTR FM NORMAL   -48    [PRESSURE DATA]
TOTAL FM JAN 1  3648    HIGHEST SLP M ON M
DPTR FM NORMAL   182    LOWEST  SLP 29.54 ON  5

[REMARKS]
